462
CDUS43 KBIS 280023
CLIJMS


CLIMATE REPORT
NATIONAL WEATHER SERVICE BISMARCK ND
621 PM CST THU NOV 27 2014


...................................

...THE JAMESTOWN ND CLIMATE SUMMARY FOR NOVEMBER 27 2014...
VALID TODAY AS OF 0600 PM LOCAL TIME.

CLIMATE NORMAL PERIOD 1981 TO 2010
CLIMATE RECORD PERIOD 1891 TO 2014


WEATHER ITEM   OBSERVED TIME   RECORD YEAR NORMAL DEPARTURE LAST
                VALUE   (LST)  VALUE       VALUE  FROM      YEAR
                                                  NORMAL
..................................................................
TEMPERATURE (F)
 TODAY
  MAXIMUM          6    559 PM  55    1963  30    -24       31
  MINIMUM        -28R   143 AM -13    1985  12    -40        2
  AVERAGE        -11                        21    -32       17

PRECIPITATION (IN)
  TODAY            T             0.43 1994   0.01  -0.01     0.00
  MONTH TO DATE    0.25                      0.58  -0.33     0.01
  SINCE SEP 1      2.27                      4.13  -1.86     6.67
  SINCE JAN 1     20.95                     18.32   2.63    15.87

DEGREE DAYS
 HEATING
  TODAY           76                        44     32       48
  MONTH TO DATE 1149                       982    167     1009
  SINCE SEP 1   1933                      1883     50     1833
  SINCE JUL 1   1988                      1949     39     1877

 COOLING
  TODAY            0                         0      0        0
  MONTH TO DATE    0                         0      0        0
  SINCE SEP 1     29                        31     -2       55
  SINCE JAN 1    367                       446    -79      521
..................................................................


WIND (MPH)
  RESULTANT WIND SPEED   7   RESULTANT WIND DIRECTION   S (170)
  HIGHEST WIND SPEED    18   HIGHEST WIND DIRECTION     S (170)
  HIGHEST GUST SPEED    23   HIGHEST GUST DIRECTION     S (170)
  AVERAGE WIND SPEED     7.0


SKY COVER
  POSSIBLE SUNSHINE  MM
  AVERAGE SKY COVER 0.3


WEATHER CONDITIONS
 THE FOLLOWING WEATHER WAS RECORDED TODAY.
  LIGHT SNOW
  FOG


RELATIVE HUMIDITY (PERCENT)
 HIGHEST    96           100 AM
 LOWEST     64          1000 AM
 AVERAGE    80

..........................................................


THE JAMESTOWN ND CLIMATE NORMALS FOR TOMORROW
                         NORMAL    RECORD    YEAR
 MAXIMUM TEMPERATURE (F)   30        53      2002
                                             1914
 MINIMUM TEMPERATURE (F)   12       -16      1985


SUNRISE AND SUNSET
NOVEMBER 27 2014......SUNRISE   754 AM CST   SUNSET   450 PM CST
NOVEMBER 28 2014......SUNRISE   756 AM CST   SUNSET   449 PM CST


-  INDICATES NEGATIVE NUMBERS.
R  INDICATES RECORD WAS SET OR TIED.
MM INDICATES DATA IS MISSING.
T  INDICATES TRACE AMOUNT.




$$





U.S. Dept. of Commerce
NOAA National Weather Service
1325 East West Highway
Silver Spring, MD 20910
E-mail: w-nws.webmaster@noaa.gov
Page last modified: May 16, 2007
NATIONAL WEATHER SERVICE: for Safety, for Work, for Fun - FOR LIFE