609
CDUS43 KBIS 220723
CLIJMS


CLIMATE REPORT
NATIONAL WEATHER SERVICE BISMARCK ND
223 AM CDT TUE JUL 22 2014


...................................

...THE JAMESTOWN ND CLIMATE SUMMARY FOR JULY 21 2014...

CLIMATE NORMAL PERIOD 1981 TO 2010
CLIMATE RECORD PERIOD 1891 TO 2014


WEATHER ITEM   OBSERVED TIME   RECORD YEAR NORMAL DEPARTURE LAST
                VALUE   (LST)  VALUE       VALUE  FROM      YEAR
                                                  NORMAL
..................................................................
TEMPERATURE (F)
 YESTERDAY
  MAXIMUM         88    300 PM 100    1940  83      5       84
  MINIMUM         66   1131 PM  40    1898  58      8       52
  AVERAGE         77                        70      7       68

PRECIPITATION (IN)
  YESTERDAY        0.24          3.73 1967   0.11   0.13     0.00
  MONTH TO DATE    0.70                      2.48  -1.78     0.35
  SINCE JUN 1      7.06                      5.67   1.39     2.08
  SINCE JAN 1     15.50                     11.22   4.28     7.67

DEGREE DAYS
 HEATING
  YESTERDAY        0                         0      0        0
  MONTH TO DATE   24                        19      5        2
  SINCE JUN 1     83                       116    -33       87
  SINCE JUL 1     24                        19      5        2

 COOLING
  YESTERDAY       12                         6      6        3
  MONTH TO DATE   90                       115    -25      173
  SINCE JUN 1    146                       195    -49      273
  SINCE JAN 1    200                       215    -15      284
..................................................................


WIND (MPH)
  HIGHEST WIND SPEED    41   HIGHEST WIND DIRECTION     N (10)
  HIGHEST GUST SPEED    54   HIGHEST GUST DIRECTION     W (260)
  AVERAGE WIND SPEED    11.6


SKY COVER
  POSSIBLE SUNSHINE  MM
  AVERAGE SKY COVER 0.3


WEATHER CONDITIONS
 THE FOLLOWING WEATHER WAS RECORDED YESTERDAY.
  THUNDERSTORM
  HEAVY RAIN
  RAIN
  LIGHT RAIN
  FOG


RELATIVE HUMIDITY (PERCENT)
 HIGHEST    93           200 AM
 LOWEST     68           300 PM
 AVERAGE    81

..........................................................


THE JAMESTOWN ND CLIMATE NORMALS FOR TODAY
                         NORMAL    RECORD    YEAR
 MAXIMUM TEMPERATURE (F)   83       107      1940
 MINIMUM TEMPERATURE (F)   58        43      1909


SUNRISE AND SUNSET
JULY 22 2014..........SUNRISE   603 AM CDT   SUNSET   919 PM CDT
JULY 23 2014..........SUNRISE   604 AM CDT   SUNSET   918 PM CDT


-  INDICATES NEGATIVE NUMBERS.
R  INDICATES RECORD WAS SET OR TIED.
MM INDICATES DATA IS MISSING.
T  INDICATES TRACE AMOUNT.




$$





U.S. Dept. of Commerce
NOAA National Weather Service
1325 East West Highway
Silver Spring, MD 20910
E-mail: w-nws.webmaster@noaa.gov
Page last modified: May 16, 2007
NATIONAL WEATHER SERVICE: for Safety, for Work, for Fun - FOR LIFE