754
CDUS43 KBIS 250729
CLIJMS


CLIMATE REPORT
NATIONAL WEATHER SERVICE BISMARCK ND
229 AM CDT SAT OCT 25 2014


...................................

...THE JAMESTOWN ND CLIMATE SUMMARY FOR OCTOBER 24 2014...

CLIMATE NORMAL PERIOD 1981 TO 2010
CLIMATE RECORD PERIOD 1891 TO 2014


WEATHER ITEM   OBSERVED TIME   RECORD YEAR NORMAL DEPARTURE LAST
                VALUE   (LST)  VALUE       VALUE  FROM      YEAR
                                                  NORMAL
..................................................................
TEMPERATURE (F)
 YESTERDAY
  MAXIMUM         71    307 PM  81    1989  52     19       41
  MINIMUM         38    720 AM   4    1917  29      9       25
  AVERAGE         55                        40     15       33

PRECIPITATION (IN)
  YESTERDAY        0.00          0.55 1956   0.04  -0.04     0.00
  MONTH TO DATE    0.42                      1.27  -0.85     4.49
  SINCE SEP 1      2.01                      3.27  -1.26     6.66
  SINCE JAN 1     20.69                     17.46   3.23    15.86

DEGREE DAYS
 HEATING
  YESTERDAY       10                        25    -15       32
  MONTH TO DATE  390                       464    -74      495
  SINCE SEP 1    609                       716   -107      614
  SINCE JUL 1    664                       782   -118      658

 COOLING
  YESTERDAY        0                         0      0        0
  MONTH TO DATE    0                         0      0        0
  SINCE SEP 1     29                        30     -1       55
  SINCE JAN 1    367                       445    -78      521
..................................................................


WIND (MPH)
  HIGHEST WIND SPEED    24   HIGHEST WIND DIRECTION    NW (300)
  HIGHEST GUST SPEED    32   HIGHEST GUST DIRECTION    NW (300)
  AVERAGE WIND SPEED     9.1


SKY COVER
  POSSIBLE SUNSHINE  MM
  AVERAGE SKY COVER 0.0


WEATHER CONDITIONS
 THE FOLLOWING WEATHER WAS RECORDED YESTERDAY.
  NO SIGNIFICANT WEATHER WAS OBSERVED.


RELATIVE HUMIDITY (PERCENT)
 HIGHEST    85           600 AM
 LOWEST     31           200 PM
 AVERAGE    58

..........................................................


THE JAMESTOWN ND CLIMATE NORMALS FOR TODAY
                         NORMAL    RECORD    YEAR
 MAXIMUM TEMPERATURE (F)   51        82      1989
 MINIMUM TEMPERATURE (F)   29         5      1919


SUNRISE AND SUNSET
OCTOBER 25 2014.......SUNRISE   807 AM CDT   SUNSET   630 PM CDT
OCTOBER 26 2014.......SUNRISE   808 AM CDT   SUNSET   628 PM CDT


-  INDICATES NEGATIVE NUMBERS.
R  INDICATES RECORD WAS SET OR TIED.
MM INDICATES DATA IS MISSING.
T  INDICATES TRACE AMOUNT.




$$





U.S. Dept. of Commerce
NOAA National Weather Service
1325 East West Highway
Silver Spring, MD 20910
E-mail: w-nws.webmaster@noaa.gov
Page last modified: May 16, 2007
NATIONAL WEATHER SERVICE: for Safety, for Work, for Fun - FOR LIFE