356
CDUS43 KBIS 010725
CLIJMS


CLIMATE REPORT
NATIONAL WEATHER SERVICE BISMARCK ND
225 AM CDT MON SEP 1 2014


...................................

...THE JAMESTOWN ND CLIMATE SUMMARY FOR AUGUST 31 2014...

CLIMATE NORMAL PERIOD 1981 TO 2010
CLIMATE RECORD PERIOD 1891 TO 2014


WEATHER ITEM   OBSERVED TIME   RECORD YEAR NORMAL DEPARTURE LAST
                VALUE   (LST)  VALUE       VALUE  FROM      YEAR
                                                  NORMAL
..................................................................
TEMPERATURE (F)
 YESTERDAY
  MAXIMUM         73    508 PM 100    1953  77     -4       84
  MINIMUM         56   1159 PM  36    1909  51      5       61
  AVERAGE         65                        64      1       73

PRECIPITATION (IN)
  YESTERDAY        0.34          3.97 1997   0.07   0.27      T
  MONTH TO DATE    3.06                      2.10   0.96     1.21
  SINCE JUN 1     10.24                      8.64   1.60     3.61
  SINCE JAN 1     18.68                     14.19   4.49     9.20

DEGREE DAYS
 HEATING
  YESTERDAY        0                         3     -3        0
  MONTH TO DATE   27                        46    -19       21
  SINCE JUN 1    114                       163    -49      129
  SINCE JUL 1     55                        66    -11       44

 COOLING
  YESTERDAY        0                         3     -3        8
  MONTH TO DATE  111                       143    -32      173
  SINCE JUN 1    284                       395   -111      455
  SINCE JAN 1    338                       415    -77      466
..................................................................


WIND (MPH)
  HIGHEST WIND SPEED    18   HIGHEST WIND DIRECTION    NW (300)
  HIGHEST GUST SPEED    23   HIGHEST GUST DIRECTION     W (290)
  AVERAGE WIND SPEED     8.5


SKY COVER
  POSSIBLE SUNSHINE  MM
  AVERAGE SKY COVER 0.5


WEATHER CONDITIONS
 THE FOLLOWING WEATHER WAS RECORDED YESTERDAY.
  THUNDERSTORM
  HEAVY RAIN
  RAIN
  LIGHT RAIN
  FOG


RELATIVE HUMIDITY (PERCENT)
 HIGHEST   100           500 AM
 LOWEST     61           500 PM
 AVERAGE    81

..........................................................


THE JAMESTOWN ND CLIMATE NORMALS FOR TODAY
                         NORMAL    RECORD    YEAR
 MAXIMUM TEMPERATURE (F)   77       101      1983
 MINIMUM TEMPERATURE (F)   51        33      1946


SUNRISE AND SUNSET
SEPTEMBER  1 2014.....SUNRISE   654 AM CDT   SUNSET   814 PM CDT
SEPTEMBER  2 2014.....SUNRISE   655 AM CDT   SUNSET   812 PM CDT


-  INDICATES NEGATIVE NUMBERS.
R  INDICATES RECORD WAS SET OR TIED.
MM INDICATES DATA IS MISSING.
T  INDICATES TRACE AMOUNT.




$$





U.S. Dept. of Commerce
NOAA National Weather Service
1325 East West Highway
Silver Spring, MD 20910
E-mail: w-nws.webmaster@noaa.gov
Page last modified: May 16, 2007
NATIONAL WEATHER SERVICE: for Safety, for Work, for Fun - FOR LIFE