627
CDUS43 KBIS 010720
CLIJMS


CLIMATE REPORT
NATIONAL WEATHER SERVICE BISMARCK ND
219 AM CDT FRI AUG 1 2014


...................................

...THE JAMESTOWN ND CLIMATE SUMMARY FOR JULY 31 2014...

CLIMATE NORMAL PERIOD 1981 TO 2010
CLIMATE RECORD PERIOD 1891 TO 2014


WEATHER ITEM   OBSERVED TIME   RECORD YEAR NORMAL DEPARTURE LAST
                VALUE   (LST)  VALUE       VALUE  FROM      YEAR
                                                  NORMAL
..................................................................
TEMPERATURE (F)
 YESTERDAY
  MAXIMUM         83    403 PM 100    1937  84     -1       76
  MINIMUM         56    517 AM  38    1903  57     -1       53
  AVERAGE         70                        70      0       65

PRECIPITATION (IN)
  YESTERDAY        0.00          1.62 2001   0.07  -0.07     0.00
  MONTH TO DATE    0.82                      3.35  -2.53     0.67
  SINCE JUN 1      7.18                      6.54   0.64     2.40
  SINCE JAN 1     15.62                     12.09   3.53     7.99

DEGREE DAYS
 HEATING
  YESTERDAY        0                         0      0        0
  MONTH TO DATE   28                        19      9       23
  SINCE JUN 1     87                       119    -32      108
  SINCE JUL 1     28                        22      6       23

 COOLING
  YESTERDAY        5                         6     -1        0
  MONTH TO DATE  117                       172    -55      182
  SINCE JUN 1    173                       252    -79      282
  SINCE JAN 1    227                       272    -45      293
..................................................................


WIND (MPH)
  HIGHEST WIND SPEED     9   HIGHEST WIND DIRECTION    NW (320)
  HIGHEST GUST SPEED    12   HIGHEST GUST DIRECTION    NW (320)
  AVERAGE WIND SPEED     3.4


SKY COVER
  POSSIBLE SUNSHINE  MM
  AVERAGE SKY COVER 0.1


WEATHER CONDITIONS
 THE FOLLOWING WEATHER WAS RECORDED YESTERDAY.
  HAZE


RELATIVE HUMIDITY (PERCENT)
 HIGHEST    93           400 AM
 LOWEST     37           300 PM
 AVERAGE    65

..........................................................


THE JAMESTOWN ND CLIMATE NORMALS FOR TODAY
                         NORMAL    RECORD    YEAR
 MAXIMUM TEMPERATURE (F)   84       100      1930
 MINIMUM TEMPERATURE (F)   57        37      1923


SUNRISE AND SUNSET
AUGUST  1 2014........SUNRISE   614 AM CDT   SUNSET   907 PM CDT
AUGUST  2 2014........SUNRISE   616 AM CDT   SUNSET   905 PM CDT


-  INDICATES NEGATIVE NUMBERS.
R  INDICATES RECORD WAS SET OR TIED.
MM INDICATES DATA IS MISSING.
T  INDICATES TRACE AMOUNT.




$$





U.S. Dept. of Commerce
NOAA National Weather Service
1325 East West Highway
Silver Spring, MD 20910
E-mail: w-nws.webmaster@noaa.gov
Page last modified: May 16, 2007
NATIONAL WEATHER SERVICE: for Safety, for Work, for Fun - FOR LIFE