863
CDUS43 KSGF 200636
CLIJLN


CLIMATE REPORT
NATIONAL WEATHER SERVICE SPRINGFIELD MO
136 AM CDT SAT SEP 20 2014


...................................

...THE JOPLIN MO CLIMATE SUMMARY FOR SEPTEMBER 19 2014...

CLIMATE NORMAL PERIOD 1981 TO 2010
CLIMATE RECORD PERIOD 1902 TO 2014


WEATHER ITEM   OBSERVED TIME   RECORD YEAR NORMAL DEPARTURE LAST
                VALUE   (LST)  VALUE       VALUE  FROM      YEAR
                                                  NORMAL
..................................................................
TEMPERATURE (F)
 YESTERDAY
  MAXIMUM         82    309 PM  98    1954  81      1       92
  MINIMUM         62    617 AM  38    1991  58      4       69
  AVERAGE         72                        69      3       81

PRECIPITATION (IN)
  YESTERDAY        0.00          1.39 1974   0.17  -0.17    MM
  MONTH TO DATE    4.52                      3.16   1.36      T
  SINCE SEP 1      4.52                      3.16   1.36      T
  SINCE JAN 1     19.96                     34.13 -14.17    35.46

DEGREE DAYS
 HEATING
  YESTERDAY        0                         2     -2        0
  MONTH TO DATE   22                         9     13        0
  SINCE SEP 1     22                         9     13        0
  SINCE JUL 1     23                        10     13        0

 COOLING
  YESTERDAY        7                         6      1       16
  MONTH TO DATE  146                       165    -19      224
  SINCE SEP 1    146                       165    -19      224
  SINCE JAN 1   1479                      1592   -113     1488
..................................................................


WIND (MPH)
  HIGHEST WIND SPEED    12   HIGHEST WIND DIRECTION    SW (210)
  HIGHEST GUST SPEED    15   HIGHEST GUST DIRECTION    SW (210)
  AVERAGE WIND SPEED     6.0


SKY COVER
  AVERAGE SKY COVER 0.3


WEATHER CONDITIONS
 THE FOLLOWING WEATHER WAS RECORDED YESTERDAY.
  FOG


RELATIVE HUMIDITY (PERCENT)
 HIGHEST   100           900 PM
 LOWEST     67           300 PM
 AVERAGE    84

..........................................................


THE JOPLIN MO CLIMATE NORMALS FOR TODAY
                         NORMAL    RECORD    YEAR
 MAXIMUM TEMPERATURE (F)   80        99      1954
 MINIMUM TEMPERATURE (F)   57        38      1991


SUNRISE AND SUNSET
SEPTEMBER 20 2014.....SUNRISE   704 AM CDT   SUNSET   718 PM CDT
SEPTEMBER 21 2014.....SUNRISE   705 AM CDT   SUNSET   716 PM CDT


-  INDICATES NEGATIVE NUMBERS.
R  INDICATES RECORD WAS SET OR TIED.
MM INDICATES DATA IS MISSING.
T  INDICATES TRACE AMOUNT.




$$





U.S. Dept. of Commerce
NOAA National Weather Service
1325 East West Highway
Silver Spring, MD 20910
E-mail: w-nws.webmaster@noaa.gov
Page last modified: May 16, 2007
NATIONAL WEATHER SERVICE: for Safety, for Work, for Fun - FOR LIFE