860
CDUS43 KSGF 230637
CLIJLN


CLIMATE REPORT
NATIONAL WEATHER SERVICE SPRINGFIELD MO
137 AM CDT THU OCT 23 2014


...................................

...THE JOPLIN MO CLIMATE SUMMARY FOR OCTOBER 22 2014...

CLIMATE NORMAL PERIOD 1981 TO 2010
CLIMATE RECORD PERIOD 1902 TO 2014


WEATHER ITEM   OBSERVED TIME   RECORD YEAR NORMAL DEPARTURE LAST
                VALUE   (LST)  VALUE       VALUE  FROM      YEAR
                                                  NORMAL
..................................................................
TEMPERATURE (F)
 YESTERDAY
  MAXIMUM         74    327 PM  84    1963  70      4       67
  MINIMUM         53    706 AM  27    1982  47      6       37
  AVERAGE         64                        58      6       52

PRECIPITATION (IN)
  YESTERDAY        0.00          2.31 1972   0.14  -0.14     0.00
  MONTH TO DATE    7.60                      2.89   4.71     1.52
  SINCE SEP 1     12.13                      7.84   4.29     1.52
  SINCE JAN 1     27.57                     38.81 -11.24    36.98

DEGREE DAYS
 HEATING
  YESTERDAY        1                         8     -7       13
  MONTH TO DATE  120                       127     -7      157
  SINCE SEP 1    147                       168    -21      168
  SINCE JUL 1    148                       169    -21      168

 COOLING
  YESTERDAY        0                         1     -1        0
  MONTH TO DATE   33                        40     -7       51
  SINCE SEP 1    229                       255    -26      302
  SINCE JAN 1   1562                      1682   -120     1566
..................................................................


WIND (MPH)
  HIGHEST WIND SPEED    14   HIGHEST WIND DIRECTION    SE (130)
  HIGHEST GUST SPEED    18   HIGHEST GUST DIRECTION    SE (130)
  AVERAGE WIND SPEED     7.0


SKY COVER
  AVERAGE SKY COVER 0.2


WEATHER CONDITIONS
 THE FOLLOWING WEATHER WAS RECORDED YESTERDAY.
  NO SIGNIFICANT WEATHER WAS OBSERVED.


RELATIVE HUMIDITY (PERCENT)
 HIGHEST    83           300 AM
 LOWEST     53           200 PM
 AVERAGE    68

..........................................................


THE JOPLIN MO CLIMATE NORMALS FOR TODAY
                         NORMAL    RECORD    YEAR
 MAXIMUM TEMPERATURE (F)   69        83      1989
                                             1991
 MINIMUM TEMPERATURE (F)   46        28      1981


SUNRISE AND SUNSET
OCTOBER 23 2014.......SUNRISE   733 AM CDT   SUNSET   631 PM CDT
OCTOBER 24 2014.......SUNRISE   734 AM CDT   SUNSET   629 PM CDT


-  INDICATES NEGATIVE NUMBERS.
R  INDICATES RECORD WAS SET OR TIED.
MM INDICATES DATA IS MISSING.
T  INDICATES TRACE AMOUNT.




$$






U.S. Dept. of Commerce
NOAA National Weather Service
1325 East West Highway
Silver Spring, MD 20910
E-mail: w-nws.webmaster@noaa.gov
Page last modified: May 16, 2007
NATIONAL WEATHER SERVICE: for Safety, for Work, for Fun - FOR LIFE