242
CDUS43 KSGF 210629
CLIJLN


CLIMATE REPORT
NATIONAL WEATHER SERVICE SPRINGFIELD MO
129 AM CDT THU AUG 21 2014


...................................

...THE JOPLIN MO CLIMATE SUMMARY FOR AUGUST 20 2014...

CLIMATE NORMAL PERIOD 1981 TO 2010
CLIMATE RECORD PERIOD 1902 TO 2014


WEATHER ITEM   OBSERVED TIME   RECORD YEAR NORMAL DEPARTURE LAST
                VALUE   (LST)  VALUE       VALUE  FROM      YEAR
                                                  NORMAL
..................................................................
TEMPERATURE (F)
 YESTERDAY
  MAXIMUM         95    253 PM 101    2003  91      4       89
  MINIMUM         73    556 AM  50    1950  68      5       65
  AVERAGE         84                        80      4       77

PRECIPITATION (IN)
  YESTERDAY        0.00          2.45 2009   0.10  -0.10     0.00
  MONTH TO DATE    1.49                      2.04  -0.55     4.60
  SINCE JUN 1      6.66                     11.71  -5.05    13.07
  SINCE JAN 1     15.41                     29.66 -14.25    35.46

DEGREE DAYS
 HEATING
  YESTERDAY        0                         0      0        0
  MONTH TO DATE    0                         0      0        0
  SINCE JUN 1      3                         5     -2       12
  SINCE JUL 1      1                         0      1        0

 COOLING
  YESTERDAY       19                        15      4       12
  MONTH TO DATE  261                       311    -50      202
  SINCE JUN 1    894                      1102   -208      933
  SINCE JAN 1   1107                      1282   -175     1077
..................................................................


WIND (MPH)
  HIGHEST WIND SPEED    25   HIGHEST WIND DIRECTION     S (200)
  HIGHEST GUST SPEED    31   HIGHEST GUST DIRECTION     S (180)
  AVERAGE WIND SPEED    13.9


SKY COVER
  AVERAGE SKY COVER 0.1


WEATHER CONDITIONS
 THE FOLLOWING WEATHER WAS RECORDED YESTERDAY.
  NO SIGNIFICANT WEATHER WAS OBSERVED.


RELATIVE HUMIDITY (PERCENT)
 HIGHEST    87           500 AM
 LOWEST     39           300 PM
 AVERAGE    63

..........................................................


THE JOPLIN MO CLIMATE NORMALS FOR TODAY
                         NORMAL    RECORD    YEAR
 MAXIMUM TEMPERATURE (F)   91       102      2003
 MINIMUM TEMPERATURE (F)   68        46      1950


SUNRISE AND SUNSET
AUGUST 21 2014........SUNRISE   640 AM CDT   SUNSET   802 PM CDT
AUGUST 22 2014........SUNRISE   640 AM CDT   SUNSET   801 PM CDT


-  INDICATES NEGATIVE NUMBERS.
R  INDICATES RECORD WAS SET OR TIED.
MM INDICATES DATA IS MISSING.
T  INDICATES TRACE AMOUNT.




$$





U.S. Dept. of Commerce
NOAA National Weather Service
1325 East West Highway
Silver Spring, MD 20910
E-mail: w-nws.webmaster@noaa.gov
Page last modified: May 16, 2007
NATIONAL WEATHER SERVICE: for Safety, for Work, for Fun - FOR LIFE