362
CDUS43 KSGF 010632
CLIJLN


CLIMATE REPORT
NATIONAL WEATHER SERVICE SPRINGFIELD MO
1232 AM CST SUN FEB 1 2015


...................................

...THE JOPLIN MO CLIMATE SUMMARY FOR JANUARY 31 2015...

CLIMATE NORMAL PERIOD 1981 TO 2010
CLIMATE RECORD PERIOD 1902 TO 2015


WEATHER ITEM   OBSERVED TIME   RECORD YEAR NORMAL DEPARTURE LAST
                VALUE   (LST)  VALUE       VALUE  FROM      YEAR
                                                  NORMAL
..................................................................
TEMPERATURE (F)
 YESTERDAY
  MAXIMUM         49    334 PM  75    1989  47      2       36
  MINIMUM         38    147 AM  -4    1979  26     12       31
  AVERAGE         44                        36      8       34

PRECIPITATION (IN)
  YESTERDAY        0.25          0.60 1981   0.07   0.18     0.02
  MONTH TO DATE    0.70                      2.03  -1.33     0.59
  SINCE DEC 1      2.54                      4.85  -2.31     1.97
  SINCE JAN 1      0.70                      2.03  -1.33     0.59

DEGREE DAYS
 HEATING
  YESTERDAY       21                        29     -8       31
  MONTH TO DATE  913                       925    -12     1062
  SINCE DEC 1   1686                      1792   -106     2044
  SINCE JUL 1   2599                      2549     50     2932

 COOLING
  YESTERDAY        0                         0      0        0
  MONTH TO DATE    0                         0      0        0
  SINCE DEC 1      0                         0      0        0
  SINCE JAN 1      0                         0      0        0
..................................................................


WIND (MPH)
  HIGHEST WIND SPEED    15   HIGHEST WIND DIRECTION     S (180)
  HIGHEST GUST SPEED    21   HIGHEST GUST DIRECTION     S (190)
  AVERAGE WIND SPEED     6.3


SKY COVER
  AVERAGE SKY COVER 1.0


WEATHER CONDITIONS
 THE FOLLOWING WEATHER WAS RECORDED YESTERDAY.
  RAIN
  LIGHT RAIN
  FOG


RELATIVE HUMIDITY (PERCENT)
 HIGHEST    92          1000 PM
 LOWEST     26           300 PM
 AVERAGE    59

..........................................................


THE JOPLIN MO CLIMATE NORMALS FOR TODAY
                         NORMAL    RECORD    YEAR
 MAXIMUM TEMPERATURE (F)   47        70      1974
                                             1992
 MINIMUM TEMPERATURE (F)   26        -7      1979


SUNRISE AND SUNSET
FEBRUARY  1 2015......SUNRISE   721 AM CST   SUNSET   543 PM CST
FEBRUARY  2 2015......SUNRISE   720 AM CST   SUNSET   544 PM CST


-  INDICATES NEGATIVE NUMBERS.
R  INDICATES RECORD WAS SET OR TIED.
MM INDICATES DATA IS MISSING.
T  INDICATES TRACE AMOUNT.




$$





U.S. Dept. of Commerce
NOAA National Weather Service
1325 East West Highway
Silver Spring, MD 20910
E-mail: w-nws.webmaster@noaa.gov
Page last modified: May 16, 2007
NATIONAL WEATHER SERVICE: for Safety, for Work, for Fun - FOR LIFE