172
CDUS43 KSGF 250632
CLIJLN


CLIMATE REPORT
NATIONAL WEATHER SERVICE SPRINGFIELD MO
132 AM CDT FRI APR 25 2014


...................................

...THE JOPLIN MO CLIMATE SUMMARY FOR APRIL 24 2014...

CLIMATE NORMAL PERIOD 1981 TO 2010
CLIMATE RECORD PERIOD 1902 TO 2014


WEATHER ITEM   OBSERVED TIME   RECORD YEAR NORMAL DEPARTURE LAST
                VALUE   (LST)  VALUE       VALUE  FROM      YEAR
                                                  NORMAL
..................................................................
TEMPERATURE (F)
 YESTERDAY
  MAXIMUM         73   1131 AM  89    1989  73      0       52
  MINIMUM         47   1159 PM  31    2005  50     -3       32
  AVERAGE         60                        61     -1       42

PRECIPITATION (IN)
  YESTERDAY        0.31          1.59 1993   0.18   0.13     0.03
  MONTH TO DATE    1.18                      3.38  -2.20     4.27
  SINCE MAR 1      3.06                      6.80  -3.74     6.97
  SINCE JAN 1      3.91                     11.15  -7.24    12.12

DEGREE DAYS
 HEATING
  YESTERDAY        5                         6     -1       23
  MONTH TO DATE  226                       211     15      289
  SINCE MAR 1    889                       719    170      946
  SINCE JUL 1   4738                      3973    765     4062

 COOLING
  YESTERDAY        0                         2     -2        0
  MONTH TO DATE   12                        32    -20       14
  SINCE MAR 1     12                        41    -29       14
  SINCE JAN 1     12                        42    -30       15
..................................................................


WIND (MPH)
  HIGHEST WIND SPEED    33   HIGHEST WIND DIRECTION     S (200)
  HIGHEST GUST SPEED    45   HIGHEST GUST DIRECTION     S (190)
  AVERAGE WIND SPEED    15.5


SKY COVER
  AVERAGE SKY COVER 0.4


WEATHER CONDITIONS
 THE FOLLOWING WEATHER WAS RECORDED YESTERDAY.
  THUNDERSTORM
  RAIN
  LIGHT RAIN
  FOG
  HAZE


RELATIVE HUMIDITY (PERCENT)
 HIGHEST    86           500 PM
 LOWEST     48           100 AM
 AVERAGE    67

..........................................................


THE JOPLIN MO CLIMATE NORMALS FOR TODAY
                         NORMAL    RECORD    YEAR
 MAXIMUM TEMPERATURE (F)   73        87      1949
                                             1986
 MINIMUM TEMPERATURE (F)   50        31      1976


SUNRISE AND SUNSET
APRIL 25 2014.........SUNRISE   630 AM CDT   SUNSET   802 PM CDT
APRIL 26 2014.........SUNRISE   629 AM CDT   SUNSET   803 PM CDT


-  INDICATES NEGATIVE NUMBERS.
R  INDICATES RECORD WAS SET OR TIED.
MM INDICATES DATA IS MISSING.
T  INDICATES TRACE AMOUNT.




$$





U.S. Dept. of Commerce
NOAA National Weather Service
1325 East West Highway
Silver Spring, MD 20910
E-mail: w-nws.webmaster@noaa.gov
Page last modified: May 16, 2007
NATIONAL WEATHER SERVICE: for Safety, for Work, for Fun - FOR LIFE