224
CDUS43 KSGF 240641
CLIJLN


CLIMATE REPORT
NATIONAL WEATHER SERVICE SPRINGFIELD MO
141 AM CDT FRI OCT 24 2014


...................................

...THE JOPLIN MO CLIMATE SUMMARY FOR OCTOBER 23 2014...

CLIMATE NORMAL PERIOD 1981 TO 2010
CLIMATE RECORD PERIOD 1902 TO 2014


WEATHER ITEM   OBSERVED TIME   RECORD YEAR NORMAL DEPARTURE LAST
                VALUE   (LST)  VALUE       VALUE  FROM      YEAR
                                                  NORMAL
..................................................................
TEMPERATURE (F)
 YESTERDAY
  MAXIMUM         63    219 PM  83    1989  69     -6       60
                                      1991
  MINIMUM         52   1159 PM  28    1981  46      6       33
  AVERAGE         58                        58      0       47

PRECIPITATION (IN)
  YESTERDAY        0.01          1.06 1970   0.13  -0.12     0.00
  MONTH TO DATE    7.61                      3.02   4.59     1.52
  SINCE SEP 1     12.14                      7.97   4.17     1.52
  SINCE JAN 1     27.58                     38.94 -11.36    36.98

DEGREE DAYS
 HEATING
  YESTERDAY        7                         8     -1       18
  MONTH TO DATE  127                       135     -8      175
  SINCE SEP 1    154                       176    -22      186
  SINCE JUL 1    155                       177    -22      186

 COOLING
  YESTERDAY        0                         1     -1        0
  MONTH TO DATE   33                        41     -8       51
  SINCE SEP 1    229                       256    -27      302
  SINCE JAN 1   1562                      1683   -121     1566
..................................................................


WIND (MPH)
  HIGHEST WIND SPEED    15   HIGHEST WIND DIRECTION    SW (210)
  HIGHEST GUST SPEED    18   HIGHEST GUST DIRECTION    SW (220)
  AVERAGE WIND SPEED     6.5


SKY COVER
  AVERAGE SKY COVER 0.7


WEATHER CONDITIONS
 THE FOLLOWING WEATHER WAS RECORDED YESTERDAY.
  LIGHT RAIN
  FOG


RELATIVE HUMIDITY (PERCENT)
 HIGHEST   100           800 PM
 LOWEST     75           200 AM
 AVERAGE    88

..........................................................


THE JOPLIN MO CLIMATE NORMALS FOR TODAY
                         NORMAL    RECORD    YEAR
 MAXIMUM TEMPERATURE (F)   69        88      2003
 MINIMUM TEMPERATURE (F)   46        24      1999


SUNRISE AND SUNSET
OCTOBER 24 2014.......SUNRISE   734 AM CDT   SUNSET   629 PM CDT
OCTOBER 25 2014.......SUNRISE   735 AM CDT   SUNSET   628 PM CDT


-  INDICATES NEGATIVE NUMBERS.
R  INDICATES RECORD WAS SET OR TIED.
MM INDICATES DATA IS MISSING.
T  INDICATES TRACE AMOUNT.




$$





U.S. Dept. of Commerce
NOAA National Weather Service
1325 East West Highway
Silver Spring, MD 20910
E-mail: w-nws.webmaster@noaa.gov
Page last modified: May 16, 2007
NATIONAL WEATHER SERVICE: for Safety, for Work, for Fun - FOR LIFE