670
CDUS43 KJKL 150831
CLIJKL

CLIMATE REPORT
NATIONAL WEATHER SERVICE JACKSON KY
431 AM EDT MON SEP 15 2014

...................................

...THE JACKSON KY CLIMATE SUMMARY FOR SEPTEMBER 14 2014...

CLIMATE NORMAL PERIOD 1981 TO 2010
CLIMATE RECORD PERIOD 1981 TO 2014


WEATHER ITEM   OBSERVED TIME   RECORD YEAR NORMAL DEPARTURE LAST
                VALUE   (LST)  VALUE       VALUE  FROM      YEAR
                                                  NORMAL
..................................................................

TEMPERATURE (F)
 YESTERDAY
  MAXIMUM         71    507 PM  95    1998  79     -8       68
  MINIMUM         50    655 AM  45    1985  59     -9       48
  AVERAGE         61                        69     -8       58

PRECIPITATION (IN)
  YESTERDAY        0.00          0.86 1989   0.12  -0.12     0.00
  MONTH TO DATE    2.22                      1.56   0.66     0.43
  SINCE SEP 1      2.22                      1.56   0.66     0.43
  SINCE JAN 1     40.52                     35.11   5.41    43.65

SNOWFALL (IN)
  YESTERDAY        0.0                       0.0    0.0      0.0
  MONTH TO DATE    0.0                       0.0    0.0      0.0
  SINCE SEP 1      0.0                       0.0    0.0      0.0
  SINCE JUL 1      0.0                       0.0    0.0      0.0
  SNOW DEPTH       0

DEGREE DAYS
 HEATING
  YESTERDAY        4                         1      3        7
  MONTH TO DATE   12                         6      6       12
  SINCE SEP 1     12                         6      6       12
  SINCE JUL 1     15                         8      7       14

 COOLING
  YESTERDAY        0                         5     -5        0
  MONTH TO DATE  107                        90     17      108
  SINCE SEP 1    107                        90     17      108
  SINCE JAN 1   1108                      1068     40     1003
..................................................................

WIND (MPH)
  HIGHEST WIND SPEED     6   HIGHEST WIND DIRECTION    NW (320)
  HIGHEST GUST SPEED    11   HIGHEST GUST DIRECTION    NE (50)
  AVERAGE WIND SPEED     1.0


SKY COVER
  POSSIBLE SUNSHINE  MM
  AVERAGE SKY COVER 0.1


WEATHER CONDITIONS
 THE FOLLOWING WEATHER WAS RECORDED YESTERDAY.
  NO SIGNIFICANT WEATHER WAS OBSERVED.


RELATIVE HUMIDITY (PERCENT)
 HIGHEST    86           700 AM
 LOWEST     55           300 PM
 AVERAGE    71
..........................................................

THE JACKSON KY CLIMATE NORMALS FOR TODAY
                         NORMAL    RECORD    YEAR
 MAXIMUM TEMPERATURE (F)   78        94      1991
 MINIMUM TEMPERATURE (F)   59        46      1985


SUNRISE AND SUNSET
SEPTEMBER 15 2014.....SUNRISE   715 AM EDT   SUNSET   741 PM EDT
SEPTEMBER 16 2014.....SUNRISE   716 AM EDT   SUNSET   740 PM EDT


-  INDICATES NEGATIVE NUMBERS.
R  INDICATES RECORD WAS SET OR TIED.
MM INDICATES DATA IS MISSING.
T  INDICATES TRACE AMOUNT.
$$






U.S. Dept. of Commerce
NOAA National Weather Service
1325 East West Highway
Silver Spring, MD 20910
E-mail: w-nws.webmaster@noaa.gov
Page last modified: May 16, 2007
NATIONAL WEATHER SERVICE: for Safety, for Work, for Fun - FOR LIFE