844
CDUS41 KOKX 260620
CLIJFK


CLIMATE REPORT
NATIONAL WEATHER SERVICE NEW YORK NY
220 AM EDT SUN OCT 26 2014


...................................

...THE KENNEDY NY CLIMATE SUMMARY FOR OCTOBER 25 2014...

CLIMATE NORMAL PERIOD 1981 TO 2010
CLIMATE RECORD PERIOD 1949 TO 2014


WEATHER ITEM   OBSERVED TIME   RECORD YEAR NORMAL DEPARTURE LAST
                VALUE   (LST)  VALUE       VALUE  FROM      YEAR
                                                  NORMAL
..................................................................
TEMPERATURE (F)
 YESTERDAY
  MAXIMUM         68    309 PM  77    2001  61      7       56
  MINIMUM         50    635 AM  33    1962  47      3       39
  AVERAGE         59                        54      5       48

PRECIPITATION (IN)
  YESTERDAY        0.00          1.38 1980   0.11  -0.11     0.00
  MONTH TO DATE    3.65                      2.97   0.68     0.28
  SINCE SEP 1      5.08                      6.47  -1.39     2.20
  SINCE JAN 1     39.19                     35.43   3.76    28.39

SNOWFALL (IN)
  YESTERDAY        0.0          MM      MM   0.0    0.0      0.0
  MONTH TO DATE    0.0                       0.0    0.0      0.0
  SINCE OCT 1      0.0                       0.0    0.0      0.0
  SINCE JUL 1      0.0                       0.0    0.0      0.0
  SNOW DEPTH       0

DEGREE DAYS
 HEATING
  YESTERDAY        6                        11     -5       17
  MONTH TO DATE  129                       188    -59      111
  SINCE SEP 1    148                       226    -78      156
  SINCE JUL 1    148                       227    -79      156

 COOLING
  YESTERDAY        0                         0      0        0
  MONTH TO DATE   23                        12     11       39
  SINCE SEP 1    187                       142     45      152
  SINCE JAN 1   1050                      1003     47     1111
..................................................................


WIND (MPH)
  HIGHEST WIND SPEED    22   HIGHEST WIND DIRECTION    SW (230)
  HIGHEST GUST SPEED    26   HIGHEST GUST DIRECTION    SW (230)
  AVERAGE WIND SPEED    11.8


SKY COVER
  POSSIBLE SUNSHINE  MM
  AVERAGE SKY COVER 0.3


WEATHER CONDITIONS
 THE FOLLOWING WEATHER WAS RECORDED YESTERDAY.
  NO SIGNIFICANT WEATHER WAS OBSERVED.


RELATIVE HUMIDITY (PERCENT)
 HIGHEST    60           800 PM
 LOWEST     39           300 PM
 AVERAGE    50

..........................................................


THE KENNEDY NY CLIMATE NORMALS FOR TODAY
                         NORMAL    RECORD    YEAR
 MAXIMUM TEMPERATURE (F)   61        78      1971
 MINIMUM TEMPERATURE (F)   46        32      1962


SUNRISE AND SUNSET
OCTOBER 26 2014.......SUNRISE   718 AM EDT   SUNSET   559 PM EDT
OCTOBER 27 2014.......SUNRISE   719 AM EDT   SUNSET   558 PM EDT


-  INDICATES NEGATIVE NUMBERS.
R  INDICATES RECORD WAS SET OR TIED.
MM INDICATES DATA IS MISSING.
T  INDICATES TRACE AMOUNT.




$$





U.S. Dept. of Commerce
NOAA National Weather Service
1325 East West Highway
Silver Spring, MD 20910
E-mail: w-nws.webmaster@noaa.gov
Page last modified: May 16, 2007
NATIONAL WEATHER SERVICE: for Safety, for Work, for Fun - FOR LIFE