092
CDUS45 KBOI 230932
CLIJER


CLIMATE REPORT
NATIONAL WEATHER SERVICE BOISE ID
332 AM MDT WED APR 23 2014


...................................

...THE JEROME ID CLIMATE SUMMARY FOR APRIL 22 2014...

CLIMATE NORMAL PERIOD 1981 TO 2010
CLIMATE RECORD PERIOD 1919 TO 2014


WEATHER ITEM   OBSERVED TIME   RECORD YEAR NORMAL DEPARTURE LAST
                VALUE   (LST)  VALUE       VALUE  FROM      YEAR
                                                  NORMAL
..................................................................
TEMPERATURE (F)
 YESTERDAY
  MAXIMUM         60    921 AM  86    2012  60      0       51
                                      1969
  MINIMUM         36   1159 PM  21    1951  36      0       31
  AVERAGE         48                        48      0       41

PRECIPITATION (IN)
  YESTERDAY        0.10          0.48 2010   0.05   0.05      T
  MONTH TO DATE    0.28                      0.97  -0.69     0.70
  SINCE OCT 1      4.53                      7.51  -2.98     5.50
  SINCE JAN 1      3.93                      3.99  -0.06     2.20

DEGREE DAYS
 HEATING
  YESTERDAY       17                        17      0       24
  MONTH TO DATE  360                       420    -60      457
  SINCE MAR 1   1060                      1189   -129     1180
  SINCE JUL 1   5728                      6076   -348     5805

 COOLING
  YESTERDAY        0                         0      0        0
  MONTH TO DATE    0                         0      0        0
  SINCE MAR 1      0                         0      0        0
  SINCE JAN 1      0                         0      0        0
..................................................................


WIND (MPH)
  HIGHEST WIND SPEED    43   HIGHEST WIND DIRECTION     W (260)
  HIGHEST GUST SPEED    48   HIGHEST GUST DIRECTION     W (260)
  AVERAGE WIND SPEED    16.1


SKY COVER
  AVERAGE SKY COVER 0.6


WEATHER CONDITIONS
 THE FOLLOWING WEATHER WAS RECORDED YESTERDAY.
  LIGHT RAIN


RELATIVE HUMIDITY (PERCENT)
 HIGHEST    96           300 PM
 LOWEST     36           500 AM
 AVERAGE    66

..........................................................


THE JEROME ID CLIMATE NORMALS FOR TODAY
                         NORMAL    RECORD    YEAR
 MAXIMUM TEMPERATURE (F)   60        87      2012
 MINIMUM TEMPERATURE (F)   36        24      1968


SUNRISE AND SUNSET
APRIL 23 2014.........SUNRISE   644 AM MDT   SUNSET   829 PM MDT
APRIL 24 2014.........SUNRISE   642 AM MDT   SUNSET   830 PM MDT


-  INDICATES NEGATIVE NUMBERS.
R  INDICATES RECORD WAS SET OR TIED.
MM INDICATES DATA IS MISSING.
T  INDICATES TRACE AMOUNT.




$$





U.S. Dept. of Commerce
NOAA National Weather Service
1325 East West Highway
Silver Spring, MD 20910
E-mail: w-nws.webmaster@noaa.gov
Page last modified: May 16, 2007
NATIONAL WEATHER SERVICE: for Safety, for Work, for Fun - FOR LIFE