787
CDUS45 KBOI 270930
CLIJER


CLIMATE REPORT
NATIONAL WEATHER SERVICE BOISE ID
330 AM MDT WED AUG 27 2014


...................................

...THE JEROME ID CLIMATE SUMMARY FOR AUGUST 26 2014...

CLIMATE NORMAL PERIOD 1981 TO 2010
CLIMATE RECORD PERIOD 1919 TO 2014


WEATHER ITEM   OBSERVED TIME   RECORD YEAR NORMAL DEPARTURE LAST
                VALUE   (LST)  VALUE       VALUE  FROM      YEAR
                                                  NORMAL
..................................................................
TEMPERATURE (F)
 YESTERDAY
  MAXIMUM         77    502 PM  99    1988  84     -7       86
  MINIMUM         49    615 AM  37    1992  52     -3       55
  AVERAGE         63                        68     -5       71

PRECIPITATION (IN)
  YESTERDAY        T             0.51 1977   0.01  -0.01      T
  MONTH TO DATE    3.51                      0.21   3.30      T
  SINCE OCT 1      9.16                     10.33  -1.17     5.82
  SINCE JAN 1      8.56                      6.81   1.75     2.52

DEGREE DAYS
 HEATING
  YESTERDAY        2                         1      1        0
  MONTH TO DATE   22                         8     14        0
  SINCE JUN 1     96                       127    -31       78
  SINCE JUL 1     22                        20      2        0

 COOLING
  YESTERDAY        0                         4     -4        6
  MONTH TO DATE  154                       162     -8      249
  SINCE JUN 1    571                       432    139      755
  SINCE JAN 1    581                       445    136      770
..................................................................


WIND (MPH)
  HIGHEST WIND SPEED    12   HIGHEST WIND DIRECTION    SE (120)
  HIGHEST GUST SPEED    16   HIGHEST GUST DIRECTION    SE (130)
  AVERAGE WIND SPEED     3.5


SKY COVER
  AVERAGE SKY COVER 0.0


WEATHER CONDITIONS
 THE FOLLOWING WEATHER WAS RECORDED YESTERDAY.
  LIGHT RAIN


RELATIVE HUMIDITY (PERCENT)
 HIGHEST    89           200 AM
 LOWEST     31           400 PM
 AVERAGE    60

..........................................................


THE JEROME ID CLIMATE NORMALS FOR TODAY
                         NORMAL    RECORD    YEAR
 MAXIMUM TEMPERATURE (F)   84       103      1924
 MINIMUM TEMPERATURE (F)   52        37      1992


SUNRISE AND SUNSET
AUGUST 27 2014........SUNRISE   657 AM MDT   SUNSET   820 PM MDT
AUGUST 28 2014........SUNRISE   658 AM MDT   SUNSET   819 PM MDT


-  INDICATES NEGATIVE NUMBERS.
R  INDICATES RECORD WAS SET OR TIED.
MM INDICATES DATA IS MISSING.
T  INDICATES TRACE AMOUNT.




$$





U.S. Dept. of Commerce
NOAA National Weather Service
1325 East West Highway
Silver Spring, MD 20910
E-mail: w-nws.webmaster@noaa.gov
Page last modified: May 16, 2007
NATIONAL WEATHER SERVICE: for Safety, for Work, for Fun - FOR LIFE