348
CDUS45 KBOI 190933
CLIJER


CLIMATE REPORT
NATIONAL WEATHER SERVICE BOISE ID
233 AM MST FRI DEC 19 2014


...................................

...THE JEROME ID CLIMATE SUMMARY FOR DECEMBER 18 2014...

CLIMATE NORMAL PERIOD 1981 TO 2010
CLIMATE RECORD PERIOD 1919 TO 2014


WEATHER ITEM   OBSERVED TIME   RECORD YEAR NORMAL DEPARTURE LAST
                VALUE   (LST)  VALUE       VALUE  FROM      YEAR
                                                  NORMAL
..................................................................
TEMPERATURE (F)
 YESTERDAY
  MAXIMUM         43    246 PM  54    1962  33     10       40
  MINIMUM         26    403 AM  -3    1984  19      7       17
  AVERAGE         35                        26      9       29

PRECIPITATION (IN)
  YESTERDAY        T             0.39 1977   0.06  -0.06     0.00
  MONTH TO DATE    0.30                      0.92  -0.62     0.14
  SINCE OCT 1      1.54                      2.95  -1.41     0.47
  SINCE JAN 1     10.61                     10.24   0.37     3.49

DEGREE DAYS
 HEATING
  YESTERDAY       30                        39     -9       36
  MONTH TO DATE  455                       671   -216      816
  SINCE DEC 1    455                       671   -216      816
  SINCE JUL 1   1791                      2222   -431     2299

 COOLING
  YESTERDAY        0                         0      0        0
  MONTH TO DATE    0                         0      0        0
  SINCE DEC 1      0                         0      0        0
  SINCE JAN 1    652                       510    142      904
..................................................................


WIND (MPH)
  HIGHEST WIND SPEED    14   HIGHEST WIND DIRECTION     E (70)
  HIGHEST GUST SPEED    16   HIGHEST GUST DIRECTION     E (70)
  AVERAGE WIND SPEED     8.3


SKY COVER
  AVERAGE SKY COVER 0.5


WEATHER CONDITIONS
 THE FOLLOWING WEATHER WAS RECORDED YESTERDAY.
  NO SIGNIFICANT WEATHER WAS OBSERVED.


RELATIVE HUMIDITY (PERCENT)
 HIGHEST    85           100 AM
 LOWEST     62           200 PM
 AVERAGE    74

..........................................................


THE JEROME ID CLIMATE NORMALS FOR TODAY
                         NORMAL    RECORD    YEAR
 MAXIMUM TEMPERATURE (F)   33        52      1979
 MINIMUM TEMPERATURE (F)   19        -5      1984


SUNRISE AND SUNSET
DECEMBER 19 2014......SUNRISE   804 AM MST   SUNSET   506 PM MST
DECEMBER 20 2014......SUNRISE   804 AM MST   SUNSET   507 PM MST


-  INDICATES NEGATIVE NUMBERS.
R  INDICATES RECORD WAS SET OR TIED.
MM INDICATES DATA IS MISSING.
T  INDICATES TRACE AMOUNT.




$$





U.S. Dept. of Commerce
NOAA National Weather Service
1325 East West Highway
Silver Spring, MD 20910
E-mail: w-nws.webmaster@noaa.gov
Page last modified: May 16, 2007
NATIONAL WEATHER SERVICE: for Safety, for Work, for Fun - FOR LIFE