281
CDUS45 KBOI 220932
CLIJER


CLIMATE REPORT
NATIONAL WEATHER SERVICE BOISE ID
331 AM MDT WED OCT 22 2014


...................................

...THE JEROME ID CLIMATE SUMMARY FOR OCTOBER 21 2014...

CLIMATE NORMAL PERIOD 1981 TO 2010
CLIMATE RECORD PERIOD 1919 TO 2014


WEATHER ITEM   OBSERVED TIME   RECORD YEAR NORMAL DEPARTURE LAST
                VALUE   (LST)  VALUE       VALUE  FROM      YEAR
                                                  NORMAL
..................................................................
TEMPERATURE (F)
 YESTERDAY
  MAXIMUM         65    116 AM  87    2003  59      6       62
  MINIMUM         39   1104 PM  21    1996  36      3       35
  AVERAGE         52                        47      5       49

PRECIPITATION (IN)
  YESTERDAY        0.13          0.53 1961   0.03   0.10     0.00
  MONTH TO DATE    0.15                      0.51  -0.36     0.02
  SINCE OCT 1      0.15                      0.51  -0.36     0.02
  SINCE JAN 1      9.22                      7.80   1.42     3.04

DEGREE DAYS
 HEATING
  YESTERDAY       13                        18     -5       16
  MONTH TO DATE  183                       297   -114      392
  SINCE SEP 1    291                       467   -176      530
  SINCE JUL 1    318                       500   -182      530

 COOLING
  YESTERDAY        0                         0      0        0
  MONTH TO DATE    0                         0      0        0
  SINCE SEP 1     60                        44     16       86
  SINCE JAN 1    652                       509    143      904
..................................................................


WIND (MPH)
  HIGHEST WIND SPEED    39   HIGHEST WIND DIRECTION    SW (240)
  HIGHEST GUST SPEED    53   HIGHEST GUST DIRECTION     W (250)
  AVERAGE WIND SPEED    14.5


SKY COVER
  AVERAGE SKY COVER 0.2


WEATHER CONDITIONS
 THE FOLLOWING WEATHER WAS RECORDED YESTERDAY.
  RAIN
  LIGHT RAIN


RELATIVE HUMIDITY (PERCENT)
 HIGHEST    89           700 AM
 LOWEST     36           100 AM
 AVERAGE    63

..........................................................


THE JEROME ID CLIMATE NORMALS FOR TODAY
                         NORMAL    RECORD    YEAR
 MAXIMUM TEMPERATURE (F)   58        88      2003
 MINIMUM TEMPERATURE (F)   36        20      1996


SUNRISE AND SUNSET
OCTOBER 22 2014.......SUNRISE   759 AM MDT   SUNSET   644 PM MDT
OCTOBER 23 2014.......SUNRISE   801 AM MDT   SUNSET   643 PM MDT


-  INDICATES NEGATIVE NUMBERS.
R  INDICATES RECORD WAS SET OR TIED.
MM INDICATES DATA IS MISSING.
T  INDICATES TRACE AMOUNT.




$$





U.S. Dept. of Commerce
NOAA National Weather Service
1325 East West Highway
Silver Spring, MD 20910
E-mail: w-nws.webmaster@noaa.gov
Page last modified: May 16, 2007
NATIONAL WEATHER SERVICE: for Safety, for Work, for Fun - FOR LIFE