862
CDUS45 KBOI 230933
CLIJER


CLIMATE REPORT
NATIONAL WEATHER SERVICE BOISE ID
232 AM MST SUN NOV 23 2014


...................................

...THE JEROME ID CLIMATE SUMMARY FOR NOVEMBER 22 2014...

CLIMATE NORMAL PERIOD 1981 TO 2010
CLIMATE RECORD PERIOD 1919 TO 2014


WEATHER ITEM   OBSERVED TIME   RECORD YEAR NORMAL DEPARTURE LAST
                VALUE   (LST)  VALUE       VALUE  FROM      YEAR
                                                  NORMAL
..................................................................
TEMPERATURE (F)
 YESTERDAY
  MAXIMUM         43    143 PM  64    1954  42      1       36
  MINIMUM         33   1159 PM   2    1994  25      8       12
  AVERAGE         38                        34      4       24

PRECIPITATION (IN)
  YESTERDAY        0.41          0.59 1977   0.04   0.37     0.00
  MONTH TO DATE    0.80                      0.78   0.02     0.25
  SINCE OCT 1      1.14                      1.59  -0.45     0.33
  SINCE JAN 1     10.21                      8.88   1.33     3.35

DEGREE DAYS
 HEATING
  YESTERDAY       27                        31     -4       41
  MONTH TO DATE  690                       585    105      548
  SINCE SEP 1   1116                      1251   -135     1239
  SINCE JUL 1   1143                      1284   -141     1239

 COOLING
  YESTERDAY        0                         0      0        0
  MONTH TO DATE    0                         0      0        0
  SINCE SEP 1     60                        45     15       86
  SINCE JAN 1    652                       510    142      904
..................................................................


WIND (MPH)
  HIGHEST WIND SPEED    30   HIGHEST WIND DIRECTION     W (250)
  HIGHEST GUST SPEED    39   HIGHEST GUST DIRECTION     W (250)
  AVERAGE WIND SPEED    13.6


SKY COVER
  AVERAGE SKY COVER 0.7


WEATHER CONDITIONS
 THE FOLLOWING WEATHER WAS RECORDED YESTERDAY.
  HEAVY RAIN
  RAIN
  LIGHT RAIN
  LIGHT SNOW
  FOG


RELATIVE HUMIDITY (PERCENT)
 HIGHEST    93          1000 AM
 LOWEST     76           200 PM
 AVERAGE    85

..........................................................


THE JEROME ID CLIMATE NORMALS FOR TODAY
                         NORMAL    RECORD    YEAR
 MAXIMUM TEMPERATURE (F)   41        59      2002
 MINIMUM TEMPERATURE (F)   25        -1      1985


SUNRISE AND SUNSET
NOVEMBER 23 2014......SUNRISE   739 AM MST   SUNSET   509 PM MST
NOVEMBER 24 2014......SUNRISE   741 AM MST   SUNSET   508 PM MST


-  INDICATES NEGATIVE NUMBERS.
R  INDICATES RECORD WAS SET OR TIED.
MM INDICATES DATA IS MISSING.
T  INDICATES TRACE AMOUNT.




$$





U.S. Dept. of Commerce
NOAA National Weather Service
1325 East West Highway
Silver Spring, MD 20910
E-mail: w-nws.webmaster@noaa.gov
Page last modified: May 16, 2007
NATIONAL WEATHER SERVICE: for Safety, for Work, for Fun - FOR LIFE