395
CDUS45 KBOI 010932
CLIJER


CLIMATE REPORT
NATIONAL WEATHER SERVICE BOISE ID
331 AM MDT MON SEP 1 2014


...................................

...THE JEROME ID CLIMATE SUMMARY FOR AUGUST 31 2014...

CLIMATE NORMAL PERIOD 1981 TO 2010
CLIMATE RECORD PERIOD 1919 TO 2014


WEATHER ITEM   OBSERVED TIME   RECORD YEAR NORMAL DEPARTURE LAST
                VALUE   (LST)  VALUE       VALUE  FROM      YEAR
                                                  NORMAL
..................................................................
TEMPERATURE (F)
 YESTERDAY
  MAXIMUM         71    309 PM  98    1996  82    -11       89
  MINIMUM         49    653 AM  35    1965  51     -2       52
  AVERAGE         60                        66     -6       71

PRECIPITATION (IN)
  YESTERDAY        T             0.37 1973   0.01  -0.01     0.00
  MONTH TO DATE    3.52                      0.26   3.26      T
  SINCE OCT 1      9.17                     10.38  -1.21     5.82
  SINCE JAN 1      8.57                      6.86   1.71     2.52

DEGREE DAYS
 HEATING
  YESTERDAY        5                         2      3        0
  MONTH TO DATE   27                        18      9        0
  SINCE JUN 1    101                       140    -39       78
  SINCE JUL 1     27                        33     -6        0

 COOLING
  YESTERDAY        0                         4     -4        6
  MONTH TO DATE  165                       182    -17      297
  SINCE JUN 1    582                       452    130      803
  SINCE JAN 1    592                       465    127      818
..................................................................


WIND (MPH)
  HIGHEST WIND SPEED    23   HIGHEST WIND DIRECTION     W (260)
  HIGHEST GUST SPEED    29   HIGHEST GUST DIRECTION     W (250)
  AVERAGE WIND SPEED    11.9


SKY COVER
  AVERAGE SKY COVER 0.1


WEATHER CONDITIONS
 THE FOLLOWING WEATHER WAS RECORDED YESTERDAY.
  LIGHT RAIN


RELATIVE HUMIDITY (PERCENT)
 HIGHEST    89           300 AM
 LOWEST     28           300 PM
 AVERAGE    59

..........................................................


THE JEROME ID CLIMATE NORMALS FOR TODAY
                         NORMAL    RECORD    YEAR
 MAXIMUM TEMPERATURE (F)   82        99      1987
 MINIMUM TEMPERATURE (F)   51        36      1999


SUNRISE AND SUNSET
SEPTEMBER  1 2014.....SUNRISE   703 AM MDT   SUNSET   812 PM MDT
SEPTEMBER  2 2014.....SUNRISE   704 AM MDT   SUNSET   810 PM MDT


-  INDICATES NEGATIVE NUMBERS.
R  INDICATES RECORD WAS SET OR TIED.
MM INDICATES DATA IS MISSING.
T  INDICATES TRACE AMOUNT.




$$





U.S. Dept. of Commerce
NOAA National Weather Service
1325 East West Highway
Silver Spring, MD 20910
E-mail: w-nws.webmaster@noaa.gov
Page last modified: May 16, 2007
NATIONAL WEATHER SERVICE: for Safety, for Work, for Fun - FOR LIFE