907
CDUS45 KBOI 270945
CLIJER


CLIMATE REPORT
NATIONAL WEATHER SERVICE BOISE ID
245 AM MST THU NOV 27 2014


...................................

...THE JEROME ID CLIMATE SUMMARY FOR NOVEMBER 26 2014...

CLIMATE NORMAL PERIOD 1981 TO 2010
CLIMATE RECORD PERIOD 1919 TO 2014


WEATHER ITEM   OBSERVED TIME   RECORD YEAR NORMAL DEPARTURE LAST
                VALUE   (LST)  VALUE       VALUE  FROM      YEAR
                                                  NORMAL
..................................................................
TEMPERATURE (F)
 YESTERDAY
  MAXIMUM         56    340 PM  64    1990  40     16       54
  MINIMUM         37    705 AM  -1    1993  24     13       26
  AVERAGE         47                        32     15       40

PRECIPITATION (IN)
  YESTERDAY        0.00          0.65 1995   0.06  -0.06     0.00
  MONTH TO DATE    0.80                      0.99  -0.19     0.25
  SINCE OCT 1      1.14                      1.80  -0.66     0.33
  SINCE JAN 1     10.21                      9.09   1.12     3.35

DEGREE DAYS
 HEATING
  YESTERDAY       18                        33    -15       25
  MONTH TO DATE  790                       715     75      683
  SINCE SEP 1   1216                      1381   -165     1374
  SINCE JUL 1   1243                      1414   -171     1374

 COOLING
  YESTERDAY        0                         0      0        0
  MONTH TO DATE    0                         0      0        0
  SINCE SEP 1     60                        45     15       86
  SINCE JAN 1    652                       510    142      904
..................................................................


WIND (MPH)
  HIGHEST WIND SPEED    17   HIGHEST WIND DIRECTION    SW (230)
  HIGHEST GUST SPEED    22   HIGHEST GUST DIRECTION    SW (230)
  AVERAGE WIND SPEED     9.1


SKY COVER
  AVERAGE SKY COVER 0.1


WEATHER CONDITIONS
 THE FOLLOWING WEATHER WAS RECORDED YESTERDAY.
  NO SIGNIFICANT WEATHER WAS OBSERVED.


RELATIVE HUMIDITY (PERCENT)
 HIGHEST    76           100 AM
 LOWEST     46           100 PM
 AVERAGE    61

..........................................................


THE JEROME ID CLIMATE NORMALS FOR TODAY
                         NORMAL    RECORD    YEAR
 MAXIMUM TEMPERATURE (F)   40        70      1949
 MINIMUM TEMPERATURE (F)   24        -3      1919


SUNRISE AND SUNSET
NOVEMBER 27 2014......SUNRISE   744 AM MST   SUNSET   507 PM MST
NOVEMBER 28 2014......SUNRISE   745 AM MST   SUNSET   506 PM MST


-  INDICATES NEGATIVE NUMBERS.
R  INDICATES RECORD WAS SET OR TIED.
MM INDICATES DATA IS MISSING.
T  INDICATES TRACE AMOUNT.




$$





U.S. Dept. of Commerce
NOAA National Weather Service
1325 East West Highway
Silver Spring, MD 20910
E-mail: w-nws.webmaster@noaa.gov
Page last modified: May 16, 2007
NATIONAL WEATHER SERVICE: for Safety, for Work, for Fun - FOR LIFE