338
CDUS45 KGGW 020017
CLIJDN


CLIMATE REPORT
NATIONAL WEATHER SERVICE GLASGOW MT
617 PM MDT FRI AUG 1 2014


...................................

...THE JORDAN  ASOS MT CLIMATE SUMMARY FOR AUGUST 1 2014...
VALID TODAY AS OF 0500 PM LOCAL TIME.

CLIMATE NORMAL PERIOD 1981 TO 2010
CLIMATE RECORD PERIOD 9999 TO 9999


WEATHER ITEM   OBSERVED TIME   RECORD YEAR NORMAL DEPARTURE LAST
                VALUE   (LST)  VALUE       VALUE  FROM      YEAR
                                                  NORMAL
..................................................................
TEMPERATURE (F)
 TODAY
  MAXIMUM         93        MM  MM      MM  88      5       84
  MINIMUM         58        MM  MM      MM  56      2       50
  AVERAGE         76                        72      4       67

PRECIPITATION (IN)
  TODAY            0.00         MM      MM   0.04  -0.04     0.02
  MONTH TO DATE    0.00                      0.04  -0.04     0.02
  SINCE OCT 1      7.77                     10.31  -2.54    15.14
  SINCE JAN 1      5.36                      8.77  -3.41    12.88

SNOWFALL (IN)
  TODAY            0.0          MM      MM  MM     MM        0.0
  MONTH TO DATE    0.0                      MM     MM        0.0
  SINCE JUN 1      0.0                      MM     MM        0.0
  SINCE JUL 1      0.0                      MM     MM        0.0
  SNOW DEPTH       0

DEGREE DAYS
 HEATING
  TODAY            0                         0      0        0
  MONTH TO DATE    0                         0      0        0
  SINCE JUN 1    135                       150    -15      101
  SINCE JUL 1      5                        25    -20        6

 COOLING
  TODAY           11                         7      4        2
  MONTH TO DATE   11                         7      4        2
  SINCE JUN 1    259                       232     27      239
  SINCE JAN 1    284                       238     46      251
..................................................................


WIND (MPH)
  HIGHEST WIND SPEED    12   HIGHEST WIND DIRECTION     N (20)
  HIGHEST GUST SPEED    20   HIGHEST GUST DIRECTION     N (20)
  AVERAGE WIND SPEED     6.9


SKY COVER
  POSSIBLE SUNSHINE  MM
  AVERAGE SKY COVER 0.0


WEATHER CONDITIONS
 THE FOLLOWING WEATHER WAS RECORDED TODAY.
  NO SIGNIFICANT WEATHER WAS OBSERVED.


RELATIVE HUMIDITY (PERCENT)
 HIGHEST    53           500 AM
 LOWEST     16           400 PM
 AVERAGE    35

..........................................................


THE JORDAN  ASOS MT CLIMATE NORMALS FOR TOMORROW
                         NORMAL    RECORD    YEAR
 MAXIMUM TEMPERATURE (F)   88        MM        MM
 MINIMUM TEMPERATURE (F)   56        MM        MM


SUNRISE AND SUNSET
AUGUST  1 2014........SUNRISE   546 AM MDT   SUNSET   841 PM MDT
AUGUST  2 2014........SUNRISE   547 AM MDT   SUNSET   839 PM MDT


-  INDICATES NEGATIVE NUMBERS.
R  INDICATES RECORD WAS SET OR TIED.
MM INDICATES DATA IS MISSING.
T  INDICATES TRACE AMOUNT.




$$





U.S. Dept. of Commerce
NOAA National Weather Service
1325 East West Highway
Silver Spring, MD 20910
E-mail: w-nws.webmaster@noaa.gov
Page last modified: May 16, 2007
NATIONAL WEATHER SERVICE: for Safety, for Work, for Fun - FOR LIFE