388
CDUS45 KGGW 011233
CLIJDN


CLIMATE REPORT
NATIONAL WEATHER SERVICE GLASGOW MT
632 AM MDT WED OCT 1 2014


...................................

...THE JORDAN  ASOS MT CLIMATE SUMMARY FOR OCTOBER 1 2014...
VALID AS OF 0600 AM LOCAL TIME.

CLIMATE NORMAL PERIOD 1981 TO 2010
CLIMATE RECORD PERIOD 9999 TO 9999


WEATHER ITEM   OBSERVED TIME   RECORD YEAR NORMAL DEPARTURE LAST
                VALUE   (LST)  VALUE       VALUE  FROM      YEAR
                                                  NORMAL
..................................................................
TEMPERATURE (F)
 TODAY
  MAXIMUM         51   1200 AM  MM      MM  66    -15       67
  MINIMUM         48    500 AM  MM      MM  35     13       33
  AVERAGE         50                        50      0       50

PRECIPITATION (IN)
  TODAY            0.01         MM      MM   0.03  -0.02     0.00
  MONTH TO DATE    0.01                      0.03  -0.02     0.00
  SINCE OCT 1      0.01                      0.03  -0.02     0.00
  SINCE JAN 1     12.54                     11.16   1.38    15.46

SNOWFALL (IN)
  TODAY           MM            MM      MM  MM     MM        0.0
  MONTH TO DATE   MM                        MM     MM        0.0
  SINCE SEP 1      0.0                      MM     MM        0.0
  SINCE JUL 1      0.0                      MM     MM        0.0
  SNOW DEPTH      MM

DEGREE DAYS
 HEATING
  TODAY           15                        15      0       15
  MONTH TO DATE   15                        15      0       15
  SINCE SEP 1    257                       276    -19      163
  SINCE JUL 1    306                       341    -35      176

 COOLING
  TODAY            0                         0      0        0
  MONTH TO DATE    0                         0      0        0
  SINCE SEP 1      9                        27    -18       77
  SINCE JAN 1    460                       420     40      520
..................................................................


WIND (MPH)
  HIGHEST WIND SPEED    22   HIGHEST WIND DIRECTION    NW (300)
  HIGHEST GUST SPEED    31   HIGHEST GUST DIRECTION    NW (300)
  AVERAGE WIND SPEED    18.8


SKY COVER
  POSSIBLE SUNSHINE  MM
  AVERAGE SKY COVER 0.0


WEATHER CONDITIONS
 THE FOLLOWING WEATHER WAS RECORDED TODAY.
  NO SIGNIFICANT WEATHER WAS OBSERVED.


RELATIVE HUMIDITY (PERCENT)
 HIGHEST    93           100 AM
 LOWEST     80           500 AM
 AVERAGE    87

..........................................................


THE JORDAN  ASOS MT CLIMATE NORMALS FOR TOMORROW
                         NORMAL    RECORD    YEAR
 MAXIMUM TEMPERATURE (F)   65        MM        MM
 MINIMUM TEMPERATURE (F)   35        MM        MM


SUNRISE AND SUNSET
OCTOBER  1 2014.......SUNRISE   706 AM MDT   SUNSET   647 PM MDT
OCTOBER  2 2014.......SUNRISE   708 AM MDT   SUNSET   645 PM MDT


-  INDICATES NEGATIVE NUMBERS.
R  INDICATES RECORD WAS SET OR TIED.
MM INDICATES DATA IS MISSING.
T  INDICATES TRACE AMOUNT.




$$





U.S. Dept. of Commerce
NOAA National Weather Service
1325 East West Highway
Silver Spring, MD 20910
E-mail: w-nws.webmaster@noaa.gov
Page last modified: May 16, 2007
NATIONAL WEATHER SERVICE: for Safety, for Work, for Fun - FOR LIFE