711
CDUS44 KMEG 240622
CLIJBR


CLIMATE REPORT
NATIONAL WEATHER SERVICE MEMPHIS TN
121 AM CDT FRI OCT 24 2014


...................................

...THE JONESBORO CLIMATE SUMMARY FOR OCTOBER 23 2014...

CLIMATE NORMAL PERIOD 1981 TO 2010
CLIMATE RECORD PERIOD 1897 TO 2014


WEATHER ITEM   OBSERVED TIME   RECORD YEAR NORMAL DEPARTURE LAST
                VALUE   (LST)  VALUE       VALUE  FROM      YEAR
                                                  NORMAL
..................................................................
TEMPERATURE (F)
 YESTERDAY
  MAXIMUM         60    322 PM  91    1939  70    -10       60
  MINIMUM         42    633 AM  27    1937  48     -6       41
  AVERAGE         51                        59     -8       51

PRECIPITATION (IN)
  YESTERDAY        0.00          2.38 1935   0.17  -0.17     0.00
  MONTH TO DATE    3.57                      3.24   0.33     3.73
  SINCE SEP 1      5.41                      6.30  -0.89     5.01
  SINCE JAN 1     39.09                     37.41   1.68    42.46

SNOWFALL (IN)
  YESTERDAY        0.0           0.0  2002   0.0    0.0      0.0
                                      2001
  MONTH TO DATE    0.0                       0.0    0.0      0.0
  SINCE SEP 1      0.0                       0.0    0.0      0.0
  SINCE JUL 1      0.0                       0.0    0.0      0.0
  SNOW DEPTH       0

DEGREE DAYS
 HEATING
  YESTERDAY       14                         7      7       14
  MONTH TO DATE   86                       104    -18       89
  SINCE SEP 1     95                       122    -27       89
  SINCE JUL 1     95                       122    -27       89

 COOLING
  YESTERDAY        0                         1     -1        0
  MONTH TO DATE   59                        45     14       66
  SINCE SEP 1    319                       270     49      434
  SINCE JAN 1   1779                      1816    -37     2034
..................................................................


WIND (MPH)
  HIGHEST WIND SPEED     5   HIGHEST WIND DIRECTION    NW (330)
  HIGHEST GUST SPEED     7   HIGHEST GUST DIRECTION     N (340)
  AVERAGE WIND SPEED     1.7


SKY COVER
  POSSIBLE SUNSHINE  MM
  AVERAGE SKY COVER 0.1


WEATHER CONDITIONS
 THE FOLLOWING WEATHER WAS RECORDED YESTERDAY.
  NO SIGNIFICANT WEATHER WAS OBSERVED.


RELATIVE HUMIDITY (PERCENT)
 HIGHEST   100           700 AM
 LOWEST     55           200 PM
 AVERAGE    78

..........................................................


THE JONESBORO CLIMATE NORMALS FOR TODAY
                         NORMAL    RECORD    YEAR
 MAXIMUM TEMPERATURE (F)   70        89      1921
 MINIMUM TEMPERATURE (F)   48        23      1981


SUNRISE AND SUNSET
OCTOBER 24 2014.......SUNRISE   717 AM CDT   SUNSET   616 PM CDT
OCTOBER 25 2014.......SUNRISE   718 AM CDT   SUNSET   615 PM CDT


-  INDICATES NEGATIVE NUMBERS.
R  INDICATES RECORD WAS SET OR TIED.
MM INDICATES DATA IS MISSING.
T  INDICATES TRACE AMOUNT.




$$





U.S. Dept. of Commerce
NOAA National Weather Service
1325 East West Highway
Silver Spring, MD 20910
E-mail: w-nws.webmaster@noaa.gov
Page last modified: May 16, 2007
NATIONAL WEATHER SERVICE: for Safety, for Work, for Fun - FOR LIFE