638
CDUS44 KMEG 280748
CLIJBR


CLIMATE REPORT
NATIONAL WEATHER SERVICE MEMPHIS TN
147 AM CST FRI NOV 28 2014


...................................

...THE JONESBORO CLIMATE SUMMARY FOR NOVEMBER 27 2014...

CLIMATE NORMAL PERIOD 1981 TO 2010
CLIMATE RECORD PERIOD 1897 TO 2014


WEATHER ITEM   OBSERVED TIME   RECORD YEAR NORMAL DEPARTURE LAST
                VALUE   (LST)  VALUE       VALUE  FROM      YEAR
                                                  NORMAL
..................................................................
TEMPERATURE (F)
 YESTERDAY
  MAXIMUM         46    209 PM  79    1990  54     -8       36
  MINIMUM         30   1150 PM  13    1903  36     -6       20
  AVERAGE         38                        45     -7       28

PRECIPITATION (IN)
  YESTERDAY        0.00          2.91 1985   0.18  -0.18     0.00
  MONTH TO DATE    1.91                      4.33  -2.42     2.39
  SINCE SEP 1      7.70                     11.65  -3.95     8.53
  SINCE JAN 1     41.38                     42.76  -1.38    45.98

SNOWFALL (IN)
  YESTERDAY        0.0           T    1956   0.0    0.0      0.0
                                      1938
                                      1902
  MONTH TO DATE    0.5                       0.0    0.5       T
  SINCE SEP 1      0.5                       0.0    0.5       T
  SINCE JUL 1      0.5                       0.0    0.5       T
  SNOW DEPTH       0

DEGREE DAYS
 HEATING
  YESTERDAY       27                        20      7       37
  MONTH TO DATE  585                       400    185      488
  SINCE SEP 1    726                       587    139      657
  SINCE JUL 1    726                       587    139      657

 COOLING
  YESTERDAY        0                         0      0        0
  MONTH TO DATE    0                         1     -1        5
  SINCE SEP 1    338                       279     59      444
  SINCE JAN 1   1798                      1825    -27     2044
..................................................................


WIND (MPH)
  HIGHEST WIND SPEED    20   HIGHEST WIND DIRECTION    NW (320)
  HIGHEST GUST SPEED    28   HIGHEST GUST DIRECTION    NW (320)
  AVERAGE WIND SPEED     5.8


SKY COVER
  POSSIBLE SUNSHINE  MM
  AVERAGE SKY COVER 0.4


WEATHER CONDITIONS
 THE FOLLOWING WEATHER WAS RECORDED YESTERDAY.
  NO SIGNIFICANT WEATHER WAS OBSERVED.


RELATIVE HUMIDITY (PERCENT)
 HIGHEST    92           900 PM
 LOWEST     53           300 PM
 AVERAGE    73

..........................................................


THE JONESBORO CLIMATE NORMALS FOR TODAY
                         NORMAL    RECORD    YEAR
 MAXIMUM TEMPERATURE (F)   53        77      1998
 MINIMUM TEMPERATURE (F)   35        16      1955


SUNRISE AND SUNSET
NOVEMBER 28 2014......SUNRISE   651 AM CST   SUNSET   449 PM CST
NOVEMBER 29 2014......SUNRISE   652 AM CST   SUNSET   449 PM CST


-  INDICATES NEGATIVE NUMBERS.
R  INDICATES RECORD WAS SET OR TIED.
MM INDICATES DATA IS MISSING.
T  INDICATES TRACE AMOUNT.




$$






U.S. Dept. of Commerce
NOAA National Weather Service
1325 East West Highway
Silver Spring, MD 20910
E-mail: w-nws.webmaster@noaa.gov
Page last modified: May 16, 2007
NATIONAL WEATHER SERVICE: for Safety, for Work, for Fun - FOR LIFE