941
CDUS44 KMEG 190631
CLIJBR


CLIMATE REPORT
NATIONAL WEATHER SERVICE MEMPHIS TN
131 AM CDT SAT APR 19 2014


...................................

...THE JONESBORO CLIMATE SUMMARY FOR APRIL 18 2014...

CLIMATE NORMAL PERIOD 1981 TO 2010
CLIMATE RECORD PERIOD 1897 TO 2014


WEATHER ITEM   OBSERVED TIME   RECORD YEAR NORMAL DEPARTURE LAST
                VALUE   (LST)  VALUE       VALUE  FROM      YEAR
                                                  NORMAL
..................................................................
TEMPERATURE (F)
 YESTERDAY
  MAXIMUM         73    440 PM  94    2006  71      2       79
  MINIMUM         52    547 AM  32    1921  50      2       45
  AVERAGE         63                        61      2       62

PRECIPITATION (IN)
  YESTERDAY        0.00          2.43 1908   0.17  -0.17     1.82
  MONTH TO DATE    3.83                      2.84   0.99     3.27
  SINCE MAR 1      8.84                      7.34   1.50     5.36
  SINCE JAN 1     13.55                     14.49  -0.94    15.15

SNOWFALL (IN)
  YESTERDAY        0.0          MM      MM   0.0    0.0      0.0
  MONTH TO DATE    0.0                       0.0    0.0      0.0
  SINCE MAR 1      3.2                       0.7    2.5      4.0
  SINCE JUL 1      5.2                       4.8    0.4     11.0
  SNOW DEPTH       0

DEGREE DAYS
 HEATING
  YESTERDAY        2                         6     -4        3
  MONTH TO DATE  166                       147     19      140
  SINCE MAR 1    797                       611    186      755
  SINCE JUL 1   4062                      3567    495     3383

 COOLING
  YESTERDAY        0                         1     -1        0
  MONTH TO DATE   13                        18     -5       46
  SINCE MAR 1     13                        24    -11       46
  SINCE JAN 1     13                        24    -11       46
..................................................................


WIND (MPH)
  HIGHEST WIND SPEED    17   HIGHEST WIND DIRECTION    NE (60)
  HIGHEST GUST SPEED    21   HIGHEST GUST DIRECTION    NE (50)
  AVERAGE WIND SPEED     5.6


SKY COVER
  POSSIBLE SUNSHINE  MM
  AVERAGE SKY COVER 0.2


WEATHER CONDITIONS
 THE FOLLOWING WEATHER WAS RECORDED YESTERDAY.
  NO SIGNIFICANT WEATHER WAS OBSERVED.


RELATIVE HUMIDITY (PERCENT)
 HIGHEST    77          1000 PM
 LOWEST     35           300 PM
 AVERAGE    56

..........................................................


THE JONESBORO CLIMATE NORMALS FOR TODAY
                         NORMAL    RECORD    YEAR
 MAXIMUM TEMPERATURE (F)   71        88      1911
 MINIMUM TEMPERATURE (F)   51        30      1983


SUNRISE AND SUNSET
APRIL 19 2014.........SUNRISE   625 AM CDT   SUNSET   739 PM CDT
APRIL 20 2014.........SUNRISE   623 AM CDT   SUNSET   740 PM CDT


-  INDICATES NEGATIVE NUMBERS.
R  INDICATES RECORD WAS SET OR TIED.
MM INDICATES DATA IS MISSING.
T  INDICATES TRACE AMOUNT.




$$






U.S. Dept. of Commerce
NOAA National Weather Service
1325 East West Highway
Silver Spring, MD 20910
E-mail: w-nws.webmaster@noaa.gov
Page last modified: May 16, 2007
NATIONAL WEATHER SERVICE: for Safety, for Work, for Fun - FOR LIFE