158
CDUS44 KMEG 260733
CLIJBR


CLIMATE REPORT
NATIONAL WEATHER SERVICE MEMPHIS TN
132 AM CST MON JAN 26 2015


...................................

...THE JONESBORO CLIMATE SUMMARY FOR JANUARY 25 2015...

CLIMATE NORMAL PERIOD 1981 TO 2010
CLIMATE RECORD PERIOD 1897 TO 2015


WEATHER ITEM   OBSERVED TIME   RECORD YEAR NORMAL DEPARTURE LAST
                VALUE   (LST)  VALUE       VALUE  FROM      YEAR
                                                  NORMAL
..................................................................
TEMPERATURE (F)
 YESTERDAY
  MAXIMUM         54    119 PM  78    1950  47      7       57
  MINIMUM         38    447 AM  -1    1905  29      9       27
  AVERAGE         46                        38      8       42

PRECIPITATION (IN)
  YESTERDAY        0.05          2.50 1976   0.11  -0.06     0.00
  MONTH TO DATE    1.50                      2.67  -1.17     2.11
  SINCE DEC 1      4.29                      7.44  -3.15     8.55
  SINCE JAN 1      1.50                      2.67  -1.17     2.11

SNOWFALL (IN)
  YESTERDAY        0.0           1.5  1966   0.1   -0.1      0.0
  MONTH TO DATE    T                         1.8   -1.8       T
  SINCE DEC 1      T                         2.4   -2.4      1.0
  SINCE JUL 1      0.3                       2.4   -2.1      1.0
  SNOW DEPTH       0

DEGREE DAYS
 HEATING
  YESTERDAY       19                        27     -8       23
  MONTH TO DATE  737                       696     41      774
  SINCE DEC 1   1424                      1488    -64     1591
  SINCE JUL 1   2183                      2138     45     2334

 COOLING
  YESTERDAY        0                         0      0        0
  MONTH TO DATE    0                         0      0        0
  SINCE DEC 1      0                         0      0        0
  SINCE JAN 1      0                         0      0        0
..................................................................


WIND (MPH)
  HIGHEST WIND SPEED    26   HIGHEST WIND DIRECTION     W (290)
  HIGHEST GUST SPEED    34   HIGHEST GUST DIRECTION     W (290)
  AVERAGE WIND SPEED    13.0


SKY COVER
  POSSIBLE SUNSHINE  MM
  AVERAGE SKY COVER 0.7


WEATHER CONDITIONS
 THE FOLLOWING WEATHER WAS RECORDED YESTERDAY.
  LIGHT RAIN
  FOG


RELATIVE HUMIDITY (PERCENT)
 HIGHEST    89          1000 AM
 LOWEST     59           200 PM
 AVERAGE    74

..........................................................


THE JONESBORO CLIMATE NORMALS FOR TODAY
                         NORMAL    RECORD    YEAR
 MAXIMUM TEMPERATURE (F)   47        74      1952
 MINIMUM TEMPERATURE (F)   29         0      1905


SUNRISE AND SUNSET
JANUARY 26 2015.......SUNRISE   707 AM CST   SUNSET   523 PM CST
JANUARY 27 2015.......SUNRISE   707 AM CST   SUNSET   524 PM CST


-  INDICATES NEGATIVE NUMBERS.
R  INDICATES RECORD WAS SET OR TIED.
MM INDICATES DATA IS MISSING.
T  INDICATES TRACE AMOUNT.




$$






U.S. Dept. of Commerce
NOAA National Weather Service
1325 East West Highway
Silver Spring, MD 20910
E-mail: w-nws.webmaster@noaa.gov
Page last modified: May 16, 2007
NATIONAL WEATHER SERVICE: for Safety, for Work, for Fun - FOR LIFE