436
CDUS42 KJAX 160541
CLIJAX


CLIMATE REPORT
NATIONAL WEATHER SERVICE JACKSONVILLE
131 AM EDT WED APR 16 2014


...................................

...THE JACKSONVILLE CLIMATE SUMMARY FOR APRIL 15 2014...

CLIMATE NORMAL PERIOD 1981 TO 2010
CLIMATE RECORD PERIOD 1871 TO 2014


WEATHER ITEM   OBSERVED TIME   RECORD YEAR NORMAL DEPARTURE LAST
                VALUE   (LST)  VALUE       VALUE  FROM      YEAR
                                                  NORMAL
..................................................................
TEMPERATURE (F)
 YESTERDAY
  MAXIMUM         77    258 PM  90    2006  79     -2       84
                                      2001
                                      1972
  MINIMUM         49   1159 PM  39    2004  54     -5       62
  AVERAGE         63                        67     -4       73

PRECIPITATION (IN)
  YESTERDAY        1.61          2.08 1929   0.08   1.53     0.00
  MONTH TO DATE    4.22                      1.47   2.75     1.67
  SINCE MAR 1      8.87                      5.42   3.45     4.74
  SINCE JAN 1     18.58                     11.91   6.67    10.46

SNOWFALL (IN)
  YESTERDAY        0.0           0.0  2002   0.0    0.0      0.0
                                      2001
  MONTH TO DATE    0.0                       0.0    0.0      0.0
  SINCE MAR 1      0.0                       T      0.0      0.0
  SINCE JUL 1      0.0                       T      0.0      0.0
  SNOW DEPTH       0

DEGREE DAYS
 HEATING
  YESTERDAY        2                         2      0        0
  MONTH TO DATE    7                        38    -31       19
  SINCE MAR 1    206                       194     12      323
  SINCE JUL 1   1283                      1327    -44     1216

 COOLING
  YESTERDAY        0                         4     -4        8
  MONTH TO DATE   52                        44      8       60
  SINCE MAR 1     80                        98    -18       76
  SINCE JAN 1    110                       127    -17      152
..................................................................


WIND (MPH)
  HIGHEST WIND SPEED    26   HIGHEST WIND DIRECTION     W (290)
  HIGHEST GUST SPEED    35   HIGHEST GUST DIRECTION    SW (230)
  AVERAGE WIND SPEED     9.8


SKY COVER
  POSSIBLE SUNSHINE  MM
  AVERAGE SKY COVER 0.9


WEATHER CONDITIONS
 THE FOLLOWING WEATHER WAS RECORDED YESTERDAY.
  HEAVY RAIN
  RAIN
  LIGHT RAIN
  FOG


RELATIVE HUMIDITY (PERCENT)
 HIGHEST   100          1000 AM
 LOWEST     74          1100 PM
 AVERAGE    87

..........................................................


THE JACKSONVILLE CLIMATE NORMALS FOR TODAY
                         NORMAL    RECORD    YEAR
 MAXIMUM TEMPERATURE (F)   79        90      1972
 MINIMUM TEMPERATURE (F)   55        40      2008


SUNRISE AND SUNSET
APRIL 16 2014.........SUNRISE   658 AM EDT   SUNSET   755 PM EDT
APRIL 17 2014.........SUNRISE   657 AM EDT   SUNSET   756 PM EDT


-  INDICATES NEGATIVE NUMBERS.
R  INDICATES RECORD WAS SET OR TIED.
MM INDICATES DATA IS MISSING.
T  INDICATES TRACE AMOUNT.




$$





U.S. Dept. of Commerce
NOAA National Weather Service
1325 East West Highway
Silver Spring, MD 20910
E-mail: w-nws.webmaster@noaa.gov
Page last modified: May 16, 2007
NATIONAL WEATHER SERVICE: for Safety, for Work, for Fun - FOR LIFE