901
CDUS42 KJAX 230531
CLIJAX


CLIMATE REPORT
NATIONAL WEATHER SERVICE JACKSONVILLE FL
1231 AM EST SUN NOV 23 2014


...................................

...THE JACKSONVILLE CLIMATE SUMMARY FOR NOVEMBER 22 2014...

CLIMATE NORMAL PERIOD 1981 TO 2010
CLIMATE RECORD PERIOD 1871 TO 2014


WEATHER ITEM   OBSERVED TIME   RECORD YEAR NORMAL DEPARTURE LAST
                VALUE   (LST)  VALUE       VALUE  FROM      YEAR
                                                  NORMAL
..................................................................
TEMPERATURE (F)
 YESTERDAY
  MAXIMUM         72   1205 PM  84    1973  72      0       79
  MINIMUM         51   1222 AM  25    2000  49      2       62
  AVERAGE         62                        61      1       71

PRECIPITATION (IN)
  YESTERDAY        T             2.08 1988   0.06  -0.06     0.08
  MONTH TO DATE    0.95                      1.55  -0.60     1.31
  SINCE SEP 1     12.62                     13.67  -1.05     6.47
  SINCE JAN 1     48.71                     49.03  -0.32    42.83

SNOWFALL (IN)
  YESTERDAY        0.0           0.0  2001   0.0    0.0      0.0
  MONTH TO DATE    0.0                       0.0    0.0      0.0
  SINCE SEP 1      0.0                       0.0    0.0      0.0
  SINCE JUL 1      0.0                       0.0    0.0      0.0
  SNOW DEPTH       0

DEGREE DAYS
 HEATING
  YESTERDAY        3                         6     -3        0
  MONTH TO DATE  194                        91    103       58
  SINCE SEP 1    215                       119     96       79
  SINCE JUL 1    215                       119     96       79

 COOLING
  YESTERDAY        0                         1     -1        6
  MONTH TO DATE    9                        51    -42       53
  SINCE SEP 1    569                       644    -75      662
  SINCE JAN 1   2557                      2634    -77     2591
..................................................................


WIND (MPH)
  HIGHEST WIND SPEED    23   HIGHEST WIND DIRECTION     E (90)
  HIGHEST GUST SPEED    28   HIGHEST GUST DIRECTION     E (100)
  AVERAGE WIND SPEED    10.1


SKY COVER
  POSSIBLE SUNSHINE  MM
  AVERAGE SKY COVER 0.8


WEATHER CONDITIONS
 THE FOLLOWING WEATHER WAS RECORDED YESTERDAY.
  LIGHT RAIN


RELATIVE HUMIDITY (PERCENT)
 HIGHEST   100           100 AM
 LOWEST     68          1200 PM
 AVERAGE    84

..........................................................


THE JACKSONVILLE CLIMATE NORMALS FOR TODAY
                         NORMAL    RECORD    YEAR
 MAXIMUM TEMPERATURE (F)   72        84      1992
                                             1941
 MINIMUM TEMPERATURE (F)   49        28      2000


SUNRISE AND SUNSET
NOVEMBER 23 2014......SUNRISE   659 AM EST   SUNSET   527 PM EST
NOVEMBER 24 2014......SUNRISE   700 AM EST   SUNSET   526 PM EST


-  INDICATES NEGATIVE NUMBERS.
R  INDICATES RECORD WAS SET OR TIED.
MM INDICATES DATA IS MISSING.
T  INDICATES TRACE AMOUNT.




$$





U.S. Dept. of Commerce
NOAA National Weather Service
1325 East West Highway
Silver Spring, MD 20910
E-mail: w-nws.webmaster@noaa.gov
Page last modified: May 16, 2007
NATIONAL WEATHER SERVICE: for Safety, for Work, for Fun - FOR LIFE