619
CDUS42 KJAX 260531
CLIJAX


CLIMATE REPORT
NATIONAL WEATHER SERVICE JACKSONVILLE FL
131 AM EDT SUN OCT 26 2014


...................................

...THE JACKSONVILLE CLIMATE SUMMARY FOR OCTOBER 25 2014...

CLIMATE NORMAL PERIOD 1981 TO 2010
CLIMATE RECORD PERIOD 1871 TO 2014


WEATHER ITEM   OBSERVED TIME   RECORD YEAR NORMAL DEPARTURE LAST
                VALUE   (LST)  VALUE       VALUE  FROM      YEAR
                                                  NORMAL
..................................................................
TEMPERATURE (F)
 YESTERDAY
  MAXIMUM         77    402 PM  89    2010  78     -1       73
  MINIMUM         47    643 AM  38    2006  57    -10       48
  AVERAGE         62                        68     -6       61

PRECIPITATION (IN)
  YESTERDAY        0.00          4.76 1921   0.08  -0.08     0.00
  MONTH TO DATE    1.87                      3.49  -1.62     1.58
  SINCE SEP 1     11.67                     11.68  -0.01     5.16
  SINCE JAN 1     47.76                     47.04   0.72    41.52

SNOWFALL (IN)
  YESTERDAY        0.0           0.0  2002   0.0    0.0      0.0
                                      2001
  MONTH TO DATE    0.0                       0.0    0.0      0.0
  SINCE SEP 1      0.0                       0.0    0.0      0.0
  SINCE JUL 1      0.0                       0.0    0.0      0.0
  SNOW DEPTH       0

DEGREE DAYS
 HEATING
  YESTERDAY        3                         2      1        4
  MONTH TO DATE   19                        14      5       10
  SINCE SEP 1     19                        14      5       10
  SINCE JUL 1     19                        14      5       10

 COOLING
  YESTERDAY        0                         4     -4        0
  MONTH TO DATE  146                       175    -29      189
  SINCE SEP 1    537                       571    -34      599
  SINCE JAN 1   2525                      2561    -36     2528
..................................................................


WIND (MPH)
  HIGHEST WIND SPEED    10   HIGHEST WIND DIRECTION    NW (320)
  HIGHEST GUST SPEED    14   HIGHEST GUST DIRECTION     N (20)
  AVERAGE WIND SPEED     3.4


SKY COVER
  POSSIBLE SUNSHINE  MM
  AVERAGE SKY COVER 0.0


WEATHER CONDITIONS
 THE FOLLOWING WEATHER WAS RECORDED YESTERDAY.
  NO SIGNIFICANT WEATHER WAS OBSERVED.


RELATIVE HUMIDITY (PERCENT)
 HIGHEST   100          1200 AM
 LOWEST     33           200 PM
 AVERAGE    67

..........................................................


THE JACKSONVILLE CLIMATE NORMALS FOR TODAY
                         NORMAL    RECORD    YEAR
 MAXIMUM TEMPERATURE (F)   78        89      2010
 MINIMUM TEMPERATURE (F)   57        38      1980


SUNRISE AND SUNSET
OCTOBER 26 2014.......SUNRISE   737 AM EDT   SUNSET   644 PM EDT
OCTOBER 27 2014.......SUNRISE   738 AM EDT   SUNSET   643 PM EDT


-  INDICATES NEGATIVE NUMBERS.
R  INDICATES RECORD WAS SET OR TIED.
MM INDICATES DATA IS MISSING.
T  INDICATES TRACE AMOUNT.




$$





U.S. Dept. of Commerce
NOAA National Weather Service
1325 East West Highway
Silver Spring, MD 20910
E-mail: w-nws.webmaster@noaa.gov
Page last modified: May 16, 2007
NATIONAL WEATHER SERVICE: for Safety, for Work, for Fun - FOR LIFE