587
CDUS44 KJAN 200918
CLIJAN


CLIMATE REPORT
NATIONAL WEATHER SERVICE JACKSON MS
316 AM CST SAT DEC 20 2014


...................................

...THE JACKSON CLIMATE SUMMARY FOR DECEMBER 19 2014...

CLIMATE NORMAL PERIOD 1981 TO 2010
CLIMATE RECORD PERIOD 1896 TO 2014


WEATHER ITEM   OBSERVED TIME   RECORD YEAR NORMAL DEPARTURE LAST
                VALUE   (LST)  VALUE       VALUE  FROM      YEAR
                                                  NORMAL
..................................................................
TEMPERATURE (F)
 YESTERDAY
  MAXIMUM         49   1016 AM  76    2012  57     -8       69
                                      1984
  MINIMUM         45    843 PM  14    1901  37      8       37
  AVERAGE         47                        47      0       53

PRECIPITATION (IN)
  YESTERDAY        0.30          1.48 1987   0.16   0.14     0.00
  MONTH TO DATE    0.80                      3.27  -2.47     2.02
  SINCE DEC 1      0.80                      3.27  -2.47     2.02
  SINCE JAN 1     53.06                     52.26   0.80    61.78

SNOWFALL (IN)
  YESTERDAY        0.0           T    2000   0.0    0.0      0.0
                                      1946
                                      1932
  MONTH TO DATE    0.0                       0.2   -0.2      0.0
  SINCE DEC 1      0.0                       0.2   -0.2      0.0
  SINCE JUL 1      0.0                       0.2   -0.2      0.0

DEGREE DAYS
 HEATING
  YESTERDAY       18                        18      0       12
  MONTH TO DATE  241                       313    -72      339
  SINCE DEC 1    241                       313    -72      339
  SINCE JUL 1    741                       721     20      801

 COOLING
  YESTERDAY        0                         0      0        0
  MONTH TO DATE    2                         0      2        8
  SINCE DEC 1      2                         0      2        8
  SINCE JAN 1   2285                      2253     32     2355
..................................................................


WIND (MPH)
  HIGHEST WIND SPEED    12   HIGHEST WIND DIRECTION     N (10)
  HIGHEST GUST SPEED    16   HIGHEST GUST DIRECTION     E (110)
  AVERAGE WIND SPEED     5.0


SKY COVER
  POSSIBLE SUNSHINE  MM
  AVERAGE SKY COVER 1.0


WEATHER CONDITIONS
 THE FOLLOWING WEATHER WAS RECORDED YESTERDAY.
  RAIN
  LIGHT RAIN
  FOG


RELATIVE HUMIDITY (PERCENT)
 HIGHEST    93          1200 AM
 LOWEST     61           800 AM
 AVERAGE    77

..........................................................


THE JACKSON CLIMATE NORMALS FOR TODAY
                         NORMAL    RECORD    YEAR
 MAXIMUM TEMPERATURE (F)   57        81      1978
 MINIMUM TEMPERATURE (F)   37        13      1901


SUNRISE AND SUNSET
DECEMBER 20 2014......SUNRISE   657 AM CST   SUNSET   459 PM CST
DECEMBER 21 2014......SUNRISE   658 AM CST   SUNSET   459 PM CST


-  INDICATES NEGATIVE NUMBERS.
R  INDICATES RECORD WAS SET OR TIED.
MM INDICATES DATA IS MISSING.
T  INDICATES TRACE AMOUNT.

AT 3 AM:

THE PEARL RIVER STAGE AT JACKSON WAS 6.7 FEET. THE RIVER HAS RISEN 0.8 FEET
OVER THE PAST 24 HOURS.

THE MISSISSIPPI RIVER STAGE AT VICKSBURG WAS 25.5 FEET. THE RIVER
HAS RISEN 0.1 FEET OVER THE PAST 24 HOURS.


$$






U.S. Dept. of Commerce
NOAA National Weather Service
1325 East West Highway
Silver Spring, MD 20910
E-mail: w-nws.webmaster@noaa.gov
Page last modified: May 16, 2007
NATIONAL WEATHER SERVICE: for Safety, for Work, for Fun - FOR LIFE