128
CDUS44 KJAN 230639
CLIJAN


CLIMATE REPORT
NATIONAL WEATHER SERVICE JACKSON MS
135 AM CDT THU OCT 23 2014


...................................

...THE JACKSON CLIMATE SUMMARY FOR OCTOBER 22 2014...

CLIMATE NORMAL PERIOD 1981 TO 2010
CLIMATE RECORD PERIOD 1896 TO 2014


WEATHER ITEM   OBSERVED TIME   RECORD YEAR NORMAL DEPARTURE LAST
                VALUE   (LST)  VALUE       VALUE  FROM      YEAR
                                                  NORMAL
..................................................................
TEMPERATURE (F)
 YESTERDAY
  MAXIMUM         75    323 PM  92    1941  75      0       73
  MINIMUM         46    442 AM  31    1987  51     -5       48
                                      1916
  AVERAGE         61                        63     -2       61

PRECIPITATION (IN)
  YESTERDAY        0.00          1.50 1972   0.13  -0.13     0.00
  MONTH TO DATE    2.98                      2.76   0.22     0.51
  SINCE SEP 1      4.70                      5.79  -1.09     7.88
  SINCE JAN 1     48.38                     43.07   5.31    51.54

SNOWFALL (IN)
  YESTERDAY        0.0           0.0  2002   0.0    0.0      0.0
                                      2001
  MONTH TO DATE    0.0                       0.0    0.0      0.0
  SINCE SEP 1      0.0                       0.0    0.0      0.0
  SINCE JUL 1      0.0                       0.0    0.0      0.0

DEGREE DAYS
 HEATING
  YESTERDAY        4                         4      0        4
  MONTH TO DATE   29                        52    -23       40
  SINCE SEP 1     29                        59    -30       40
  SINCE JUL 1     29                        59    -30       40

 COOLING
  YESTERDAY        0                         2     -2        0
  MONTH TO DATE  136                        88     48      127
  SINCE SEP 1    535                       415    120      550
  SINCE JAN 1   2265                      2214     51     2314
..................................................................


WIND (MPH)
  HIGHEST WIND SPEED    15   HIGHEST WIND DIRECTION     N (360)
  HIGHEST GUST SPEED    19   HIGHEST GUST DIRECTION     N (340)
  AVERAGE WIND SPEED     6.2


SKY COVER
  POSSIBLE SUNSHINE  MM
  AVERAGE SKY COVER 0.0


WEATHER CONDITIONS
 THE FOLLOWING WEATHER WAS RECORDED YESTERDAY.
  FOG


RELATIVE HUMIDITY (PERCENT)
 HIGHEST   100           400 AM
 LOWEST     36           300 PM
 AVERAGE    68

..........................................................


THE JACKSON CLIMATE NORMALS FOR TODAY
                         NORMAL    RECORD    YEAR
 MAXIMUM TEMPERATURE (F)   75        95      1899
 MINIMUM TEMPERATURE (F)   51        32      1916
                                             1911


SUNRISE AND SUNSET
OCTOBER 23 2014.......SUNRISE   710 AM CDT   SUNSET   619 PM CDT
OCTOBER 24 2014.......SUNRISE   711 AM CDT   SUNSET   618 PM CDT


-  INDICATES NEGATIVE NUMBERS.
R  INDICATES RECORD WAS SET OR TIED.
MM INDICATES DATA IS MISSING.
T  INDICATES TRACE AMOUNT.

&&

AT 2 AM:

THE PEARL RIVER STAGE AT JACKSON WAS 3.7 FEET. THE STAGE HAS
REMAINED STEADY OVER THE PAST 24 HOURS.

THE MISSISSIPPI RIVER STAGE AT VICKSBURG WAS 26.6 FEET. THE RIVER
HAS RISEN 1.0 FEET OVER THE PAST 24 HOURS.


$$






U.S. Dept. of Commerce
NOAA National Weather Service
1325 East West Highway
Silver Spring, MD 20910
E-mail: w-nws.webmaster@noaa.gov
Page last modified: May 16, 2007
NATIONAL WEATHER SERVICE: for Safety, for Work, for Fun - FOR LIFE