286
CDUS44 KJAN 170737
CLIJAN


CLIMATE REPORT
NATIONAL WEATHER SERVICE JACKSON MS
235 AM CDT THU APR 17 2014


...................................

...THE JACKSON CLIMATE SUMMARY FOR APRIL 16 2014...

CLIMATE NORMAL PERIOD 1981 TO 2010
CLIMATE RECORD PERIOD 1896 TO 2014


WEATHER ITEM   OBSERVED TIME   RECORD YEAR NORMAL DEPARTURE LAST
                VALUE   (LST)  VALUE       VALUE  FROM      YEAR
                                                  NORMAL
..................................................................
TEMPERATURE (F)
 YESTERDAY
  MAXIMUM         66    409 PM  92    1925  76    -10       85
  MINIMUM         37    615 AM  33    1983  52    -15       71
  AVERAGE         52                        64    -12       78

PRECIPITATION (IN)
  YESTERDAY        0.00          6.30 1921   0.17  -0.17     0.00
  MONTH TO DATE   10.41                      2.85   7.56     2.37
  SINCE MAR 1     16.06                      7.89   8.17     7.96
  SINCE JAN 1     23.11                     17.62   5.49    25.40

SNOWFALL (IN)
  YESTERDAY        0.0           0.0    MM   0.0    0.0      0.0
  MONTH TO DATE    0.0                       0.0    0.0      0.0
  SINCE MAR 1      T                         0.1   -0.1       T
  SINCE JUL 1      0.8                       0.8    0.0      1.7

DEGREE DAYS
 HEATING
  YESTERDAY       13                         3     10        0
  MONTH TO DATE   94                        77     17       67
  SINCE MAR 1    437                       355     82      459
  SINCE JUL 1   2703                      2347    356     2210

 COOLING
  YESTERDAY        0                         3     -3       13
  MONTH TO DATE   33                        33      0       48
  SINCE MAR 1     37                        60    -23       51
  SINCE JAN 1     43                        70    -27       65
..................................................................


WIND (MPH)
  HIGHEST WIND SPEED    13   HIGHEST WIND DIRECTION     E (70)
  HIGHEST GUST SPEED    17   HIGHEST GUST DIRECTION     E (110)
  AVERAGE WIND SPEED     4.8


SKY COVER
  POSSIBLE SUNSHINE  MM
  AVERAGE SKY COVER 0.2


WEATHER CONDITIONS
 THE FOLLOWING WEATHER WAS RECORDED YESTERDAY.
  NO SIGNIFICANT WEATHER WAS OBSERVED.


RELATIVE HUMIDITY (PERCENT)
 HIGHEST    76           400 AM
 LOWEST     26           400 PM
 AVERAGE    51

..........................................................


THE JACKSON CLIMATE NORMALS FOR TODAY
                         NORMAL    RECORD    YEAR
 MAXIMUM TEMPERATURE (F)   76        91      1925
                                             1901
 MINIMUM TEMPERATURE (F)   52        37      1951
                                             1905
                                             1897


SUNRISE AND SUNSET
APRIL 17 2014.........SUNRISE   629 AM CDT   SUNSET   731 PM CDT
APRIL 18 2014.........SUNRISE   628 AM CDT   SUNSET   732 PM CDT


-  INDICATES NEGATIVE NUMBERS.
R  INDICATES RECORD WAS SET OR TIED.
MM INDICATES DATA IS MISSING.
T  INDICATES TRACE AMOUNT.

&&

AT 2 AM:

THE PEARL RIVER STAGE AT JACKSON WAS 32.8 FEET. THE RIVER HAS
FALLEN 0.3 FEET OVER THE PAST 24 HOURS.

THE MISSISSIPPI RIVER STAGE AT VICKSBURG WAS 37.7 FEET. THE RIVER
HAS RISEN 0.5 FEET OVER THE PAST 24 HOURS.

$$






U.S. Dept. of Commerce
NOAA National Weather Service
1325 East West Highway
Silver Spring, MD 20910
E-mail: w-nws.webmaster@noaa.gov
Page last modified: May 16, 2007
NATIONAL WEATHER SERVICE: for Safety, for Work, for Fun - FOR LIFE