178
CDUS44 KJAN 230921
CLIJAN


CLIMATE REPORT
NATIONAL WEATHER SERVICE JACKSON MS
419 AM CDT WED APR 23 2014


...................................

...THE JACKSON CLIMATE SUMMARY FOR APRIL 22 2014...

CLIMATE NORMAL PERIOD 1981 TO 2010
CLIMATE RECORD PERIOD 1896 TO 2014


WEATHER ITEM   OBSERVED TIME   RECORD YEAR NORMAL DEPARTURE LAST
                VALUE   (LST)  VALUE       VALUE  FROM      YEAR
                                                  NORMAL
..................................................................
TEMPERATURE (F)
 YESTERDAY
  MAXIMUM         79    410 PM  92    1925  77      2       78
  MINIMUM         57   1159 PM  36    1993  54      3       46
  AVERAGE         68                        66      2       62

PRECIPITATION (IN)
  YESTERDAY        0.01          4.55 1928   0.15  -0.14     0.00
  MONTH TO DATE   10.42                      3.83   6.59     3.41
  SINCE MAR 1     16.07                      8.87   7.20     9.00
  SINCE JAN 1     23.12                     18.60   4.52    26.44

SNOWFALL (IN)
  YESTERDAY        0.0           0.0    MM   0.0    0.0      0.0
  MONTH TO DATE    0.0                       0.0    0.0      0.0
  SINCE MAR 1      T                         0.1   -0.1       T
  SINCE JUL 1      0.8                       0.8    0.0      1.7

DEGREE DAYS
 HEATING
  YESTERDAY        0                         2     -2        3
  MONTH TO DATE  108                        94     14      101
  SINCE MAR 1    451                       372     79      493
  SINCE JUL 1   2717                      2364    353     2244

 COOLING
  YESTERDAY        3                         3      0        0
  MONTH TO DATE   41                        51    -10       65
  SINCE MAR 1     45                        78    -33       68
  SINCE JAN 1     51                        88    -37       82
..................................................................


WIND (MPH)
  HIGHEST WIND SPEED    10   HIGHEST WIND DIRECTION    NW (330)
  HIGHEST GUST SPEED    15   HIGHEST GUST DIRECTION     W (290)
  AVERAGE WIND SPEED     4.4


SKY COVER
  POSSIBLE SUNSHINE  MM
  AVERAGE SKY COVER 0.5


WEATHER CONDITIONS
 THE FOLLOWING WEATHER WAS RECORDED YESTERDAY.
  THUNDERSTORM
  LIGHT RAIN
  FOG
  FOG W/VISIBILITY <= 1/4 MILE


RELATIVE HUMIDITY (PERCENT)
 HIGHEST   100          1100 PM
 LOWEST     56           400 PM
 AVERAGE    78

..........................................................


THE JACKSON CLIMATE NORMALS FOR TODAY
                         NORMAL    RECORD    YEAR
 MAXIMUM TEMPERATURE (F)   78        93      1925
 MINIMUM TEMPERATURE (F)   54        35      1903


SUNRISE AND SUNSET
APRIL 23 2014.........SUNRISE   622 AM CDT   SUNSET   736 PM CDT
APRIL 24 2014.........SUNRISE   621 AM CDT   SUNSET   736 PM CDT


-  INDICATES NEGATIVE NUMBERS.
R  INDICATES RECORD WAS SET OR TIED.
MM INDICATES DATA IS MISSING.
T  INDICATES TRACE AMOUNT.

$$

AT 4 AM:

THE PEARL RIVER STAGE AT JACKSON WAS 27.0 FEET. THE RIVER HAS
FALLEN 1.8 FEET OVER THE PAST 24 HOURS.

THE MISSISSIPPI RIVER STAGE AT VICKSBURG WAS 38.0 FEET. THE RIVER
HAS FALLEN 0.3 FEET OVER THE PAST 24 HOURS.


$$






U.S. Dept. of Commerce
NOAA National Weather Service
1325 East West Highway
Silver Spring, MD 20910
E-mail: w-nws.webmaster@noaa.gov
Page last modified: May 16, 2007
NATIONAL WEATHER SERVICE: for Safety, for Work, for Fun - FOR LIFE