667
CDUS43 KGLD 310744
CLIITR

CLIMATE REPORT
NATIONAL WEATHER SERVICE GOODLAND
142 AM MDT THU JUL 31 2014

...................................

...THE BURLINGTON CO CLIMATE SUMMARY FOR JULY 30 2014...

CLIMATE NORMAL PERIOD 1981 TO 2010
CLIMATE RECORD PERIOD 1896 TO 2014

WEATHER ITEM   OBSERVED TIME   RECORD YEAR NORMAL DEPARTURE LAST
                VALUE   (LST)  VALUE       VALUE  FROM      YEAR
                                                  NORMAL
..................................................................
TEMPERATURE (F)
 YESTERDAY
  MAXIMUM         69    348 PM 101    2005  88    -19       91
  MINIMUM         59   1159 PM  51    1971  61     -2       61
  AVERAGE         64                        75    -11       76

PRECIPITATION (IN)
  YESTERDAY        T                         0.07  -0.07     0.00
  MONTH TO DATE    2.68                      3.05  -0.37     0.90
  SINCE JUN 1      5.04                      5.93  -0.89     2.89
  SINCE JAN 1      7.96                     11.66  -3.70     8.49

..................................................................

THE BURLINGTON CO CLIMATE NORMALS FOR TODAY
                         NORMAL    RECORD    YEAR
 MAXIMUM TEMPERATURE (F)   88       102      2002
 MINIMUM TEMPERATURE (F)   61        44      1925

-  INDICATES NEGATIVE NUMBERS.
R  INDICATES RECORD WAS SET OR TIED.
MM INDICATES DATA IS MISSING.
T  INDICATES TRACE AMOUNT.

$$








U.S. Dept. of Commerce
NOAA National Weather Service
1325 East West Highway
Silver Spring, MD 20910
E-mail: w-nws.webmaster@noaa.gov
Page last modified: May 16, 2007
NATIONAL WEATHER SERVICE: for Safety, for Work, for Fun - FOR LIFE