611
CDUS43 KGLD 170740
CLIITR

CLIMATE REPORT
NATIONAL WEATHER SERVICE GOODLAND
137 AM MDT WED SEP 17 2014

...................................

...THE BURLINGTON CO CLIMATE SUMMARY FOR SEPTEMBER 16 2014...

CLIMATE NORMAL PERIOD 1981 TO 2010
CLIMATE RECORD PERIOD 1896 TO 2014

WEATHER ITEM   OBSERVED TIME   RECORD YEAR NORMAL DEPARTURE LAST
                VALUE   (LST)  VALUE       VALUE  FROM      YEAR
                                                  NORMAL
..................................................................
TEMPERATURE (F)
 YESTERDAY
  MAXIMUM         91    234 PM  96    1955  78     13       60
  MINIMUM         54   1159 PM  30    1951  48      6       53
  AVERAGE         73                        63     10       57

PRECIPITATION (IN)
  YESTERDAY        0.00                      0.04  -0.04     0.04
  MONTH TO DATE    0.37                      0.68  -0.31     5.30
  SINCE SEP 1      0.37                      0.68  -0.31     5.30
  SINCE JAN 1     10.27                     14.83  -4.56    15.75

..................................................................

THE BURLINGTON CO CLIMATE NORMALS FOR TODAY
                         NORMAL    RECORD    YEAR
 MAXIMUM TEMPERATURE (F)   78        96      2000
                                             1954
 MINIMUM TEMPERATURE (F)   48        34      1971

-  INDICATES NEGATIVE NUMBERS.
R  INDICATES RECORD WAS SET OR TIED.
MM INDICATES DATA IS MISSING.
T  INDICATES TRACE AMOUNT.

$$




U.S. Dept. of Commerce
NOAA National Weather Service
1325 East West Highway
Silver Spring, MD 20910
E-mail: w-nws.webmaster@noaa.gov
Page last modified: May 16, 2007
NATIONAL WEATHER SERVICE: for Safety, for Work, for Fun - FOR LIFE