675
CDUS43 KGLD 210056
CLIITR

CLIMATE REPORT
NATIONAL WEATHER SERVICE GOODLAND
648 PM MDT MON OCT 20 2014


...................................

...THE BURLINGTON CO CLIMATE SUMMARY FOR OCTOBER 20 2014...
VALID TODAY AS OF 0600 PM LOCAL TIME.

CLIMATE NORMAL PERIOD 1981 TO 2010
CLIMATE RECORD PERIOD 1896 TO 2014


WEATHER ITEM   OBSERVED TIME   RECORD YEAR NORMAL DEPARTURE LAST
                VALUE   (LST)  VALUE       VALUE  FROM      YEAR
                                                  NORMAL
..................................................................
TEMPERATURE (F)
 TODAY
  MAXIMUM         75    225 PM  90    1921  64     11       53
  MINIMUM         37    610 AM  20    1982  35      2       33
  AVERAGE         56                        49      7       43

PRECIPITATION (IN)
  TODAY            0.00                      0.05  -0.05     0.00
  MONTH TO DATE    0.69                      0.81  -0.12     0.62
  SINCE SEP 1      1.76                      1.95  -0.19     6.07
  SINCE JAN 1     11.66                     16.10  -4.44    16.52

..................................................................

THE BURLINGTON CO CLIMATE NORMALS FOR TOMORROW
                         NORMAL    RECORD    YEAR
 MAXIMUM TEMPERATURE (F)   63        87      1940
 MINIMUM TEMPERATURE (F)   35        22      1932



-  INDICATES NEGATIVE NUMBERS.
R  INDICATES RECORD WAS SET OR TIED.
MM INDICATES DATA IS MISSING.
T  INDICATES TRACE AMOUNT.

$$




U.S. Dept. of Commerce
NOAA National Weather Service
1325 East West Highway
Silver Spring, MD 20910
E-mail: w-nws.webmaster@noaa.gov
Page last modified: May 16, 2007
NATIONAL WEATHER SERVICE: for Safety, for Work, for Fun - FOR LIFE