348
CDUS43 KGLD 200747
CLIITR

CLIMATE REPORT
NATIONAL WEATHER SERVICE GOODLAND
1244 AM MST SAT DEC 20 2014

...................................

...THE BURLINGTON CO CLIMATE SUMMARY FOR DECEMBER 19 2014...

CLIMATE NORMAL PERIOD 1981 TO 2010
CLIMATE RECORD PERIOD 1896 TO 2014

WEATHER ITEM   OBSERVED TIME   RECORD YEAR NORMAL DEPARTURE LAST
                VALUE   (LST)  VALUE       VALUE  FROM      YEAR
                                                  NORMAL
..................................................................
TEMPERATURE (F)
 YESTERDAY
  MAXIMUM         46    217 PM  70    1979  41      5       47
  MINIMUM         21    408 AM -18    1924  15      6       16
  AVERAGE         34                        28      6       32

PRECIPITATION (IN)
  YESTERDAY        0.00                      0.01  -0.01     0.00
  MONTH TO DATE    0.73                      0.29   0.44     0.06
  SINCE DEC 1      0.73                      0.29   0.44     0.06
  SINCE JAN 1     12.41                     17.32  -4.91    16.77

..................................................................

THE BURLINGTON CO CLIMATE NORMALS FOR TODAY
                         NORMAL    RECORD    YEAR
 MAXIMUM TEMPERATURE (F)   41        68      1981
 MINIMUM TEMPERATURE (F)   15       -14      1951

-  INDICATES NEGATIVE NUMBERS.
R  INDICATES RECORD WAS SET OR TIED.
MM INDICATES DATA IS MISSING.
T  INDICATES TRACE AMOUNT.

$$




U.S. Dept. of Commerce
NOAA National Weather Service
1325 East West Highway
Silver Spring, MD 20910
E-mail: w-nws.webmaster@noaa.gov
Page last modified: May 16, 2007
NATIONAL WEATHER SERVICE: for Safety, for Work, for Fun - FOR LIFE