797
CDUS43 KGLD 310037 RRA
CLIITR

CLIMATE REPORT
NATIONAL WEATHER SERVICE GOODLAND
636 PM MDT SAT AUG 30 2014


...................................

...THE BURLINGTON CO CLIMATE SUMMARY FOR AUGUST 30 2014...
VALID TODAY AS OF 0600 PM LOCAL TIME.

CLIMATE NORMAL PERIOD 1981 TO 2010
CLIMATE RECORD PERIOD 1896 TO 2014


WEATHER ITEM   OBSERVED TIME   RECORD YEAR NORMAL DEPARTURE LAST
                VALUE   (LST)  VALUE       VALUE  FROM      YEAR
                                                  NORMAL
..................................................................
TEMPERATURE (F)
 TODAY
  MAXIMUM         89    412 PM 102    1990  84      5      100
  MINIMUM         53    535 AM  45    2004  55     -2       63
  AVERAGE         71                        69      2       82

PRECIPITATION (IN)
  TODAY            0.00                      0.08  -0.08      T
  MONTH TO DATE    1.88                      2.34  -0.46     1.86
  SINCE JUN 1      6.92                      8.35  -1.43     4.79
  SINCE JAN 1      9.84                     14.08  -4.24    10.39

..................................................................


THE BURLINGTON CO CLIMATE NORMALS FOR TOMORROW
                         NORMAL    RECORD    YEAR
 MAXIMUM TEMPERATURE (F)   83        99      1985
 MINIMUM TEMPERATURE (F)   54        41      1956



-  INDICATES NEGATIVE NUMBERS.
R  INDICATES RECORD WAS SET OR TIED.
MM INDICATES DATA IS MISSING.
T  INDICATES TRACE AMOUNT.

$$




U.S. Dept. of Commerce
NOAA National Weather Service
1325 East West Highway
Silver Spring, MD 20910
E-mail: w-nws.webmaster@noaa.gov
Page last modified: May 16, 2007
NATIONAL WEATHER SERVICE: for Safety, for Work, for Fun - FOR LIFE