143
CDUS43 KGLD 260742 RRB
CLIITR

CLIMATE REPORT
NATIONAL WEATHER SERVICE GOODLAND
1238 AM MST MON JAN 26 2015


...................................

...THE BURLINGTON CO CLIMATE SUMMARY FOR JANUARY 25 2015...

CLIMATE NORMAL PERIOD 1981 TO 2010
CLIMATE RECORD PERIOD 1896 TO 2015


WEATHER ITEM   OBSERVED TIME   RECORD YEAR NORMAL DEPARTURE LAST
                VALUE   (LST)  VALUE       VALUE  FROM      YEAR
                                                  NORMAL
..................................................................
TEMPERATURE (F)
 YESTERDAY
  MAXIMUM         55    337 PM  73    2005  42     13       56
  MINIMUM         32    629 AM -10    1957  17     15       25
  AVERAGE         44                        30     14       41

PRECIPITATION (IN)
  YESTERDAY        0.00                      0.02  -0.02     0.00
  MONTH TO DATE    0.25                      0.25   0.00     0.12
  SINCE DEC 1      2.72                      0.68   2.04     0.21
  SINCE JAN 1      0.25                      0.25   0.00     0.12

..................................................................







THE BURLINGTON CO CLIMATE NORMALS FOR TODAY
                         NORMAL    RECORD    YEAR
 MAXIMUM TEMPERATURE (F)   42        72      2002
 MINIMUM TEMPERATURE (F)   17        -9      1963



-  INDICATES NEGATIVE NUMBERS.
R  INDICATES RECORD WAS SET OR TIED.
MM INDICATES DATA IS MISSING.
T  INDICATES TRACE AMOUNT.




$$




U.S. Dept. of Commerce
NOAA National Weather Service
1325 East West Highway
Silver Spring, MD 20910
E-mail: w-nws.webmaster@noaa.gov
Page last modified: May 16, 2007
NATIONAL WEATHER SERVICE: for Safety, for Work, for Fun - FOR LIFE