627
CDUS43 KGLD 230738
CLIITR

CLIMATE REPORT
NATIONAL WEATHER SERVICE GOODLAND
135 AM MDT WED APR 23 2014


...................................

...THE BURLINGTON CO CLIMATE SUMMARY FOR APRIL 22 2014...

CLIMATE NORMAL PERIOD 1981 TO 2010
CLIMATE RECORD PERIOD 1896 TO 2014


WEATHER ITEM   OBSERVED TIME   RECORD YEAR NORMAL DEPARTURE LAST
                VALUE   (LST)  VALUE       VALUE  FROM      YEAR
                                                  NORMAL
..................................................................
TEMPERATURE (F)
 YESTERDAY
  MAXIMUM         84    352 PM  93    1989  64     20       61
  MINIMUM         43    343 AM  17    1959  36      7       23
  AVERAGE         64                        50     14       42

PRECIPITATION (IN)
  YESTERDAY        0.00                      0.07  -0.07     0.35
  MONTH TO DATE    0.15                      0.94  -0.79     0.60
  SINCE MAR 1      0.36                      1.83  -1.47     2.70
  SINCE JAN 1      1.06                      2.63  -1.57     3.19

..................................................................


THE BURLINGTON CO CLIMATE NORMALS FOR TODAY
                         NORMAL    RECORD    YEAR
 MAXIMUM TEMPERATURE (F)   64        90      1924
 MINIMUM TEMPERATURE (F)   36        15      2013



-  INDICATES NEGATIVE NUMBERS.
R  INDICATES RECORD WAS SET OR TIED.
MM INDICATES DATA IS MISSING.
T  INDICATES TRACE AMOUNT.

$$








U.S. Dept. of Commerce
NOAA National Weather Service
1325 East West Highway
Silver Spring, MD 20910
E-mail: w-nws.webmaster@noaa.gov
Page last modified: May 16, 2007
NATIONAL WEATHER SERVICE: for Safety, for Work, for Fun - FOR LIFE