904
CDHW43 PHFO 251245
CLIITO


CLIMATE REPORT
NATIONAL WEATHER SERVICE HONOLULU HI
245 AM HST SAT OCT 25 2014


...................................

...THE HILO HI CLIMATE SUMMARY FOR OCTOBER 24 2014...

CLIMATE NORMAL PERIOD 1981 TO 2010
CLIMATE RECORD PERIOD 1946 TO 2014


WEATHER ITEM   OBSERVED TIME   RECORD YEAR NORMAL DEPARTURE LAST
                VALUE   (LST)  VALUE       VALUE  FROM      YEAR
                                                  NORMAL
..................................................................
TEMPERATURE (F)
 YESTERDAY
  MAXIMUM         86R   151 PM  86    2003  82      4       85
                                      1994
                                      1993
  MINIMUM         69    650 AM  62    1980  68      1       70
  AVERAGE         78                        75      3       78

PRECIPITATION (IN)
  YESTERDAY        0.02          2.55 1985   0.34  -0.32      T
  MONTH TO DATE    9.88                      7.18   2.70     4.66
  SINCE SEP 1     13.92                     17.12  -3.20     8.30
  SINCE JAN 1     95.03                     97.06  -2.03    73.18

SNOWFALL (IN)
  YESTERDAY        0.0
  MONTH TO DATE    0.0
  SINCE SEP 1      0.0
  SINCE JUL 1      0.0
  SNOW DEPTH       0

DEGREE DAYS
 HEATING
  YESTERDAY        0                         0      0        0
  MONTH TO DATE    0                         0      0        0
  SINCE SEP 1      0                         0      0        0
  SINCE JUL 1      0                         0      0        0

 COOLING
  YESTERDAY       13                        10      3       13
  MONTH TO DATE  320                       258     62      291
  SINCE SEP 1    764                       594    170      674
  SINCE JAN 1   3041                      2666    375     2887
..................................................................


WIND (MPH)
  HIGHEST WIND SPEED    14   HIGHEST WIND DIRECTION    NE (60)
  HIGHEST GUST SPEED    18   HIGHEST GUST DIRECTION    SE (140)
  AVERAGE WIND SPEED     6.0


SKY COVER
  POSSIBLE SUNSHINE  MM
  AVERAGE SKY COVER 0.3


WEATHER CONDITIONS
 THE FOLLOWING WEATHER WAS RECORDED YESTERDAY.
  LIGHT RAIN
  FOG


RELATIVE HUMIDITY (PERCENT)
 HIGHEST    93           300 AM
 LOWEST     51          1200 PM
 AVERAGE    72

..........................................................


THE HILO HI CLIMATE NORMALS FOR TODAY
                         NORMAL    RECORD    YEAR
 MAXIMUM TEMPERATURE (F)   82        87      1992
                                             1957
 MINIMUM TEMPERATURE (F)   68        64      1953


SUNRISE AND SUNSET
OCTOBER 25 2014.......SUNRISE   618 AM HST   SUNSET   550 PM HST
OCTOBER 26 2014.......SUNRISE   619 AM HST   SUNSET   549 PM HST


-  INDICATES NEGATIVE NUMBERS.
R  INDICATES RECORD WAS SET OR TIED.
MM INDICATES DATA IS MISSING.
T  INDICATES TRACE AMOUNT.




$$





U.S. Dept. of Commerce
NOAA National Weather Service
1325 East West Highway
Silver Spring, MD 20910
E-mail: w-nws.webmaster@noaa.gov
Page last modified: May 16, 2007
NATIONAL WEATHER SERVICE: for Safety, for Work, for Fun - FOR LIFE