457
CDHW43 PHFO 280245
CLIITO


CLIMATE REPORT
NATIONAL WEATHER SERVICE HONOLULU HI
445 PM HST TUE JAN 27 2015


...................................

...THE HILO HI CLIMATE SUMMARY FOR JANUARY 27 2015...
VALID TODAY AS OF 0400 PM LOCAL TIME.

CLIMATE NORMAL PERIOD 1981 TO 2010
CLIMATE RECORD PERIOD 1946 TO 2015


WEATHER ITEM   OBSERVED TIME   RECORD YEAR NORMAL DEPARTURE LAST
                VALUE   (LST)  VALUE       VALUE  FROM      YEAR
                                                  NORMAL
..................................................................
TEMPERATURE (F)
 TODAY
  MAXIMUM         81    200 PM  91    1997  79      2       83
  MINIMUM         64    707 AM  58    2009  64      0       63
                                      2007
  AVERAGE         73                        71      2       73

PRECIPITATION (IN)
  TODAY            0.01          3.10 1982   0.34  -0.33     0.41
  MONTH TO DATE    2.80                      7.94  -5.14     1.61
  SINCE DEC 1      8.90                     19.51 -10.61    21.81
  SINCE JAN 1      2.80                      7.94  -5.14     1.61

SNOWFALL (IN)
  TODAY            0.0
  MONTH TO DATE    0.0
  SINCE DEC 1      0.0
  SINCE JUL 1      0.0
  SNOW DEPTH       0

DEGREE DAYS
 HEATING
  TODAY            0                         0      0        0
  MONTH TO DATE    0                         0      0        0
  SINCE DEC 1      0                         0      0        0
  SINCE JUL 1      0                         0      0        0

 COOLING
  TODAY            8                         6      2        8
  MONTH TO DATE  218                       173     45      187
  SINCE DEC 1    459                       398     61      434
  SINCE JAN 1    218                       173     45      187
..................................................................


WIND (MPH)
  HIGHEST WIND SPEED    16   HIGHEST WIND DIRECTION     E (100)
  HIGHEST GUST SPEED    19   HIGHEST GUST DIRECTION     E (80)
  AVERAGE WIND SPEED     6.4


SKY COVER
  POSSIBLE SUNSHINE  MM
  AVERAGE SKY COVER 0.7


WEATHER CONDITIONS
 THE FOLLOWING WEATHER WAS RECORDED TODAY.
  LIGHT RAIN


RELATIVE HUMIDITY (PERCENT)
 HIGHEST    87          1200 AM
 LOWEST     52          1100 AM
 AVERAGE    70

..........................................................


THE HILO HI CLIMATE NORMALS FOR TOMORROW
                         NORMAL    RECORD    YEAR
 MAXIMUM TEMPERATURE (F)   79        92      1997
 MINIMUM TEMPERATURE (F)   64        57      2007


SUNRISE AND SUNSET
JANUARY 27 2015.......SUNRISE   657 AM HST   SUNSET   610 PM HST
JANUARY 28 2015.......SUNRISE   656 AM HST   SUNSET   610 PM HST


-  INDICATES NEGATIVE NUMBERS.
R  INDICATES RECORD WAS SET OR TIED.
MM INDICATES DATA IS MISSING.
T  INDICATES TRACE AMOUNT.




$$





U.S. Dept. of Commerce
NOAA National Weather Service
1325 East West Highway
Silver Spring, MD 20910
E-mail: w-nws.webmaster@noaa.gov
Page last modified: May 16, 2007
NATIONAL WEATHER SERVICE: for Safety, for Work, for Fun - FOR LIFE