799
CDHW43 PHFO 221245
CLIITO


CLIMATE REPORT
NATIONAL WEATHER SERVICE HONOLULU HI
245 AM HST FRI AUG 22 2014


...................................

...THE HILO HI CLIMATE SUMMARY FOR AUGUST 21 2014...

CLIMATE NORMAL PERIOD 1981 TO 2010
CLIMATE RECORD PERIOD 1946 TO 2014


WEATHER ITEM   OBSERVED TIME   RECORD YEAR NORMAL DEPARTURE LAST
                VALUE   (LST)  VALUE       VALUE  FROM      YEAR
                                                  NORMAL
..................................................................
TEMPERATURE (F)
 YESTERDAY
  MAXIMUM         85    405 PM  87    2008  83      2       84
                                      1995
                                      1987
  MINIMUM         72    711 AM  65    1979  70      2       70
                                      1966
                                      1961
  AVERAGE         79                        77      2       77

PRECIPITATION (IN)
  YESTERDAY        0.70          3.12 1978   0.32   0.38      T
  MONTH TO DATE    9.77                      6.92   2.85     8.15
  SINCE JUN 1     32.33                     25.10   7.23    16.95
  SINCE JAN 1     80.07                     77.01   3.06    63.99

SNOWFALL (IN)
  YESTERDAY        0.0
  MONTH TO DATE    0.0
  SINCE JUN 1      0.0
  SINCE JUL 1      0.0
  SNOW DEPTH       0

DEGREE DAYS
 HEATING
  YESTERDAY        0                         0      0        0
  MONTH TO DATE    0                         0      0        0
  SINCE JUN 1      0                         0      0        0
  SINCE JUL 1      0                         0      0        0

 COOLING
  YESTERDAY       14                        11      3       12
  MONTH TO DATE  279                       231     48      244
  SINCE JUN 1    891                       880     11      946
  SINCE JAN 1   2147                      1948    199     2099
..................................................................


WIND (MPH)
  HIGHEST WIND SPEED    15   HIGHEST WIND DIRECTION     E (90)
  HIGHEST GUST SPEED    17   HIGHEST GUST DIRECTION     E (100)
  AVERAGE WIND SPEED     6.1


SKY COVER
  POSSIBLE SUNSHINE  MM
  AVERAGE SKY COVER 0.8


WEATHER CONDITIONS
 THE FOLLOWING WEATHER WAS RECORDED YESTERDAY.
  HEAVY RAIN
  RAIN
  LIGHT RAIN
  FOG


RELATIVE HUMIDITY (PERCENT)
 HIGHEST   100          1200 AM
 LOWEST     61           400 PM
 AVERAGE    81

..........................................................


THE HILO HI CLIMATE NORMALS FOR TODAY
                         NORMAL    RECORD    YEAR
 MAXIMUM TEMPERATURE (F)   83        87      2007
                                             1997
                                             1987
 MINIMUM TEMPERATURE (F)   70        64      1980
                                             1956


SUNRISE AND SUNSET
AUGUST 22 2014........SUNRISE   603 AM HST   SUNSET   643 PM HST
AUGUST 23 2014........SUNRISE   603 AM HST   SUNSET   643 PM HST


-  INDICATES NEGATIVE NUMBERS.
R  INDICATES RECORD WAS SET OR TIED.
MM INDICATES DATA IS MISSING.
T  INDICATES TRACE AMOUNT.




$$





U.S. Dept. of Commerce
NOAA National Weather Service
1325 East West Highway
Silver Spring, MD 20910
E-mail: w-nws.webmaster@noaa.gov
Page last modified: May 16, 2007
NATIONAL WEATHER SERVICE: for Safety, for Work, for Fun - FOR LIFE