806
CDCA42 TJSJ 270445
CLIIST


CLIMATE REPORT
NATIONAL WEATHER SERVICE SAN JUAN, PR
1242 AM AST SAT DEC 27 2014


...................................

...THE CYRIL E. KING AIRPORT/USVI CLIMATE SUMMARY FOR DECEMBER 26 2014...

CLIMATE NORMAL PERIOD 1981 TO 2010
CLIMATE RECORD PERIOD 1953 TO 2014


WEATHER ITEM   OBSERVED TIME   RECORD YEAR NORMAL DEPARTURE LAST
                VALUE   (LST)  VALUE       VALUE  FROM      YEAR
                                                  NORMAL
..................................................................
TEMPERATURE (F)
 YESTERDAY
  MAXIMUM         86   1232 PM  92    1995  85      1       85
  MINIMUM         73    633 AM  65    1991  73      0       72
  AVERAGE         80                        79      1       79

PRECIPITATION (IN)
  YESTERDAY        T             0.55 1982   0.10  -0.10     0.00
  MONTH TO DATE    2.63                      2.53   0.10     7.21
  SINCE DEC 1      2.63                      2.53   0.10     7.21
  SINCE JAN 1     35.36                     38.91  -3.55    55.09

SNOWFALL (IN)
  YESTERDAY        0.0
  MONTH TO DATE    0.0
  SINCE DEC 1      0.0
  SINCE JUL 1      0.0

DEGREE DAYS
 HEATING
  YESTERDAY        0                         0      0        0
  MONTH TO DATE    0                         0      0        0
  SINCE DEC 1      0                         0      0        0
  SINCE JUL 1      0                         0      0        0

 COOLING
  YESTERDAY       15                        14      1       14
  MONTH TO DATE  381                       380      1      376
  SINCE DEC 1    381                       380      1      376
  SINCE JAN 1   5927                      5974    -47     5937
..................................................................


WIND (MPH)
  RESULTANT WIND SPEED   8   RESULTANT WIND DIRECTION   E (90)
  HIGHEST WIND SPEED    14   HIGHEST WIND DIRECTION     E (80)
  AVERAGE WIND SPEED     8.3


SKY COVER
  AVERAGE SKY COVER 0.1


WEATHER CONDITIONS
 THE FOLLOWING WEATHER WAS RECORDED YESTERDAY.
  NO SIGNIFICANT WEATHER WAS OBSERVED.


RELATIVE HUMIDITY (PERCENT)
 HIGHEST    87
 LOWEST     69
 AVERAGE    78

..........................................................


THE CYRIL E. KING AIRPORT/USVI CLIMATE NORMALS FOR TODAY
                         NORMAL    RECORD    YEAR
 MAXIMUM TEMPERATURE (F)   85        91      1994
 MINIMUM TEMPERATURE (F)   73        63      1972


SUNRISE AND SUNSET
DECEMBER 27 2014......SUNRISE   650 AM AST   SUNSET   552 PM AST
DECEMBER 28 2014......SUNRISE   650 AM AST   SUNSET   553 PM AST


-  INDICATES NEGATIVE NUMBERS.
R  INDICATES RECORD WAS SET OR TIED.
MM INDICATES DATA IS MISSING.
T  INDICATES TRACE AMOUNT.




$$






U.S. Dept. of Commerce
NOAA National Weather Service
1325 East West Highway
Silver Spring, MD 20910
E-mail: w-nws.webmaster@noaa.gov
Page last modified: May 16, 2007
NATIONAL WEATHER SERVICE: for Safety, for Work, for Fun - FOR LIFE