044
CDUS41 KOKX 290616
CLIISP


CLIMATE REPORT
NATIONAL WEATHER SERVICE NEW YORK NY
215 AM EDT MON SEP 29 2014


...................................

...THE ISLIP NY CLIMATE SUMMARY FOR SEPTEMBER 28 2014...

CLIMATE NORMAL PERIOD 1981 TO 2010
CLIMATE RECORD PERIOD 1986 TO 2014


WEATHER ITEM   OBSERVED TIME   RECORD YEAR NORMAL DEPARTURE LAST
                VALUE   (LST)  VALUE       VALUE  FROM      YEAR
                                                  NORMAL
..................................................................
TEMPERATURE (F)
 YESTERDAY
  MAXIMUM         79R   116 PM  78    2007  69     10       74
                                      1990
  MINIMUM         58    608 AM  38    1989  52      6       52
  AVERAGE         69                        61      8       63

PRECIPITATION (IN)
  YESTERDAY        0.00          1.79 2004   0.13  -0.13     0.00
  MONTH TO DATE    1.62                      3.32  -1.70     1.83
  SINCE SEP 1      1.62                      3.32  -1.70     1.83
  SINCE JAN 1     42.18                     34.46   7.72    30.39

SNOWFALL (IN)
  YESTERDAY        0.0          MM      MM   0.0    0.0      0.0
  MONTH TO DATE    0.0                       0.0    0.0      0.0
  SINCE OCT 1     63.7                      24.8   38.9     46.9
  SINCE JUL 1      0.0                       0.0    0.0      0.0
  SNOW DEPTH       0

DEGREE DAYS
 HEATING
  YESTERDAY        0                         5     -5        2
  MONTH TO DATE   44                        60    -16       74
  SINCE SEP 1     44                        60    -16       74
  SINCE JUL 1     44                        65    -21       74

 COOLING
  YESTERDAY        4                         1      3        0
  MONTH TO DATE  119                        89     30       84
  SINCE SEP 1    119                        89     30       84
  SINCE JAN 1    866                       775     91      931
..................................................................


WIND (MPH)
  HIGHEST WIND SPEED    13   HIGHEST WIND DIRECTION    SW (230)
  HIGHEST GUST SPEED    16   HIGHEST GUST DIRECTION    SW (230)
  AVERAGE WIND SPEED     4.8


SKY COVER
  AVERAGE SKY COVER 0.4


WEATHER CONDITIONS
 THE FOLLOWING WEATHER WAS RECORDED YESTERDAY.
  FOG


RELATIVE HUMIDITY (PERCENT)
 HIGHEST    93           500 AM
 LOWEST     54          1000 AM
 AVERAGE    74

..........................................................


THE ISLIP NY CLIMATE NORMALS FOR TODAY
                         NORMAL    RECORD    YEAR
 MAXIMUM TEMPERATURE (F)   69        80      2010
 MINIMUM TEMPERATURE (F)   52        41      2000


SUNRISE AND SUNSET
SEPTEMBER 29 2014.....SUNRISE   647 AM EDT   SUNSET   638 PM EDT
SEPTEMBER 30 2014.....SUNRISE   648 AM EDT   SUNSET   636 PM EDT


-  INDICATES NEGATIVE NUMBERS.
R  INDICATES RECORD WAS SET OR TIED.
MM INDICATES DATA IS MISSING.
T  INDICATES TRACE AMOUNT.




$$





U.S. Dept. of Commerce
NOAA National Weather Service
1325 East West Highway
Silver Spring, MD 20910
E-mail: w-nws.webmaster@noaa.gov
Page last modified: May 16, 2007
NATIONAL WEATHER SERVICE: for Safety, for Work, for Fun - FOR LIFE