306
CDUS41 KOKX 220623
CLIISP


CLIMATE REPORT
NATIONAL WEATHER SERVICE NEW YORK NY
122 AM EST MON DEC 22 2014


...................................

...THE ISLIP NY CLIMATE SUMMARY FOR DECEMBER 21 2014...

CLIMATE NORMAL PERIOD 1981 TO 2010
CLIMATE RECORD PERIOD 1986 TO 2014


WEATHER ITEM   OBSERVED TIME   RECORD YEAR NORMAL DEPARTURE LAST
                VALUE   (LST)  VALUE       VALUE  FROM      YEAR
                                                  NORMAL
..................................................................
TEMPERATURE (F)
 YESTERDAY
  MAXIMUM         37   1159 PM  58    2012  41     -4       56
  MINIMUM         32    348 AM   9    2004  27      5       46
  AVERAGE         35                        34      1       51

PRECIPITATION (IN)
  YESTERDAY        T             0.64 2012   0.13  -0.13     0.01
  MONTH TO DATE    4.80                      2.84   1.96     3.66
  SINCE DEC 1      4.80                      2.84   1.96     3.66
  SINCE JAN 1     55.85                     45.02  10.83    37.08

SNOWFALL (IN)
  YESTERDAY        0.0           1.0  1995   0.2   -0.2      0.0
  MONTH TO DATE    0.4                       3.1   -2.7      6.4
  SINCE OCT 1      0.4                       3.6   -3.2      6.7
  SINCE JUL 1      0.4                       3.6   -3.2      6.7
  SNOW DEPTH       0

DEGREE DAYS
 HEATING
  YESTERDAY       30                        31     -1       14
  MONTH TO DATE  548                       587    -39      583
  SINCE DEC 1    548                       587    -39      583
  SINCE JUL 1   1461                      1603   -142     1547

 COOLING
  YESTERDAY        0                         0      0        0
  MONTH TO DATE    0                         0      0        0
  SINCE DEC 1      0                         0      0        0
  SINCE JAN 1    887                       787    100      957
..................................................................


WIND (MPH)
  HIGHEST WIND SPEED    12   HIGHEST WIND DIRECTION     N (20)
  HIGHEST GUST SPEED    15   HIGHEST GUST DIRECTION     N (20)
  AVERAGE WIND SPEED     7.3


SKY COVER
  AVERAGE SKY COVER 1.0


WEATHER CONDITIONS
 THE FOLLOWING WEATHER WAS RECORDED YESTERDAY.
  LIGHT RAIN
  FOG


RELATIVE HUMIDITY (PERCENT)
 HIGHEST    92           700 PM
 LOWEST     69          1200 AM
 AVERAGE    81

..........................................................


THE ISLIP NY CLIMATE NORMALS FOR TODAY
                         NORMAL    RECORD    YEAR
 MAXIMUM TEMPERATURE (F)   41        61      2013
 MINIMUM TEMPERATURE (F)   26         9      1989


SUNRISE AND SUNSET
DECEMBER 22 2014......SUNRISE   714 AM EST   SUNSET   428 PM EST
DECEMBER 23 2014......SUNRISE   714 AM EST   SUNSET   429 PM EST


-  INDICATES NEGATIVE NUMBERS.
R  INDICATES RECORD WAS SET OR TIED.
MM INDICATES DATA IS MISSING.
T  INDICATES TRACE AMOUNT.




$$





U.S. Dept. of Commerce
NOAA National Weather Service
1325 East West Highway
Silver Spring, MD 20910
E-mail: w-nws.webmaster@noaa.gov
Page last modified: May 16, 2007
NATIONAL WEATHER SERVICE: for Safety, for Work, for Fun - FOR LIFE