470
CDUS41 KOKX 240634
CLIISP


CLIMATE REPORT
NATIONAL WEATHER SERVICE NEW YORK NY
233 AM EDT THU APR 24 2014


...................................

...THE ISLIP NY CLIMATE SUMMARY FOR APRIL 23 2014...

CLIMATE NORMAL PERIOD 1981 TO 2010
CLIMATE RECORD PERIOD 1986 TO 2014


WEATHER ITEM   OBSERVED TIME   RECORD YEAR NORMAL DEPARTURE LAST
                VALUE   (LST)  VALUE       VALUE  FROM      YEAR
                                                  NORMAL
..................................................................
TEMPERATURE (F)
 YESTERDAY
  MAXIMUM         61    404 PM  76    1990  60      1       48
  MINIMUM         47   1159 PM  31    1989  43      4       41
  AVERAGE         54                        52      2       45

PRECIPITATION (IN)
  YESTERDAY        T             4.63 2006   0.14  -0.14      T
  MONTH TO DATE    2.10                      3.38  -1.28     1.50
  SINCE MAR 1      8.00                      7.82   0.18     4.14
  SINCE JAN 1     16.34                     14.72   1.62    12.27

SNOWFALL (IN)
  YESTERDAY        0.0          MM      MM   0.0    0.0      0.0
  MONTH TO DATE    0.2                       0.6   -0.4      0.0
  SINCE OCT 1     63.7                      24.8   38.9     46.9
  SINCE JUL 1     63.7                      24.8   38.9     46.9
  SNOW DEPTH       0

DEGREE DAYS
 HEATING
  YESTERDAY       11                        14     -3       20
  MONTH TO DATE  379                       392    -13      372
  SINCE MAR 1   1276                      1189     87     1192
  SINCE JUL 1   5229                      5084    145     4805

 COOLING
  YESTERDAY        0                         0      0        0
  MONTH TO DATE    0                         0      0        1
  SINCE MAR 1      0                         0      0        1
  SINCE JAN 1      0                         0      0        1
..................................................................


WIND (MPH)
  HIGHEST WIND SPEED    32   HIGHEST WIND DIRECTION    NW (320)
  HIGHEST GUST SPEED    40   HIGHEST GUST DIRECTION    NW (330)
  AVERAGE WIND SPEED    16.4


SKY COVER
  AVERAGE SKY COVER 0.7


WEATHER CONDITIONS
 THE FOLLOWING WEATHER WAS RECORDED YESTERDAY.
  FOG


RELATIVE HUMIDITY (PERCENT)
 HIGHEST    93           100 AM
 LOWEST     37           500 PM
 AVERAGE    65

..........................................................


THE ISLIP NY CLIMATE NORMALS FOR TODAY
                         NORMAL    RECORD    YEAR
 MAXIMUM TEMPERATURE (F)   61        77      2008
 MINIMUM TEMPERATURE (F)   43        32      2002


SUNRISE AND SUNSET
APRIL 24 2014.........SUNRISE   600 AM EDT   SUNSET   741 PM EDT
APRIL 25 2014.........SUNRISE   559 AM EDT   SUNSET   742 PM EDT


-  INDICATES NEGATIVE NUMBERS.
R  INDICATES RECORD WAS SET OR TIED.
MM INDICATES DATA IS MISSING.
T  INDICATES TRACE AMOUNT.




$$





U.S. Dept. of Commerce
NOAA National Weather Service
1325 East West Highway
Silver Spring, MD 20910
E-mail: w-nws.webmaster@noaa.gov
Page last modified: May 16, 2007
NATIONAL WEATHER SERVICE: for Safety, for Work, for Fun - FOR LIFE