071
CDUS41 KOKX 230617
CLIISP


CLIMATE REPORT
NATIONAL WEATHER SERVICE NEW YORK NY
117 AM EST SUN NOV 23 2014


...................................

...THE ISLIP NY CLIMATE SUMMARY FOR NOVEMBER 22 2014...

CLIMATE NORMAL PERIOD 1981 TO 2010
CLIMATE RECORD PERIOD 1986 TO 2014


WEATHER ITEM   OBSERVED TIME   RECORD YEAR NORMAL DEPARTURE LAST
                VALUE   (LST)  VALUE       VALUE  FROM      YEAR
                                                  NORMAL
..................................................................
TEMPERATURE (F)
 YESTERDAY
  MAXIMUM         44    904 PM  61    2007  51     -7       55
                                      1994
                                      1991
  MINIMUM         22    625 AM  20    1987  35    -13       48
  AVERAGE         33                        43    -10       52

PRECIPITATION (IN)
  YESTERDAY        T             0.99 1985   0.13  -0.13     0.09
  MONTH TO DATE    3.00                      2.62   0.38     0.70
  SINCE SEP 1      8.69                      9.99  -1.30     2.75
  SINCE JAN 1     49.25                     41.13   8.12    31.31

SNOWFALL (IN)
  YESTERDAY       MM            MM      MM   0.0   MM        0.0
  MONTH TO DATE    T                         0.2   -0.2      0.2
  SINCE OCT 1      T                         0.2   -0.2      0.2
  SINCE JUL 1      T                         0.2   -0.2      0.2
  SNOW DEPTH       0

DEGREE DAYS
 HEATING
  YESTERDAY       32                        22     10       13
  MONTH TO DATE  461                       409     52      410
  SINCE SEP 1    749                       824    -75      732
  SINCE JUL 1    749                       829    -80      732

 COOLING
  YESTERDAY        0                         0      0        0
  MONTH TO DATE    0                         0      0        0
  SINCE SEP 1    140                       101     39      110
  SINCE JAN 1    887                       787    100      957
..................................................................


WIND (MPH)
  HIGHEST WIND SPEED    22   HIGHEST WIND DIRECTION    SW (220)
  HIGHEST GUST SPEED    28   HIGHEST GUST DIRECTION    SW (210)
  AVERAGE WIND SPEED    10.7


SKY COVER
  AVERAGE SKY COVER 0.5


WEATHER CONDITIONS
 THE FOLLOWING WEATHER WAS RECORDED YESTERDAY.
  LIGHT RAIN


RELATIVE HUMIDITY (PERCENT)
 HIGHEST    68           600 AM
 LOWEST     35          1100 AM
 AVERAGE    52

..........................................................


THE ISLIP NY CLIMATE NORMALS FOR TODAY
                         NORMAL    RECORD    YEAR
 MAXIMUM TEMPERATURE (F)   51        70      1992
 MINIMUM TEMPERATURE (F)   35        13      1989


SUNRISE AND SUNSET
NOVEMBER 23 2014......SUNRISE   649 AM EST   SUNSET   429 PM EST
NOVEMBER 24 2014......SUNRISE   650 AM EST   SUNSET   428 PM EST


-  INDICATES NEGATIVE NUMBERS.
R  INDICATES RECORD WAS SET OR TIED.
MM INDICATES DATA IS MISSING.
T  INDICATES TRACE AMOUNT.




$$





U.S. Dept. of Commerce
NOAA National Weather Service
1325 East West Highway
Silver Spring, MD 20910
E-mail: w-nws.webmaster@noaa.gov
Page last modified: May 16, 2007
NATIONAL WEATHER SERVICE: for Safety, for Work, for Fun - FOR LIFE