087
CDUS43 KBIS 010726
CLIISN


CLIMATE REPORT
NATIONAL WEATHER SERVICE BISMARCK ND
225 AM CDT WED OCT 1 2014


...................................

...THE WILLISTON ND CLIMATE SUMMARY FOR SEPTEMBER 30 2014...

CLIMATE NORMAL PERIOD 1981 TO 2010
CLIMATE RECORD PERIOD 1894 TO 2014


WEATHER ITEM   OBSERVED TIME   RECORD YEAR NORMAL DEPARTURE LAST
                VALUE   (LST)  VALUE       VALUE  FROM      YEAR
                                                  NORMAL
..................................................................
TEMPERATURE (F)
 YESTERDAY
  MAXIMUM         56    135 PM  92    1963  64     -8       75
  MINIMUM         51   1123 PM  15    2003  36     15       37
  AVERAGE         54                        50      4       56

PRECIPITATION (IN)
  YESTERDAY        0.89R         0.41 1926   0.03   0.86      T
  MONTH TO DATE    1.35                      1.06   0.29     1.90
  SINCE SEP 1      1.35                      1.06   0.29     1.90
  SINCE JAN 1      9.78                     12.18  -2.40    17.79

SNOWFALL (IN)
  YESTERDAY       MM             0.5  1944   0.0   MM       MM
                                      1950
  MONTH TO DATE   MM                         0.2   MM       MM
  SINCE SEP 1     MM                         0.2   MM       MM
  SINCE JUL 1     MM                         0.2   MM       MM
  SNOW DEPTH      MM

DEGREE DAYS
 HEATING
  YESTERDAY       11                        15     -4        9
  MONTH TO DATE  250                       275    -25      140
  SINCE SEP 1    250                       275    -25      140
  SINCE JUL 1    307                       346    -39      186

 COOLING
  YESTERDAY        0                         0      0        0
  MONTH TO DATE   34                        26      8       78
  SINCE SEP 1     34                        26      8       78
  SINCE JAN 1    425                       455    -30      405
..................................................................


WIND (MPH)
  HIGHEST WIND SPEED    13   HIGHEST WIND DIRECTION     E (100)
  HIGHEST GUST SPEED    17   HIGHEST GUST DIRECTION     E (110)
  AVERAGE WIND SPEED     5.8


SKY COVER
  POSSIBLE SUNSHINE  MM
  AVERAGE SKY COVER 1.0


WEATHER CONDITIONS
 THE FOLLOWING WEATHER WAS RECORDED YESTERDAY.
  HEAVY RAIN
  RAIN
  LIGHT RAIN
  FOG


RELATIVE HUMIDITY (PERCENT)
 HIGHEST   100           700 AM
 LOWEST     83          1200 AM
 AVERAGE    92

..........................................................


THE WILLISTON ND CLIMATE NORMALS FOR TODAY
                         NORMAL    RECORD    YEAR
 MAXIMUM TEMPERATURE (F)   64        93      1897
 MINIMUM TEMPERATURE (F)   35        19      2004
                                             2003
                                             2002


SUNRISE AND SUNSET
OCTOBER  1 2014.......SUNRISE   754 AM CDT   SUNSET   734 PM CDT
OCTOBER  2 2014.......SUNRISE   755 AM CDT   SUNSET   732 PM CDT


-  INDICATES NEGATIVE NUMBERS.
R  INDICATES RECORD WAS SET OR TIED.
MM INDICATES DATA IS MISSING.
T  INDICATES TRACE AMOUNT.




$$





U.S. Dept. of Commerce
NOAA National Weather Service
1325 East West Highway
Silver Spring, MD 20910
E-mail: w-nws.webmaster@noaa.gov
Page last modified: May 16, 2007
NATIONAL WEATHER SERVICE: for Safety, for Work, for Fun - FOR LIFE