016
CDUS43 KBIS 222341
CLIISN


CLIMATE REPORT
NATIONAL WEATHER SERVICE BISMARCK ND
540 PM CST MON DEC 22 2014


...................................

...THE WILLISTON ND CLIMATE SUMMARY FOR DECEMBER 22 2014...
VALID TODAY AS OF 0500 PM LOCAL TIME.

CLIMATE NORMAL PERIOD 1981 TO 2010
CLIMATE RECORD PERIOD 1894 TO 2014


WEATHER ITEM   OBSERVED TIME   RECORD YEAR NORMAL DEPARTURE LAST
                VALUE   (LST)  VALUE       VALUE  FROM      YEAR
                                                  NORMAL
..................................................................
TEMPERATURE (F)
 TODAY
  MAXIMUM         34    356 AM  55    1954  23     11       -2
  MINIMUM         26   1251 PM -38    1983   1     25      -29
  AVERAGE         30                        12     18      -15

PRECIPITATION (IN)
  TODAY            0.01          0.38 1926   0.02  -0.01      T
  MONTH TO DATE    0.02                      0.43  -0.41     0.79
  SINCE DEC 1      0.02                      0.43  -0.41     0.79
  SINCE JAN 1     10.67                     14.18  -3.51    21.00

SNOWFALL (IN)
  TODAY           MM

DEGREE DAYS
 HEATING
  TODAY           35                        53    -18       80
  MONTH TO DATE  934                      1101   -167     1313
  SINCE DEC 1    934                      1101   -167     1313
  SINCE JUL 1   3127                      3263   -136     3387

 COOLING
  TODAY            0                         0      0        0
  MONTH TO DATE    0                         0      0        0
  SINCE DEC 1      0                         0      0        0
  SINCE JAN 1    425                       456    -31      405
..................................................................


WIND (MPH)
  HIGHEST WIND SPEED    23   HIGHEST WIND DIRECTION    NW (330)
  HIGHEST GUST SPEED    28   HIGHEST GUST DIRECTION    NW (330)
  AVERAGE WIND SPEED    13.3


SKY COVER
  POSSIBLE SUNSHINE  MM
  AVERAGE SKY COVER 1.0


WEATHER CONDITIONS
 THE FOLLOWING WEATHER WAS RECORDED TODAY.
  LIGHT RAIN
  LIGHT SNOW
  FOG


RELATIVE HUMIDITY (PERCENT)
 HIGHEST    92          1200 AM
 LOWEST     78           800 AM
 AVERAGE    85

..........................................................


THE WILLISTON ND CLIMATE NORMALS FOR TOMORROW
                         NORMAL    RECORD    YEAR
 MAXIMUM TEMPERATURE (F)   23        48      1936
 MINIMUM TEMPERATURE (F)    1       -50      1983


SUNRISE AND SUNSET
DECEMBER 22 2014......SUNRISE   843 AM CST   SUNSET   504 PM CST
DECEMBER 23 2014......SUNRISE   843 AM CST   SUNSET   504 PM CST


-  INDICATES NEGATIVE NUMBERS.
R  INDICATES RECORD WAS SET OR TIED.
MM INDICATES DATA IS MISSING.
T  INDICATES TRACE AMOUNT.




$$





U.S. Dept. of Commerce
NOAA National Weather Service
1325 East West Highway
Silver Spring, MD 20910
E-mail: w-nws.webmaster@noaa.gov
Page last modified: May 16, 2007
NATIONAL WEATHER SERVICE: for Safety, for Work, for Fun - FOR LIFE