896
CDUS43 KBIS 230726
CLIISN


CLIMATE REPORT
NATIONAL WEATHER SERVICE BISMARCK ND
126 AM CST SUN NOV 23 2014


...................................

...THE WILLISTON ND CLIMATE SUMMARY FOR NOVEMBER 22 2014...

CLIMATE NORMAL PERIOD 1981 TO 2010
CLIMATE RECORD PERIOD 1894 TO 2014


WEATHER ITEM   OBSERVED TIME   RECORD YEAR NORMAL DEPARTURE LAST
                VALUE   (LST)  VALUE       VALUE  FROM      YEAR
                                                  NORMAL
..................................................................
TEMPERATURE (F)
 YESTERDAY
  MAXIMUM         43    247 PM  62    1939  34      9       15
  MINIMUM         19    313 AM -26    1898  13      6      -10
  AVERAGE         31                        23      8        3

PRECIPITATION (IN)
  YESTERDAY        T             0.14 1967   0.02  -0.02     0.01
  MONTH TO DATE    0.20                      0.51  -0.31     0.35
  SINCE SEP 1      1.79                      2.49  -0.70     4.32
  SINCE JAN 1     10.22                     13.61  -3.39    20.21

SNOWFALL (IN)
  YESTERDAY       MM             2.1  1993   0.2   MM       MM
  MONTH TO DATE   MM                         4.3   MM       MM
  SINCE SEP 1     MM                         7.1   MM       MM
  SINCE JUL 1     MM                         7.1   MM       MM
  SNOW DEPTH      MM

DEGREE DAYS
 HEATING
  YESTERDAY       34                        42     -8       62
  MONTH TO DATE  915                       784    131      817
  SINCE SEP 1   1726                      1740    -14     1680
  SINCE JUL 1   1783                      1811    -28     1726

 COOLING
  YESTERDAY        0                         0      0        0
  MONTH TO DATE    0                         0      0        0
  SINCE SEP 1     34                        27      7       78
  SINCE JAN 1    425                       456    -31      405
..................................................................


WIND (MPH)
  HIGHEST WIND SPEED    29   HIGHEST WIND DIRECTION     W (260)
  HIGHEST GUST SPEED    37   HIGHEST GUST DIRECTION     W (260)
  AVERAGE WIND SPEED     6.8


SKY COVER
  POSSIBLE SUNSHINE  MM
  AVERAGE SKY COVER 0.4


WEATHER CONDITIONS
 THE FOLLOWING WEATHER WAS RECORDED YESTERDAY.
  NO SIGNIFICANT WEATHER WAS OBSERVED.


RELATIVE HUMIDITY (PERCENT)
 HIGHEST    92           100 AM
 LOWEST     55          1000 PM
 AVERAGE    74

..........................................................


THE WILLISTON ND CLIMATE NORMALS FOR TODAY
                         NORMAL    RECORD    YEAR
 MAXIMUM TEMPERATURE (F)   33        56      2011
 MINIMUM TEMPERATURE (F)   13       -21      1996
                                             1900


SUNRISE AND SUNSET
NOVEMBER 23 2014......SUNRISE   813 AM CST   SUNSET   508 PM CST
NOVEMBER 24 2014......SUNRISE   815 AM CST   SUNSET   507 PM CST


-  INDICATES NEGATIVE NUMBERS.
R  INDICATES RECORD WAS SET OR TIED.
MM INDICATES DATA IS MISSING.
T  INDICATES TRACE AMOUNT.




$$





U.S. Dept. of Commerce
NOAA National Weather Service
1325 East West Highway
Silver Spring, MD 20910
E-mail: w-nws.webmaster@noaa.gov
Page last modified: May 16, 2007
NATIONAL WEATHER SERVICE: for Safety, for Work, for Fun - FOR LIFE