833
CDUS43 KBIS 180722
CLIISN


CLIMATE REPORT
NATIONAL WEATHER SERVICE BISMARCK ND
221 AM CDT THU SEP 18 2014


...................................

...THE WILLISTON ND CLIMATE SUMMARY FOR SEPTEMBER 17 2014...

CLIMATE NORMAL PERIOD 1981 TO 2010
CLIMATE RECORD PERIOD 1894 TO 2014


WEATHER ITEM   OBSERVED TIME   RECORD YEAR NORMAL DEPARTURE LAST
                VALUE   (LST)  VALUE       VALUE  FROM      YEAR
                                                  NORMAL
..................................................................
TEMPERATURE (F)
 YESTERDAY
  MAXIMUM         79    316 PM  96    2000  71      8       87
                                      1920
  MINIMUM         36    615 AM  18    1902  41     -5       56
  AVERAGE         58                        56      2       72

PRECIPITATION (IN)
  YESTERDAY        0.00          0.51 1977   0.03  -0.03     0.15
  MONTH TO DATE    0.39                      0.61  -0.22     1.47
  SINCE SEP 1      0.39                      0.61  -0.22     1.47
  SINCE JAN 1      8.82                     11.73  -2.91    17.36

SNOWFALL (IN)
  YESTERDAY       MM             T    1987   0.0   MM       MM
                                      1991
  MONTH TO DATE    0.0                       0.0    0.0     MM
  SINCE SEP 1      0.0                       0.0    0.0     MM
  SINCE JUL 1      0.0                       0.0    0.0     MM
  SNOW DEPTH      MM

DEGREE DAYS
 HEATING
  YESTERDAY        7                        10     -3        0
  MONTH TO DATE  188                       112     76       17
  SINCE SEP 1    188                       112     76       17
  SINCE JUL 1    245                       183     62       63

 COOLING
  YESTERDAY        0                         1     -1        7
  MONTH TO DATE    0                        24    -24       75
  SINCE SEP 1      0                        24    -24       75
  SINCE JAN 1    391                       453    -62      402
..................................................................


WIND (MPH)
  HIGHEST WIND SPEED    15   HIGHEST WIND DIRECTION     S (180)
  HIGHEST GUST SPEED    19   HIGHEST GUST DIRECTION     E (110)
  AVERAGE WIND SPEED     4.6


SKY COVER
  POSSIBLE SUNSHINE  MM
  AVERAGE SKY COVER 0.0


WEATHER CONDITIONS
 THE FOLLOWING WEATHER WAS RECORDED YESTERDAY.
  FOG
  HAZE


RELATIVE HUMIDITY (PERCENT)
 HIGHEST    92           400 AM
 LOWEST     26           300 PM
 AVERAGE    59

..........................................................


THE WILLISTON ND CLIMATE NORMALS FOR TODAY
                         NORMAL    RECORD    YEAR
 MAXIMUM TEMPERATURE (F)   70        93      2004
 MINIMUM TEMPERATURE (F)   41        23      2010


SUNRISE AND SUNSET
SEPTEMBER 18 2014.....SUNRISE   736 AM CDT   SUNSET   801 PM CDT
SEPTEMBER 19 2014.....SUNRISE   737 AM CDT   SUNSET   759 PM CDT


-  INDICATES NEGATIVE NUMBERS.
R  INDICATES RECORD WAS SET OR TIED.
MM INDICATES DATA IS MISSING.
T  INDICATES TRACE AMOUNT.




$$





U.S. Dept. of Commerce
NOAA National Weather Service
1325 East West Highway
Silver Spring, MD 20910
E-mail: w-nws.webmaster@noaa.gov
Page last modified: May 16, 2007
NATIONAL WEATHER SERVICE: for Safety, for Work, for Fun - FOR LIFE