750
CDUS43 KBIS 250729
CLIISN


CLIMATE REPORT
NATIONAL WEATHER SERVICE BISMARCK ND
229 AM CDT SAT OCT 25 2014


...................................

...THE WILLISTON ND CLIMATE SUMMARY FOR OCTOBER 24 2014...

CLIMATE NORMAL PERIOD 1981 TO 2010
CLIMATE RECORD PERIOD 1894 TO 2014


WEATHER ITEM   OBSERVED TIME   RECORD YEAR NORMAL DEPARTURE LAST
                VALUE   (LST)  VALUE       VALUE  FROM      YEAR
                                                  NORMAL
..................................................................
TEMPERATURE (F)
 YESTERDAY
  MAXIMUM         63    109 PM  78    1992  52     11       42
                                      1948
  MINIMUM         38   1247 AM   9    1957  27     11       21
                                      1919
  AVERAGE         51                        40     11       32

PRECIPITATION (IN)
  YESTERDAY        0.00          0.47 1954   0.02  -0.02     0.00
  MONTH TO DATE    0.17                      0.73  -0.56     2.03
  SINCE SEP 1      1.52                      1.79  -0.27     3.93
  SINCE JAN 1      9.95                     12.91  -2.96    19.82

SNOWFALL (IN)
  YESTERDAY       MM             3.0  1954   0.1   MM       MM
  MONTH TO DATE   MM                         1.7   MM       MM
  SINCE SEP 1     MM                         1.9   MM       MM
  SINCE JUL 1     MM                         1.9   MM       MM
  SNOW DEPTH      MM

DEGREE DAYS
 HEATING
  YESTERDAY       14                        26    -12       33
  MONTH TO DATE  389                       489   -100      527
  SINCE SEP 1    639                       764   -125      667
  SINCE JUL 1    696                       835   -139      713

 COOLING
  YESTERDAY        0                         0      0        0
  MONTH TO DATE    0                         0      0        0
  SINCE SEP 1     34                        26      8       78
  SINCE JAN 1    425                       455    -30      405
..................................................................


WIND (MPH)
  HIGHEST WIND SPEED    31   HIGHEST WIND DIRECTION     W (280)
  HIGHEST GUST SPEED    39   HIGHEST GUST DIRECTION     W (290)
  AVERAGE WIND SPEED    11.2


SKY COVER
  POSSIBLE SUNSHINE  MM
  AVERAGE SKY COVER 0.1


WEATHER CONDITIONS
 THE FOLLOWING WEATHER WAS RECORDED YESTERDAY.
  NO SIGNIFICANT WEATHER WAS OBSERVED.


RELATIVE HUMIDITY (PERCENT)
 HIGHEST    76           300 AM
 LOWEST     27           100 PM
 AVERAGE    52

..........................................................


THE WILLISTON ND CLIMATE NORMALS FOR TODAY
                         NORMAL    RECORD    YEAR
 MAXIMUM TEMPERATURE (F)   52        78      1955
 MINIMUM TEMPERATURE (F)   27         4      1957
                                             1919


SUNRISE AND SUNSET
OCTOBER 25 2014.......SUNRISE   829 AM CDT   SUNSET   647 PM CDT
OCTOBER 26 2014.......SUNRISE   831 AM CDT   SUNSET   646 PM CDT


-  INDICATES NEGATIVE NUMBERS.
R  INDICATES RECORD WAS SET OR TIED.
MM INDICATES DATA IS MISSING.
T  INDICATES TRACE AMOUNT.




$$





U.S. Dept. of Commerce
NOAA National Weather Service
1325 East West Highway
Silver Spring, MD 20910
E-mail: w-nws.webmaster@noaa.gov
Page last modified: May 16, 2007
NATIONAL WEATHER SERVICE: for Safety, for Work, for Fun - FOR LIFE