096
CDUS43 KBIS 270727
CLIISN


CLIMATE REPORT
NATIONAL WEATHER SERVICE BISMARCK ND
125 AM CST TUE JAN 27 2015


...................................

...THE WILLISTON ND CLIMATE SUMMARY FOR JANUARY 26 2015...

CLIMATE NORMAL PERIOD 1981 TO 2010
CLIMATE RECORD PERIOD 1894 TO 2015


WEATHER ITEM   OBSERVED TIME   RECORD YEAR NORMAL DEPARTURE LAST
                VALUE   (LST)  VALUE       VALUE  FROM      YEAR
                                                  NORMAL
..................................................................
TEMPERATURE (F)
 YESTERDAY
  MAXIMUM         50R   348 PM  47    2006  23     27       37
  MINIMUM         28   1138 PM -37    1950   1     27       -7
  AVERAGE         39                        12     27       15

PRECIPITATION (IN)
  YESTERDAY        0.00          0.28 2003   0.02  -0.02     0.02
  MONTH TO DATE    0.34                      0.52  -0.18     0.18
  SINCE DEC 1      0.37                      1.14  -0.77     1.25
  SINCE JAN 1      0.34                      0.52  -0.18     0.18

SNOWFALL (IN)
  YESTERDAY       MM             2.4  1951   0.2   MM       MM
  MONTH TO DATE   MM                         8.8   MM       MM
  SINCE DEC 1     MM                        18.3   MM       MM
  SINCE JUL 1     MM                        27.2   MM       MM
  SNOW DEPTH      MM

DEGREE DAYS
 HEATING
  YESTERDAY       26                        53    -27       50
  MONTH TO DATE 1266                      1412   -146     1242
  SINCE DEC 1   2667                      2997   -330     3017
  SINCE JUL 1   4860                      5159   -299     5091

 COOLING
  YESTERDAY        0                         0      0        0
  MONTH TO DATE    0                         0      0        0
  SINCE DEC 1      0                         0      0        0
  SINCE JAN 1      0                         0      0        0
..................................................................


WIND (MPH)
  HIGHEST WIND SPEED    12   HIGHEST WIND DIRECTION     W (250)
  HIGHEST GUST SPEED    13   HIGHEST GUST DIRECTION     W (270)
  AVERAGE WIND SPEED     5.0


SKY COVER
  POSSIBLE SUNSHINE  MM
  AVERAGE SKY COVER 0.2


WEATHER CONDITIONS
 THE FOLLOWING WEATHER WAS RECORDED YESTERDAY.
  NO SIGNIFICANT WEATHER WAS OBSERVED.


RELATIVE HUMIDITY (PERCENT)
 HIGHEST   100          1100 PM
 LOWEST     46           300 PM
 AVERAGE    73

..........................................................


THE WILLISTON ND CLIMATE NORMALS FOR TODAY
                         NORMAL    RECORD    YEAR
 MAXIMUM TEMPERATURE (F)   23        47      1931
 MINIMUM TEMPERATURE (F)    1       -40      1915


SUNRISE AND SUNSET
JANUARY 27 2015.......SUNRISE   829 AM CST   SUNSET   546 PM CST
JANUARY 28 2015.......SUNRISE   828 AM CST   SUNSET   548 PM CST


-  INDICATES NEGATIVE NUMBERS.
R  INDICATES RECORD WAS SET OR TIED.
MM INDICATES DATA IS MISSING.
T  INDICATES TRACE AMOUNT.




$$





U.S. Dept. of Commerce
NOAA National Weather Service
1325 East West Highway
Silver Spring, MD 20910
E-mail: w-nws.webmaster@noaa.gov
Page last modified: May 16, 2007
NATIONAL WEATHER SERVICE: for Safety, for Work, for Fun - FOR LIFE