598
CDUS43 KBIS 270722
CLIISN


CLIMATE REPORT
NATIONAL WEATHER SERVICE BISMARCK ND
120 AM CST THU NOV 27 2014


...................................

...THE WILLISTON ND CLIMATE SUMMARY FOR NOVEMBER 26 2014...

CLIMATE NORMAL PERIOD 1981 TO 2010
CLIMATE RECORD PERIOD 1894 TO 2014


WEATHER ITEM   OBSERVED TIME   RECORD YEAR NORMAL DEPARTURE LAST
                VALUE   (LST)  VALUE       VALUE  FROM      YEAR
                                                  NORMAL
..................................................................
TEMPERATURE (F)
 YESTERDAY
  MAXIMUM         17    229 AM  58    1963  32    -15       23
  MINIMUM          7    936 PM -19    1985  11     -4        3
  AVERAGE         12                        21     -9       13

PRECIPITATION (IN)
  YESTERDAY        T             0.40 1896   0.02  -0.02     0.00
  MONTH TO DATE    0.33                      0.58  -0.25     0.35
  SINCE SEP 1      1.92                      2.56  -0.64     4.32
  SINCE JAN 1     10.35                     13.68  -3.33    20.21

SNOWFALL (IN)
  YESTERDAY       MM             4.7  1910   0.2   MM       MM
  MONTH TO DATE   MM                         5.1   MM       MM
  SINCE SEP 1     MM                         7.9   MM       MM
  SINCE JUL 1     MM                         7.9   MM       MM
  SNOW DEPTH      MM

DEGREE DAYS
 HEATING
  YESTERDAY       53                        44      9       52
  MONTH TO DATE 1095                       956    139     1009
  SINCE SEP 1   1906                      1912     -6     1872
  SINCE JUL 1   1963                      1983    -20     1918

 COOLING
  YESTERDAY        0                         0      0        0
  MONTH TO DATE    0                         0      0        0
  SINCE SEP 1     34                        27      7       78
  SINCE JAN 1    425                       456    -31      405
..................................................................


WIND (MPH)
  HIGHEST WIND SPEED    14   HIGHEST WIND DIRECTION    NE (30)
  HIGHEST GUST SPEED    16   HIGHEST GUST DIRECTION     N (360)
  AVERAGE WIND SPEED     5.5


SKY COVER
  POSSIBLE SUNSHINE  MM
  AVERAGE SKY COVER 0.9


WEATHER CONDITIONS
 THE FOLLOWING WEATHER WAS RECORDED YESTERDAY.
  LIGHT SNOW
  FOG


RELATIVE HUMIDITY (PERCENT)
 HIGHEST    80          1200 AM
 LOWEST     67           100 PM
 AVERAGE    74

..........................................................


THE WILLISTON ND CLIMATE NORMALS FOR TODAY
                         NORMAL    RECORD    YEAR
 MAXIMUM TEMPERATURE (F)   31        67      1949
 MINIMUM TEMPERATURE (F)   11       -20      1985


SUNRISE AND SUNSET
NOVEMBER 27 2014......SUNRISE   819 AM CST   SUNSET   505 PM CST
NOVEMBER 28 2014......SUNRISE   820 AM CST   SUNSET   505 PM CST


-  INDICATES NEGATIVE NUMBERS.
R  INDICATES RECORD WAS SET OR TIED.
MM INDICATES DATA IS MISSING.
T  INDICATES TRACE AMOUNT.




$$





U.S. Dept. of Commerce
NOAA National Weather Service
1325 East West Highway
Silver Spring, MD 20910
E-mail: w-nws.webmaster@noaa.gov
Page last modified: May 16, 2007
NATIONAL WEATHER SERVICE: for Safety, for Work, for Fun - FOR LIFE