672
CDUS43 KEAX 250633
CLIIRK


CLIMATE REPORT
NATIONAL WEATHER SERVICE KANSAS CITY/PLEASANT HILL MO
132 AM CDT SAT OCT 25 2014


...................................

...THE KIRKSVILLE MO CLIMATE SUMMARY FOR OCTOBER 24 2014...

CLIMATE NORMAL PERIOD 1981 TO 2010
CLIMATE RECORD PERIOD 9999 TO 9999


WEATHER ITEM   OBSERVED TIME   NORMAL DEPARTURE LAST
                VALUE   (LST)  VALUE  FROM      YEAR
                                      NORMAL
......................................................
TEMPERATURE (F)
 YESTERDAY
  MAXIMUM         72    341 PM  61     11       46
  MINIMUM         55    742 AM  40     15       23
  AVERAGE         64            50     14       35

PRECIPITATION (IN)
  YESTERDAY        0.00          0.10  -0.10     0.00
  MONTH TO DATE    4.02          2.66   1.36     0.72
  SINCE SEP 1     14.09          6.77   7.32     2.41
  SINCE JAN 1     42.18         34.18   8.00    32.30

DEGREE DAYS
 HEATING
  YESTERDAY        1            15    -14       30
  MONTH TO DATE  247           267    -20      270
  SINCE SEP 1    347           367    -20      327
  SINCE JUL 1    353           374    -21      340

 COOLING
  YESTERDAY        0             0      0        0
  MONTH TO DATE    0            10    -10       32
  SINCE SEP 1     89            93     -4      218
  SINCE JAN 1    955           937     18     1028
......................................................


WIND (MPH)
  HIGHEST WIND SPEED    15   HIGHEST WIND DIRECTION     S (200)
  HIGHEST GUST SPEED    20   HIGHEST GUST DIRECTION     S (190)
  AVERAGE WIND SPEED     7.4


SKY COVER
  AVERAGE SKY COVER 0.6


WEATHER CONDITIONS
 THE FOLLOWING WEATHER WAS RECORDED YESTERDAY.
  FOG
  FOG W/VISIBILITY <= 1/4 MILE
  HAZE


RELATIVE HUMIDITY (PERCENT)
 HIGHEST   100          1200 AM
 LOWEST     68           400 PM
 AVERAGE    84

..........................................................


THE KIRKSVILLE MO CLIMATE NORMALS FOR TODAY
                         NORMAL
 MAXIMUM TEMPERATURE (F)   61
 MINIMUM TEMPERATURE (F)   39


SUNRISE AND SUNSET
OCTOBER 25 2014.......SUNRISE   732 AM CDT   SUNSET   616 PM CDT
OCTOBER 26 2014.......SUNRISE   733 AM CDT   SUNSET   615 PM CDT


-  INDICATES NEGATIVE NUMBERS.
R  INDICATES RECORD WAS SET OR TIED.
MM INDICATES DATA IS MISSING.
T  INDICATES TRACE AMOUNT.




$$





U.S. Dept. of Commerce
NOAA National Weather Service
1325 East West Highway
Silver Spring, MD 20910
E-mail: w-nws.webmaster@noaa.gov
Page last modified: May 16, 2007
NATIONAL WEATHER SERVICE: for Safety, for Work, for Fun - FOR LIFE