515
CDUS43 KEAX 230632
CLIIRK


CLIMATE REPORT
NATIONAL WEATHER SERVICE KANSAS CITY/PLEASANT HILL MO
132 AM CDT THU OCT 23 2014


...................................

...THE KIRKSVILLE MO CLIMATE SUMMARY FOR OCTOBER 22 2014...

CLIMATE NORMAL PERIOD 1981 TO 2010
CLIMATE RECORD PERIOD 9999 TO 9999


WEATHER ITEM   OBSERVED TIME   NORMAL DEPARTURE LAST
                VALUE   (LST)  VALUE  FROM      YEAR
                                      NORMAL
......................................................
TEMPERATURE (F)
 YESTERDAY
  MAXIMUM         64    316 PM  62      2       55
  MINIMUM         39    651 AM  40     -1       32
  AVERAGE         52            51      1       44

PRECIPITATION (IN)
  YESTERDAY        0.00          0.11  -0.11     0.03
  MONTH TO DATE    4.02          2.45   1.57     0.68
  SINCE SEP 1     14.09          6.56   7.53     2.37
  SINCE JAN 1     42.18         33.97   8.21    32.26

DEGREE DAYS
 HEATING
  YESTERDAY       13            14     -1       21
  MONTH TO DATE  239           238      1      211
  SINCE SEP 1    339           338      1      268
  SINCE JUL 1    345           345      0      281

 COOLING
  YESTERDAY        0             0      0        0
  MONTH TO DATE    0            10    -10       32
  SINCE SEP 1     89            93     -4      218
  SINCE JAN 1    955           937     18     1028
......................................................


WIND (MPH)
  HIGHEST WIND SPEED    17   HIGHEST WIND DIRECTION    SE (130)
  HIGHEST GUST SPEED    21   HIGHEST GUST DIRECTION    SE (130)
  AVERAGE WIND SPEED     9.3


SKY COVER
  AVERAGE SKY COVER 0.0


WEATHER CONDITIONS
 THE FOLLOWING WEATHER WAS RECORDED YESTERDAY.
  NO SIGNIFICANT WEATHER WAS OBSERVED.


RELATIVE HUMIDITY (PERCENT)
 HIGHEST   100           600 AM
 LOWEST     48           300 PM
 AVERAGE    74

..........................................................


THE KIRKSVILLE MO CLIMATE NORMALS FOR TODAY
                         NORMAL
 MAXIMUM TEMPERATURE (F)   61
 MINIMUM TEMPERATURE (F)   40


SUNRISE AND SUNSET
OCTOBER 23 2014.......SUNRISE   729 AM CDT   SUNSET   619 PM CDT
OCTOBER 24 2014.......SUNRISE   730 AM CDT   SUNSET   618 PM CDT


-  INDICATES NEGATIVE NUMBERS.
R  INDICATES RECORD WAS SET OR TIED.
MM INDICATES DATA IS MISSING.
T  INDICATES TRACE AMOUNT.




$$





U.S. Dept. of Commerce
NOAA National Weather Service
1325 East West Highway
Silver Spring, MD 20910
E-mail: w-nws.webmaster@noaa.gov
Page last modified: May 16, 2007
NATIONAL WEATHER SERVICE: for Safety, for Work, for Fun - FOR LIFE