294
CDUS43 KEAX 011231
CLIIRK


CLIMATE REPORT
NATIONAL WEATHER SERVICE KANSAS CITY/PLEASANT HILL MO
730 AM CDT WED OCT 1 2014


...................................

...THE KIRKSVILLE MO CLIMATE SUMMARY FOR OCTOBER 1 2014...
VALID AS OF 0700 AM LOCAL TIME.

CLIMATE NORMAL PERIOD 1981 TO 2010
CLIMATE RECORD PERIOD 9999 TO 9999


WEATHER ITEM   OBSERVED TIME   NORMAL DEPARTURE LAST
                VALUE   (LST)  VALUE  FROM      YEAR
                                      NORMAL
......................................................
TEMPERATURE (F)
 TODAY
  MAXIMUM         62    125 AM  70     -8       85
  MINIMUM         59    332 AM  47     12       59
  AVERAGE         61            58      3       72

PRECIPITATION (IN)
  TODAY            0.00          0.12  -0.12     0.00
  MONTH TO DATE    0.00          0.12  -0.12     0.00
  SINCE SEP 1     10.07          4.23   5.84     1.69
  SINCE JAN 1     38.16         31.64   6.52    31.58

DEGREE DAYS
 HEATING
  TODAY            4             8     -4        0
  MONTH TO DATE    4             8     -4        0
  SINCE SEP 1    104           108     -4       57
  SINCE JUL 1    110           115     -5       70

 COOLING
  TODAY            0             1     -1        7
  MONTH TO DATE    0             1     -1        7
  SINCE SEP 1     89            84      5      193
  SINCE JAN 1    955           928     27     1003
......................................................


WIND (MPH)
  HIGHEST WIND SPEED    13   HIGHEST WIND DIRECTION    SE (120)
  HIGHEST GUST SPEED    16   HIGHEST GUST DIRECTION    SE (120)
  AVERAGE WIND SPEED     8.4


SKY COVER
  AVERAGE SKY COVER 0.2


WEATHER CONDITIONS
 THE FOLLOWING WEATHER WAS RECORDED TODAY.
  HAZE


RELATIVE HUMIDITY (PERCENT)
 HIGHEST    MM
 LOWEST     MM
 AVERAGE    MM

..........................................................


THE KIRKSVILLE MO CLIMATE NORMALS FOR TOMORROW
                         NORMAL
 MAXIMUM TEMPERATURE (F)   69
 MINIMUM TEMPERATURE (F)   47


SUNRISE AND SUNSET
OCTOBER  1 2014.......SUNRISE   706 AM CDT   SUNSET   652 PM CDT
OCTOBER  2 2014.......SUNRISE   707 AM CDT   SUNSET   651 PM CDT


-  INDICATES NEGATIVE NUMBERS.
R  INDICATES RECORD WAS SET OR TIED.
MM INDICATES DATA IS MISSING.
T  INDICATES TRACE AMOUNT.




$$





U.S. Dept. of Commerce
NOAA National Weather Service
1325 East West Highway
Silver Spring, MD 20910
E-mail: w-nws.webmaster@noaa.gov
Page last modified: May 16, 2007
NATIONAL WEATHER SERVICE: for Safety, for Work, for Fun - FOR LIFE