754
CDUS43 KEAX 212127
CLIIRK


CLIMATE REPORT
NATIONAL WEATHER SERVICE KANSAS CITY/PLEASANT HILL MO
426 PM CDT SUN SEP 21 2014


...................................

...THE KIRKSVILLE MO CLIMATE SUMMARY FOR SEPTEMBER 21 2014...
VALID AS OF 0400 PM LOCAL TIME.

CLIMATE NORMAL PERIOD 1981 TO 2010
CLIMATE RECORD PERIOD 9999 TO 9999


WEATHER ITEM   OBSERVED TIME   NORMAL DEPARTURE LAST
                VALUE   (LST)  VALUE  FROM      YEAR
                                      NORMAL
......................................................
TEMPERATURE (F)
 TODAY
  MAXIMUM         72    227 PM  74     -2       72
  MINIMUM         52    525 AM  51      1       44
  AVERAGE         62            62      0       58

PRECIPITATION (IN)
  TODAY            0.00          0.13  -0.13     0.00
  MONTH TO DATE   10.07          3.04   7.03     1.33
  SINCE SEP 1     10.07          3.04   7.03     1.33
  SINCE JAN 1     38.16         30.45   7.71    31.22

DEGREE DAYS
 HEATING
  TODAY            3             4     -1        7
  MONTH TO DATE   89            44     45       32
  SINCE SEP 1     89            44     45       32
  SINCE JUL 1     95            51     44       45

 COOLING
  TODAY            0             2     -2        0
  MONTH TO DATE   66            72     -6      171
  SINCE SEP 1     66            72     -6      171
  SINCE JAN 1    932           916     16      981
......................................................


WIND (MPH)
  HIGHEST WIND SPEED    20   HIGHEST WIND DIRECTION    NW (330)
  HIGHEST GUST SPEED    27   HIGHEST GUST DIRECTION    NW (330)
  AVERAGE WIND SPEED    11.6


SKY COVER
  AVERAGE SKY COVER 0.1


WEATHER CONDITIONS
 THE FOLLOWING WEATHER WAS RECORDED TODAY.
  NO SIGNIFICANT WEATHER WAS OBSERVED.


RELATIVE HUMIDITY (PERCENT)
 HIGHEST    86           400 AM
 LOWEST     44           100 PM
 AVERAGE    65

..........................................................


THE KIRKSVILLE MO CLIMATE NORMALS FOR TOMORROW
                         NORMAL
 MAXIMUM TEMPERATURE (F)   73
 MINIMUM TEMPERATURE (F)   50


SUNRISE AND SUNSET
SEPTEMBER 21 2014.....SUNRISE   657 AM CDT   SUNSET   709 PM CDT
SEPTEMBER 22 2014.....SUNRISE   658 AM CDT   SUNSET   707 PM CDT


-  INDICATES NEGATIVE NUMBERS.
R  INDICATES RECORD WAS SET OR TIED.
MM INDICATES DATA IS MISSING.
T  INDICATES TRACE AMOUNT.




$$





U.S. Dept. of Commerce
NOAA National Weather Service
1325 East West Highway
Silver Spring, MD 20910
E-mail: w-nws.webmaster@noaa.gov
Page last modified: May 16, 2007
NATIONAL WEATHER SERVICE: for Safety, for Work, for Fun - FOR LIFE