077
CDUS43 KEAX 010633
CLIIRK


CLIMATE REPORT
NATIONAL WEATHER SERVICE KANSAS CITY/PLEASANT HILL MO
132 AM CDT FRI AUG 1 2014


...................................

...THE KIRKSVILLE MO CLIMATE SUMMARY FOR JULY 31 2014...

CLIMATE NORMAL PERIOD 1981 TO 2010
CLIMATE RECORD PERIOD 9999 TO 9999


WEATHER ITEM   OBSERVED TIME   NORMAL DEPARTURE LAST
                VALUE   (LST)  VALUE  FROM      YEAR
                                      NORMAL
......................................................
TEMPERATURE (F)
 YESTERDAY
  MAXIMUM         84    414 PM  86     -2       81
  MINIMUM         53    439 AM  65    -12       60
  AVERAGE         69            76     -7       71

PRECIPITATION (IN)
  YESTERDAY        0.00          0.17  -0.17     0.00
  MONTH TO DATE    2.81          4.66  -1.85     1.98
  SINCE JUN 1     10.23          9.44   0.79     5.42
  SINCE JAN 1     19.33         23.59  -4.26    29.89

DEGREE DAYS
 HEATING
  YESTERDAY        0             0      0        0
  MONTH TO DATE    6             0      6        8
  SINCE JUN 1     12            17     -5       44
  SINCE JUL 1      6             1      5        8

 COOLING
  YESTERDAY        4            11     -7        6
  MONTH TO DATE  191           313   -122      257
  SINCE JUN 1    438           505    -67      464
  SINCE JAN 1    560           567     -7      532
......................................................


WIND (MPH)
  HIGHEST WIND SPEED     8   HIGHEST WIND DIRECTION     S (200)
  HIGHEST GUST SPEED    11   HIGHEST GUST DIRECTION     W (290)
  AVERAGE WIND SPEED     1.7


SKY COVER
  AVERAGE SKY COVER 0.0


WEATHER CONDITIONS
 THE FOLLOWING WEATHER WAS RECORDED YESTERDAY.
  FOG


RELATIVE HUMIDITY (PERCENT)
 HIGHEST   100           100 AM
 LOWEST     34           400 PM
 AVERAGE    67

..........................................................


THE KIRKSVILLE MO CLIMATE NORMALS FOR TODAY
                         NORMAL
 MAXIMUM TEMPERATURE (F)   86
 MINIMUM TEMPERATURE (F)   65


SUNRISE AND SUNSET
AUGUST  1 2014........SUNRISE   608 AM CDT   SUNSET   824 PM CDT
AUGUST  2 2014........SUNRISE   609 AM CDT   SUNSET   823 PM CDT


-  INDICATES NEGATIVE NUMBERS.
R  INDICATES RECORD WAS SET OR TIED.
MM INDICATES DATA IS MISSING.
T  INDICATES TRACE AMOUNT.




$$





U.S. Dept. of Commerce
NOAA National Weather Service
1325 East West Highway
Silver Spring, MD 20910
E-mail: w-nws.webmaster@noaa.gov
Page last modified: May 16, 2007
NATIONAL WEATHER SERVICE: for Safety, for Work, for Fun - FOR LIFE