637
CDUS41 KCTP 250613
CLIIPT


CLIMATE REPORT
NATIONAL WEATHER SERVICE STATE COLLEGE PA
213 AM EDT SAT OCT 25 2014


...................................

...THE WILLIAMSPORT PA CLIMATE SUMMARY FOR OCTOBER 24 2014...

CLIMATE NORMAL PERIOD 1981 TO 2010
CLIMATE RECORD PERIOD 1895 TO 2014


WEATHER ITEM   OBSERVED TIME   RECORD YEAR NORMAL DEPARTURE LAST
                VALUE   (LST)  VALUE       VALUE  FROM      YEAR
                                                  NORMAL
..................................................................
TEMPERATURE (F)
 YESTERDAY
  MAXIMUM         71    238 PM  77    1963  59     12       50
  MINIMUM         46   1159 PM  20    1969  39      7       37
  AVERAGE         59                        49     10       44

PRECIPITATION (IN)
  YESTERDAY        0.00          2.20 1923   0.10  -0.10      T
  MONTH TO DATE    2.47                      2.68  -0.21     2.75
  SINCE SEP 1      3.57                      6.84  -3.27     4.35
  SINCE JAN 1     32.38                     33.87  -1.49    25.97

SNOWFALL (IN)
  YESTERDAY        0.0
  MONTH TO DATE    0.0
  SINCE SEP 1      0.0
  SINCE JUL 1      0.0
  SNOW DEPTH       0

DEGREE DAYS
 HEATING
  YESTERDAY        6                        16    -10       21
  MONTH TO DATE  215                       294    -79      186
  SINCE SEP 1    291                       408   -117      307
  SINCE JUL 1    296                       422   -126      312

 COOLING
  YESTERDAY        0                         0      0        0
  MONTH TO DATE    6                         1      5       30
  SINCE SEP 1     96                        64     32      104
  SINCE JAN 1    713                       698     15      863
..................................................................


WIND (MPH)
  HIGHEST WIND SPEED    20   HIGHEST WIND DIRECTION     W (260)
  HIGHEST GUST SPEED    24   HIGHEST GUST DIRECTION     W (260)
  AVERAGE WIND SPEED     9.8


SKY COVER
  POSSIBLE SUNSHINE  MM
  AVERAGE SKY COVER 0.3


WEATHER CONDITIONS
 THE FOLLOWING WEATHER WAS RECORDED YESTERDAY.
  NO SIGNIFICANT WEATHER WAS OBSERVED.


RELATIVE HUMIDITY (PERCENT)
 HIGHEST    66           700 AM
 LOWEST     18           300 PM
 AVERAGE    42

..........................................................


THE WILLIAMSPORT PA CLIMATE NORMALS FOR TODAY
                         NORMAL    RECORD    YEAR
 MAXIMUM TEMPERATURE (F)   59        77      1963
 MINIMUM TEMPERATURE (F)   39        23      1937


SUNRISE AND SUNSET
OCTOBER 25 2014.......SUNRISE   731 AM EDT   SUNSET   612 PM EDT
OCTOBER 26 2014.......SUNRISE   732 AM EDT   SUNSET   611 PM EDT


-  INDICATES NEGATIVE NUMBERS.
R  INDICATES RECORD WAS SET OR TIED.
MM INDICATES DATA IS MISSING.
T  INDICATES TRACE AMOUNT.




$$





U.S. Dept. of Commerce
NOAA National Weather Service
1325 East West Highway
Silver Spring, MD 20910
E-mail: w-nws.webmaster@noaa.gov
Page last modified: May 16, 2007
NATIONAL WEATHER SERVICE: for Safety, for Work, for Fun - FOR LIFE