482
CDUS41 KCTP 300621
CLIIPT


CLIMATE REPORT
NATIONAL WEATHER SERVICE STATE COLLEGE PA
220 AM EDT SAT AUG 30 2014


...................................

...THE WILLIAMSPORT PA CLIMATE SUMMARY FOR AUGUST 29 2014...

CLIMATE NORMAL PERIOD 1981 TO 2010
CLIMATE RECORD PERIOD 1895 TO 2014


WEATHER ITEM   OBSERVED TIME   RECORD YEAR NORMAL DEPARTURE LAST
                VALUE   (LST)  VALUE       VALUE  FROM      YEAR
                                                  NORMAL
..................................................................
TEMPERATURE (F)
 YESTERDAY
  MAXIMUM         77    250 PM  97    1953  79     -2       88
  MINIMUM         50    554 AM  39    1982  59     -9       66
  AVERAGE         64                        69     -5       77

PRECIPITATION (IN)
  YESTERDAY        0.00          4.32 1988   0.12  -0.12     0.00
  MONTH TO DATE    6.29                      3.61   2.68     1.74
  SINCE JUN 1     13.77                     11.87   1.90     9.03
  SINCE JAN 1     28.52                     26.78   1.74    21.60

DEGREE DAYS
 HEATING
  YESTERDAY        1                         1      0        0
  MONTH TO DATE    5                         5      0        5
  SINCE JUN 1     13                        46    -33       14
  SINCE JUL 1      5                         9     -4        5

 COOLING
  YESTERDAY        0                         5     -5       12
  MONTH TO DATE  149                       192    -43      167
  SINCE JUN 1    556                       582    -26      664
  SINCE JAN 1    608                       625    -17      735
..................................................................


WIND (MPH)
  HIGHEST WIND SPEED     9   HIGHEST WIND DIRECTION     S (180)
  HIGHEST GUST SPEED    12   HIGHEST GUST DIRECTION     S (180)
  AVERAGE WIND SPEED     2.7


SKY COVER
  POSSIBLE SUNSHINE  MM
  AVERAGE SKY COVER 0.1


WEATHER CONDITIONS
 THE FOLLOWING WEATHER WAS RECORDED YESTERDAY.
  NO SIGNIFICANT WEATHER WAS OBSERVED.


RELATIVE HUMIDITY (PERCENT)
 HIGHEST    89           200 AM
 LOWEST     41           100 PM
 AVERAGE    65

..........................................................


THE WILLIAMSPORT PA CLIMATE NORMALS FOR TODAY
                         NORMAL    RECORD    YEAR
 MAXIMUM TEMPERATURE (F)   79        98      1953
 MINIMUM TEMPERATURE (F)   59        38      1965


SUNRISE AND SUNSET
AUGUST 30 2014........SUNRISE   632 AM EDT   SUNSET   744 PM EDT
AUGUST 31 2014........SUNRISE   633 AM EDT   SUNSET   742 PM EDT


-  INDICATES NEGATIVE NUMBERS.
R  INDICATES RECORD WAS SET OR TIED.
MM INDICATES DATA IS MISSING.
T  INDICATES TRACE AMOUNT.




$$





U.S. Dept. of Commerce
NOAA National Weather Service
1325 East West Highway
Silver Spring, MD 20910
E-mail: w-nws.webmaster@noaa.gov
Page last modified: May 16, 2007
NATIONAL WEATHER SERVICE: for Safety, for Work, for Fun - FOR LIFE