538
CDUS41 KCTP 222116
CLIIPT


CLIMATE REPORT
NATIONAL WEATHER SERVICE STATE COLLEGE PA
516 PM EDT TUE JUL 22 2014


...................................

...THE WILLIAMSPORT PA CLIMATE SUMMARY FOR JULY 22 2014...
VALID TODAY AS OF 0500 PM LOCAL TIME.

CLIMATE NORMAL PERIOD 1981 TO 2010
CLIMATE RECORD PERIOD 1895 TO 2014


WEATHER ITEM   OBSERVED TIME   RECORD YEAR NORMAL DEPARTURE LAST
                VALUE   (LST)  VALUE       VALUE  FROM      YEAR
                                                  NORMAL
..................................................................
TEMPERATURE (F)
 TODAY
  MAXIMUM         86    403 PM 103    2011  84      2       88
  MINIMUM         67    600 AM  48    1929  62      5       68
  AVERAGE         77                        73      4       78

PRECIPITATION (IN)
  TODAY            0.00          1.54 1925   0.15  -0.15     0.39
  MONTH TO DATE    3.24                      3.02   0.22     2.35
  SINCE JUN 1      6.70                      6.94  -0.24     6.52
  SINCE JAN 1     21.45                     21.85  -0.40    19.09

DEGREE DAYS
 HEATING
  TODAY            0                         0      0        0
  MONTH TO DATE    0                         0      0        0
  SINCE JUN 1      8                        37    -29        9
  SINCE JUL 1      0                         0      0        0

 COOLING
  TODAY           12                         8      4       13
  MONTH TO DATE  190                       173     17      303
  SINCE JUN 1    359                       319     40      463
  SINCE JAN 1    411                       362     49      534
..................................................................


WIND (MPH)
  HIGHEST WIND SPEED    13   HIGHEST WIND DIRECTION     S (170)
  HIGHEST GUST SPEED    17   HIGHEST GUST DIRECTION     S (170)
  AVERAGE WIND SPEED     2.8


SKY COVER
  POSSIBLE SUNSHINE  MM
  AVERAGE SKY COVER 0.8


WEATHER CONDITIONS
 THE FOLLOWING WEATHER WAS RECORDED TODAY.
  FOG


RELATIVE HUMIDITY (PERCENT)
 HIGHEST    93           600 AM
 LOWEST     57           400 PM
 AVERAGE    75

..........................................................


THE WILLIAMSPORT PA CLIMATE NORMALS FOR TOMORROW
                         NORMAL    RECORD    YEAR
 MAXIMUM TEMPERATURE (F)   84        99      1955
 MINIMUM TEMPERATURE (F)   62        47      1983


SUNRISE AND SUNSET
JULY 22 2014..........SUNRISE   554 AM EDT   SUNSET   834 PM EDT
JULY 23 2014..........SUNRISE   555 AM EDT   SUNSET   833 PM EDT


-  INDICATES NEGATIVE NUMBERS.
R  INDICATES RECORD WAS SET OR TIED.
MM INDICATES DATA IS MISSING.
T  INDICATES TRACE AMOUNT.




$$





U.S. Dept. of Commerce
NOAA National Weather Service
1325 East West Highway
Silver Spring, MD 20910
E-mail: w-nws.webmaster@noaa.gov
Page last modified: May 16, 2007
NATIONAL WEATHER SERVICE: for Safety, for Work, for Fun - FOR LIFE