717
CDUS41 KCTP 280628
CLIIPT


CLIMATE REPORT
NATIONAL WEATHER SERVICE STATE COLLEGE PA
128 AM EST FRI NOV 28 2014


...................................

...THE WILLIAMSPORT PA CLIMATE SUMMARY FOR NOVEMBER 27 2014...

CLIMATE NORMAL PERIOD 1981 TO 2010
CLIMATE RECORD PERIOD 1895 TO 2014


WEATHER ITEM   OBSERVED TIME   RECORD YEAR NORMAL DEPARTURE LAST
                VALUE   (LST)  VALUE       VALUE  FROM      YEAR
                                                  NORMAL
..................................................................
TEMPERATURE (F)
 YESTERDAY
  MAXIMUM         36    303 PM  70    1896  45     -9       37
  MINIMUM         29   1157 PM   3    1938  30     -1       28
  AVERAGE         33                        38     -5       33

PRECIPITATION (IN)
  YESTERDAY        0.03          1.62 1993   0.13  -0.10     0.39
  MONTH TO DATE    2.16                      3.34  -1.18     2.84
  SINCE SEP 1      5.76                     10.92  -5.16     7.43
  SINCE JAN 1     34.57                     37.95  -3.38    29.05

SNOWFALL (IN)
  YESTERDAY        0.3
  MONTH TO DATE    5.1
  SINCE SEP 1      5.1
  SINCE JUL 1      5.1
  SNOW DEPTH       4

DEGREE DAYS
 HEATING
  YESTERDAY       32                        28      4       32
  MONTH TO DATE  681                       617     64      678
  SINCE SEP 1   1064                      1146    -82     1119
  SINCE JUL 1   1069                      1160    -91     1124

 COOLING
  YESTERDAY        0                         0      0        0
  MONTH TO DATE    0                         0      0        0
  SINCE SEP 1     96                        68     28      104
  SINCE JAN 1    713                       702     11      863
..................................................................


WIND (MPH)
  HIGHEST WIND SPEED    10   HIGHEST WIND DIRECTION     W (270)
  HIGHEST GUST SPEED    12   HIGHEST GUST DIRECTION     W (260)
  AVERAGE WIND SPEED     5.2


SKY COVER
  POSSIBLE SUNSHINE  MM
  AVERAGE SKY COVER 0.9


WEATHER CONDITIONS
 THE FOLLOWING WEATHER WAS RECORDED YESTERDAY.
  LIGHT SNOW
  FOG


RELATIVE HUMIDITY (PERCENT)
 HIGHEST    92           600 AM
 LOWEST     64           100 PM
 AVERAGE    78

..........................................................


THE WILLIAMSPORT PA CLIMATE NORMALS FOR TODAY
                         NORMAL    RECORD    YEAR
 MAXIMUM TEMPERATURE (F)   44        68      1990
 MINIMUM TEMPERATURE (F)   30        10      1930


SUNRISE AND SUNSET
NOVEMBER 28 2014......SUNRISE   711 AM EST   SUNSET   440 PM EST
NOVEMBER 29 2014......SUNRISE   712 AM EST   SUNSET   440 PM EST


-  INDICATES NEGATIVE NUMBERS.
R  INDICATES RECORD WAS SET OR TIED.
MM INDICATES DATA IS MISSING.
T  INDICATES TRACE AMOUNT.




$$





U.S. Dept. of Commerce
NOAA National Weather Service
1325 East West Highway
Silver Spring, MD 20910
E-mail: w-nws.webmaster@noaa.gov
Page last modified: May 16, 2007
NATIONAL WEATHER SERVICE: for Safety, for Work, for Fun - FOR LIFE