492
CDUS41 KCTP 010633
CLIIPT


CLIMATE REPORT
NATIONAL WEATHER SERVICE STATE COLLEGE PA
133 AM EST SUN FEB 1 2015


...................................

...THE WILLIAMSPORT PA CLIMATE SUMMARY FOR JANUARY 31 2015...

CLIMATE NORMAL PERIOD 1981 TO 2010
CLIMATE RECORD PERIOD 1895 TO 2015


WEATHER ITEM   OBSERVED TIME   RECORD YEAR NORMAL DEPARTURE LAST
                VALUE   (LST)  VALUE       VALUE  FROM      YEAR
                                                  NORMAL
..................................................................
TEMPERATURE (F)
 YESTERDAY
  MAXIMUM         28    431 PM  62    1974  35     -7       31
  MINIMUM          7    702 AM -14    1948  20    -13       19
  AVERAGE         18                        27     -9       25

PRECIPITATION (IN)
  YESTERDAY        0.00          0.89 1921   0.09  -0.09     0.00
  MONTH TO DATE    1.71                      2.70  -0.99     1.25
  SINCE DEC 1      4.31                      5.63  -1.32     4.89
  SINCE JAN 1      1.71                      2.70  -0.99     1.25

SNOWFALL (IN)
  YESTERDAY        0.0           4.0  1921   0.4   -0.4      0.0
  MONTH TO DATE   14.7                      10.5    4.2      7.9
  SINCE DEC 1     18.7                      17.4    1.3     22.0
  SINCE JUL 1     23.8                      19.2    4.6     24.2
  SNOW DEPTH       6

DEGREE DAYS
 HEATING
  YESTERDAY       47                        38      9       40
  MONTH TO DATE 1257                      1186     71     1354
  SINCE DEC 1   2160                      2234    -74     2427
  SINCE JUL 1   3330                      3479   -149     3670

 COOLING
  YESTERDAY        0                         0      0        0
  MONTH TO DATE    0                         0      0        0
  SINCE DEC 1      0                         0      0        0
  SINCE JAN 1      0                         0      0        0
..................................................................


WIND (MPH)
  HIGHEST WIND SPEED    18   HIGHEST WIND DIRECTION    NW (300)
  HIGHEST GUST SPEED    27   HIGHEST GUST DIRECTION     W (290)
  AVERAGE WIND SPEED     9.5


SKY COVER
  POSSIBLE SUNSHINE  MM
  AVERAGE SKY COVER 0.3


WEATHER CONDITIONS
 THE FOLLOWING WEATHER WAS RECORDED YESTERDAY.
  NO SIGNIFICANT WEATHER WAS OBSERVED.


RELATIVE HUMIDITY (PERCENT)
 HIGHEST    69           800 AM
 LOWEST     40           200 PM
 AVERAGE    55

..........................................................


THE WILLIAMSPORT PA CLIMATE NORMALS FOR TODAY
                         NORMAL    RECORD    YEAR
 MAXIMUM TEMPERATURE (F)   35        67      1989
 MINIMUM TEMPERATURE (F)   20       -13      1971


SUNRISE AND SUNSET
FEBRUARY  1 2015......SUNRISE   719 AM EST   SUNSET   524 PM EST
FEBRUARY  2 2015......SUNRISE   718 AM EST   SUNSET   525 PM EST


-  INDICATES NEGATIVE NUMBERS.
R  INDICATES RECORD WAS SET OR TIED.
MM INDICATES DATA IS MISSING.
T  INDICATES TRACE AMOUNT.




$$





U.S. Dept. of Commerce
NOAA National Weather Service
1325 East West Highway
Silver Spring, MD 20910
E-mail: w-nws.webmaster@noaa.gov
Page last modified: May 16, 2007
NATIONAL WEATHER SERVICE: for Safety, for Work, for Fun - FOR LIFE