085
CDUS41 KCTP 190706
CLIIPT


CLIMATE REPORT
NATIONAL WEATHER SERVICE STATE COLLEGE PA
205 AM EST FRI DEC 19 2014


...................................

...THE WILLIAMSPORT PA CLIMATE SUMMARY FOR DECEMBER 18 2014...

CLIMATE NORMAL PERIOD 1981 TO 2010
CLIMATE RECORD PERIOD 1895 TO 2014


WEATHER ITEM   OBSERVED TIME   RECORD YEAR NORMAL DEPARTURE LAST
                VALUE   (LST)  VALUE       VALUE  FROM      YEAR
                                                  NORMAL
..................................................................
TEMPERATURE (F)
 YESTERDAY
  MAXIMUM         37    213 PM  65    1912  37      0       33
  MINIMUM         33    450 AM  -8    1914  24      9       14
  AVERAGE         35                        30      5       24

PRECIPITATION (IN)
  YESTERDAY        0.00          1.16 1915   0.08  -0.08      T
  MONTH TO DATE    2.04                      1.88   0.16     2.12
  SINCE DEC 1      2.04                      1.88   0.16     2.12
  SINCE JAN 1     36.61                     40.23  -3.62    31.17

SNOWFALL (IN)
  YESTERDAY        0.0
  MONTH TO DATE    4.0
  SINCE DEC 1      4.0
  SINCE JUL 1      9.1
  SNOW DEPTH       0

DEGREE DAYS
 HEATING
  YESTERDAY       30                        35     -5       41
  MONTH TO DATE  529                       576    -47      643
  SINCE DEC 1    529                       576    -47      643
  SINCE JUL 1   1699                      1821   -122     1886

 COOLING
  YESTERDAY        0                         0      0        0
  MONTH TO DATE    0                         0      0        0
  SINCE DEC 1      0                         0      0        0
  SINCE JAN 1    713                       702     11      863
..................................................................


WIND (MPH)
  HIGHEST WIND SPEED    21   HIGHEST WIND DIRECTION    NW (300)
  HIGHEST GUST SPEED    27   HIGHEST GUST DIRECTION    NW (300)
  AVERAGE WIND SPEED    11.4


SKY COVER
  POSSIBLE SUNSHINE  MM
  AVERAGE SKY COVER 1.0


WEATHER CONDITIONS
 THE FOLLOWING WEATHER WAS RECORDED YESTERDAY.
  NO SIGNIFICANT WEATHER WAS OBSERVED.


RELATIVE HUMIDITY (PERCENT)
 HIGHEST    75           700 PM
 LOWEST     56          1200 AM
 AVERAGE    66

..........................................................


THE WILLIAMSPORT PA CLIMATE NORMALS FOR TODAY
                         NORMAL    RECORD    YEAR
 MAXIMUM TEMPERATURE (F)   37        57      1957
 MINIMUM TEMPERATURE (F)   23        -3      1926


SUNRISE AND SUNSET
DECEMBER 19 2014......SUNRISE   729 AM EST   SUNSET   441 PM EST
DECEMBER 20 2014......SUNRISE   729 AM EST   SUNSET   441 PM EST


-  INDICATES NEGATIVE NUMBERS.
R  INDICATES RECORD WAS SET OR TIED.
MM INDICATES DATA IS MISSING.
T  INDICATES TRACE AMOUNT.




$$





U.S. Dept. of Commerce
NOAA National Weather Service
1325 East West Highway
Silver Spring, MD 20910
E-mail: w-nws.webmaster@noaa.gov
Page last modified: May 16, 2007
NATIONAL WEATHER SERVICE: for Safety, for Work, for Fun - FOR LIFE