525
CDUS41 KCTP 190640
CLIIPT


CLIMATE REPORT
NATIONAL WEATHER SERVICE STATE COLLEGE PA
240 AM EDT FRI SEP 19 2014


...................................

...THE WILLIAMSPORT PA CLIMATE SUMMARY FOR SEPTEMBER 18 2014...

CLIMATE NORMAL PERIOD 1981 TO 2010
CLIMATE RECORD PERIOD 1895 TO 2014


WEATHER ITEM   OBSERVED TIME   RECORD YEAR NORMAL DEPARTURE LAST
                VALUE   (LST)  VALUE       VALUE  FROM      YEAR
                                                  NORMAL
..................................................................
TEMPERATURE (F)
 YESTERDAY
  MAXIMUM         72    425 PM  88    1964  73     -1       71
  MINIMUM         48    245 AM  36    1937  52     -4       40
  AVERAGE         60                        62     -2       56

PRECIPITATION (IN)
  YESTERDAY        0.00          2.14 2012   0.14  -0.14     0.00
  MONTH TO DATE    0.69                      2.50  -1.81     1.30
  SINCE SEP 1      0.69                      2.50  -1.81     1.30
  SINCE JAN 1     29.50                     29.53  -0.03    22.92

DEGREE DAYS
 HEATING
  YESTERDAY        5                         4      1        9
  MONTH TO DATE   44                        41      3       64
  SINCE SEP 1     44                        41      3       64
  SINCE JUL 1     49                        55     -6       69

 COOLING
  YESTERDAY        0                         2     -2        0
  MONTH TO DATE   76                        52     24       73
  SINCE SEP 1     76                        52     24       73
  SINCE JAN 1    693                       686      7      832
..................................................................


WIND (MPH)
  HIGHEST WIND SPEED    12   HIGHEST WIND DIRECTION     W (250)
  HIGHEST GUST SPEED    15   HIGHEST GUST DIRECTION    SW (240)
  AVERAGE WIND SPEED     3.8


SKY COVER
  POSSIBLE SUNSHINE  MM
  AVERAGE SKY COVER 0.6


WEATHER CONDITIONS
 THE FOLLOWING WEATHER WAS RECORDED YESTERDAY.
  FOG


RELATIVE HUMIDITY (PERCENT)
 HIGHEST    93           300 AM
 LOWEST     38           100 PM
 AVERAGE    66

..........................................................


THE WILLIAMSPORT PA CLIMATE NORMALS FOR TODAY
                         NORMAL    RECORD    YEAR
 MAXIMUM TEMPERATURE (F)   72        89      1946
 MINIMUM TEMPERATURE (F)   52        34      1943


SUNRISE AND SUNSET
SEPTEMBER 19 2014.....SUNRISE   652 AM EDT   SUNSET   710 PM EDT
SEPTEMBER 20 2014.....SUNRISE   653 AM EDT   SUNSET   708 PM EDT


-  INDICATES NEGATIVE NUMBERS.
R  INDICATES RECORD WAS SET OR TIED.
MM INDICATES DATA IS MISSING.
T  INDICATES TRACE AMOUNT.




$$





U.S. Dept. of Commerce
NOAA National Weather Service
1325 East West Highway
Silver Spring, MD 20910
E-mail: w-nws.webmaster@noaa.gov
Page last modified: May 16, 2007
NATIONAL WEATHER SERVICE: for Safety, for Work, for Fun - FOR LIFE