819
CDUS41 KCTP 220715
CLIIPT


CLIMATE REPORT
NATIONAL WEATHER SERVICE STATE COLLEGE PA
215 AM EST SAT NOV 22 2014


...................................

...THE WILLIAMSPORT PA CLIMATE SUMMARY FOR NOVEMBER 21 2014...

CLIMATE NORMAL PERIOD 1981 TO 2010
CLIMATE RECORD PERIOD 1895 TO 2014


WEATHER ITEM   OBSERVED TIME   RECORD YEAR NORMAL DEPARTURE LAST
                VALUE   (LST)  VALUE       VALUE  FROM      YEAR
                                                  NORMAL
..................................................................
TEMPERATURE (F)
 YESTERDAY
  MAXIMUM         36    209 PM  79    1900  47    -11       43
  MINIMUM         20   1159 PM  12    1951  32    -12       25
  AVERAGE         28                        40    -12       34

PRECIPITATION (IN)
  YESTERDAY        0.00          1.62 1952   0.14  -0.14      T
  MONTH TO DATE    0.84                      2.55  -1.71     0.97
  SINCE SEP 1      4.44                     10.13  -5.69     5.56
  SINCE JAN 1     33.25                     37.16  -3.91    27.18

SNOWFALL (IN)
  YESTERDAY        0.0
  MONTH TO DATE    T
  SINCE SEP 1      T
  SINCE JUL 1      T
  SNOW DEPTH       0

DEGREE DAYS
 HEATING
  YESTERDAY       37                        25     12       31
  MONTH TO DATE  531                       457     74      479
  SINCE SEP 1    914                       986    -72      920
  SINCE JUL 1    919                      1000    -81      925

 COOLING
  YESTERDAY        0                         0      0        0
  MONTH TO DATE    0                         0      0        0
  SINCE SEP 1     96                        68     28      104
  SINCE JAN 1    713                       702     11      863
..................................................................


WIND (MPH)
  HIGHEST WIND SPEED    22   HIGHEST WIND DIRECTION     W (290)
  HIGHEST GUST SPEED    27   HIGHEST GUST DIRECTION     W (290)
  AVERAGE WIND SPEED     8.8


SKY COVER
  POSSIBLE SUNSHINE  MM
  AVERAGE SKY COVER 0.1


WEATHER CONDITIONS
 THE FOLLOWING WEATHER WAS RECORDED YESTERDAY.
  NO SIGNIFICANT WEATHER WAS OBSERVED.


RELATIVE HUMIDITY (PERCENT)
 HIGHEST    59           500 AM
 LOWEST     32           200 PM
 AVERAGE    46

..........................................................


THE WILLIAMSPORT PA CLIMATE NORMALS FOR TODAY
                         NORMAL    RECORD    YEAR
 MAXIMUM TEMPERATURE (F)   47        70      1931
 MINIMUM TEMPERATURE (F)   32        15      2008
                                             1969


SUNRISE AND SUNSET
NOVEMBER 22 2014......SUNRISE   704 AM EST   SUNSET   443 PM EST
NOVEMBER 23 2014......SUNRISE   705 AM EST   SUNSET   443 PM EST


-  INDICATES NEGATIVE NUMBERS.
R  INDICATES RECORD WAS SET OR TIED.
MM INDICATES DATA IS MISSING.
T  INDICATES TRACE AMOUNT.




$$





U.S. Dept. of Commerce
NOAA National Weather Service
1325 East West Highway
Silver Spring, MD 20910
E-mail: w-nws.webmaster@noaa.gov
Page last modified: May 16, 2007
NATIONAL WEATHER SERVICE: for Safety, for Work, for Fun - FOR LIFE