638
CDUS43 KDVN 240937
CLIIOW


CLIMATE REPORT
NATIONAL WEATHER SERVICE QUAD CITIES IA IL
437 AM CDT FRI OCT 24 2014


...................................

...THE IOWA CITY IA CLIMATE SUMMARY FOR OCTOBER 23 2014...

CLIMATE NORMAL PERIOD 1981 TO 2010
CLIMATE RECORD PERIOD 9999 TO 9999


WEATHER ITEM   OBSERVED TIME   RECORD YEAR NORMAL DEPARTURE LAST
                VALUE   (LST)  VALUE       VALUE  FROM      YEAR
                                                  NORMAL
..................................................................
TEMPERATURE (F)
 YESTERDAY
  MAXIMUM         58    356 PM  MM      MM  60     -2       44
  MINIMUM         43    304 AM  MM      MM  39      4       30
  AVERAGE         51                        50      1       37

PRECIPITATION (IN)
  YESTERDAY        0.02         MM      MM   0.10  -0.08     0.03
  MONTH TO DATE    2.93                      2.11   0.82     1.77
  SINCE SEP 1      8.80                      5.50   3.30     3.70
  SINCE JAN 1     36.23                     31.65   4.58    31.96

DEGREE DAYS
 HEATING
  YESTERDAY       14                        16     -2       28
  MONTH TO DATE  303                       275     28      266
  SINCE SEP 1    424                       379     45      323
  SINCE JUL 1    436                       387     49      332

 COOLING
  YESTERDAY        0                         0      0        0
  MONTH TO DATE    0                        10    -10       23
  SINCE SEP 1     62                        90    -28      196
  SINCE JAN 1    778                       912   -134     1064
..................................................................


WIND (MPH)
  HIGHEST WIND SPEED    10   HIGHEST WIND DIRECTION    SE (150)
  HIGHEST GUST SPEED    13   HIGHEST GUST DIRECTION     S (160)
  AVERAGE WIND SPEED     3.5


SKY COVER
  POSSIBLE SUNSHINE  MM
  AVERAGE SKY COVER 0.8


WEATHER CONDITIONS
 THE FOLLOWING WEATHER WAS RECORDED YESTERDAY.
  LIGHT RAIN
  FOG
  FOG W/VISIBILITY <= 1/4 MILE
  HAZE


RELATIVE HUMIDITY (PERCENT)
 HIGHEST   100           500 PM
 LOWEST     80           100 PM
 AVERAGE    90

..........................................................


THE IOWA CITY IA CLIMATE NORMALS FOR TODAY
                         NORMAL    RECORD    YEAR
 MAXIMUM TEMPERATURE (F)   59        MM        MM
 MINIMUM TEMPERATURE (F)   39        MM        MM


SUNRISE AND SUNSET
OCTOBER 24 2014.......SUNRISE   729 AM CDT   SUNSET   611 PM CDT
OCTOBER 25 2014.......SUNRISE   730 AM CDT   SUNSET   610 PM CDT


-  INDICATES NEGATIVE NUMBERS.
R  INDICATES RECORD WAS SET OR TIED.
MM INDICATES DATA IS MISSING.
T  INDICATES TRACE AMOUNT.




$$





U.S. Dept. of Commerce
NOAA National Weather Service
1325 East West Highway
Silver Spring, MD 20910
E-mail: w-nws.webmaster@noaa.gov
Page last modified: May 16, 2007
NATIONAL WEATHER SERVICE: for Safety, for Work, for Fun - FOR LIFE