648
CDUS45 KFGZ 260910
CLIINW
CLIMATE REPORT
NATIONAL WEATHER SERVICE FLAGSTAFF, AZ
208 AM MST WED NOV 26 2014


...................................

...THE WINSLOW AZ AIRPORT CLIMATE SUMMARY FOR NOVEMBER 25 2014...

CLIMATE NORMAL PERIOD 1981 TO 2010
CLIMATE RECORD PERIOD 1898 TO 2014


WEATHER ITEM   OBSERVED TIME   RECORD YEAR NORMAL DEPARTURE LAST
                VALUE   (LST)  VALUE       VALUE  FROM      YEAR
                                                  NORMAL
..................................................................
TEMPERATURE (F)
 YESTERDAY
  MAXIMUM         56    329 PM  70    1970  55      1       46
                                      1917
  MINIMUM         12    651 AM   0    1952  25    -13       MM
  AVERAGE         34                        40     -6       MM

PRECIPITATION (IN)
  YESTERDAY        0.00          0.40 1925   0.01  -0.01     0.00
  MONTH TO DATE    T                         0.42  -0.42     2.54
  SINCE SEP 1      1.73                      1.83  -0.10     3.76
  SINCE JAN 1      5.91                      6.36  -0.45     9.46

DEGREE DAYS
 HEATING
  YESTERDAY       31                        25      6       MM
  MONTH TO DATE  496                       499     -3      412
  SINCE JUL 1    654                       805   -151      825

 COOLING
  YESTERDAY        0                         0      0       MM
  MONTH TO DATE    0                         0      0        0
  SINCE JAN 1   1327                      1208    119     1380
..................................................................


WIND (MPH)
  HIGHEST WIND SPEED    12   HIGHEST WIND DIRECTION     W (270)
  HIGHEST GUST SPEED    15   HIGHEST GUST DIRECTION     E (100)
  AVERAGE WIND SPEED     4.2


SKY COVER
  POSSIBLE SUNSHINE  MM
  AVERAGE SKY COVER 0.0


WEATHER CONDITIONS
 THE FOLLOWING WEATHER WAS RECORDED YESTERDAY.
  HAZE


RELATIVE HUMIDITY (PERCENT)
 HIGHEST    48           700 AM
 LOWEST      9           200 PM
 AVERAGE    29

..........................................................


THE WINSLOW AZ AIRPORT CLIMATE NORMALS FOR TODAY
                         NORMAL    RECORD    YEAR
 MAXIMUM TEMPERATURE (F)   55        71      1995
 MINIMUM TEMPERATURE (F)   24         1      1952


SUNRISE AND SUNSET
NOVEMBER 26 2014......SUNRISE   708 AM MST   SUNSET   512 PM MST
NOVEMBER 27 2014......SUNRISE   709 AM MST   SUNSET   512 PM MST


-  INDICATES NEGATIVE NUMBERS.
R  INDICATES RECORD WAS SET OR TIED.
MM INDICATES DATA IS MISSING.
T  INDICATES TRACE AMOUNT.




$$






U.S. Dept. of Commerce
NOAA National Weather Service
1325 East West Highway
Silver Spring, MD 20910
E-mail: w-nws.webmaster@noaa.gov
Page last modified: May 16, 2007
NATIONAL WEATHER SERVICE: for Safety, for Work, for Fun - FOR LIFE