841
CDUS45 KFGZ 260056
CLIINW
CLIMATE REPORT
NATIONAL WEATHER SERVICE FLAGSTAFF, AZ
556 PM MST SAT OCT 25 2014


...................................

...THE WINSLOW AZ AIRPORT CLIMATE SUMMARY FOR OCTOBER 25 2014...
VALID TODAY AS OF 0500 PM LOCAL TIME.

CLIMATE NORMAL PERIOD 1981 TO 2010
CLIMATE RECORD PERIOD 1898 TO 2014


WEATHER ITEM   OBSERVED TIME   RECORD YEAR NORMAL DEPARTURE LAST
                VALUE   (LST)  VALUE       VALUE  FROM      YEAR
                                                  NORMAL
..................................................................
TEMPERATURE (F)
 TODAY
  MAXIMUM         83    230 PM  85    1959  70     13       70
  MINIMUM         45    620 AM  19    1975  36      9       39
  AVERAGE         64                        53     11       55

PRECIPITATION (IN)
  TODAY            0.00          0.19 1998   0.01  -0.01     0.00
  MONTH TO DATE    0.39                      0.43  -0.04     0.25
  SINCE SEP 1      1.73                      1.31   0.42     1.18
  SINCE JAN 1      5.91                      5.84   0.07     6.88

DEGREE DAYS
 HEATING
  TODAY            1                        12    -11       10
  MONTH TO DATE  103                       194    -91      291
  SINCE JUL 1    116                       225   -109      324

 COOLING
  TODAY            0                         0      0        0
  MONTH TO DATE    1                         6     -5        0
  SINCE JAN 1   1327                      1207    120     1380
..................................................................


WIND (MPH)
  HIGHEST WIND SPEED    20   HIGHEST WIND DIRECTION    SW (220)
  HIGHEST GUST SPEED    28   HIGHEST GUST DIRECTION     S (200)
  AVERAGE WIND SPEED     7.8


SKY COVER
  POSSIBLE SUNSHINE  MM
  AVERAGE SKY COVER 0.1


WEATHER CONDITIONS
 THE FOLLOWING WEATHER WAS RECORDED TODAY.
  NO SIGNIFICANT WEATHER WAS OBSERVED.


RELATIVE HUMIDITY (PERCENT)
 HIGHEST    71           400 AM
 LOWEST     22           100 PM
 AVERAGE    47

..........................................................


THE WINSLOW AZ AIRPORT CLIMATE NORMALS FOR TOMORROW
                         NORMAL    RECORD    YEAR
 MAXIMUM TEMPERATURE (F)   70        80      2007
                                             1979
                                             1959
 MINIMUM TEMPERATURE (F)   35        18      1997


SUNRISE AND SUNSET
OCTOBER 25 2014.......SUNRISE   638 AM MST   SUNSET   536 PM MST
OCTOBER 26 2014.......SUNRISE   638 AM MST   SUNSET   535 PM MST


-  INDICATES NEGATIVE NUMBERS.
R  INDICATES RECORD WAS SET OR TIED.
MM INDICATES DATA IS MISSING.
T  INDICATES TRACE AMOUNT.




$$






U.S. Dept. of Commerce
NOAA National Weather Service
1325 East West Highway
Silver Spring, MD 20910
E-mail: w-nws.webmaster@noaa.gov
Page last modified: May 16, 2007
NATIONAL WEATHER SERVICE: for Safety, for Work, for Fun - FOR LIFE