692
CDUS45 KFGZ 170802
CLIINW
CLIMATE REPORT
NATIONAL WEATHER SERVICE FLAGSTAFF, AZ
101 AM MST THU APR 17 2014


...................................

...THE WINSLOW AZ AIRPORT CLIMATE SUMMARY FOR APRIL 16 2014...

CLIMATE NORMAL PERIOD 1981 TO 2010
CLIMATE RECORD PERIOD 1898 TO 2014


WEATHER ITEM   OBSERVED TIME   RECORD YEAR NORMAL DEPARTURE LAST
                VALUE   (LST)  VALUE       VALUE  FROM      YEAR
                                                  NORMAL
..................................................................
TEMPERATURE (F)
 YESTERDAY
  MAXIMUM         78    349 PM  87    1962  72      6       72
                                      1948
  MINIMUM         33    523 AM  21    1974  37     -4       46
                                      1924
  AVERAGE         56                        54      2       59

PRECIPITATION (IN)
  YESTERDAY        0.00          1.22 1934   0.01  -0.01     0.00
  MONTH TO DATE    0.03                      0.17  -0.14     0.30
  SINCE SEP 1      4.86                      4.17   0.69     3.05
  SINCE JAN 1      1.05                      1.69  -0.64     1.78

DEGREE DAYS
 HEATING
  YESTERDAY        9                        11     -2        6
  MONTH TO DATE  184                       206    -22      132
  SINCE JUL 1   4042                      4259   -217     3983

 COOLING
  YESTERDAY        0                         0      0        0
  MONTH TO DATE    0                         0      0        0
  SINCE JAN 1      0                         0      0        0
..................................................................


WIND (MPH)
  HIGHEST WIND SPEED    17   HIGHEST WIND DIRECTION    NW (300)
  HIGHEST GUST SPEED    23   HIGHEST GUST DIRECTION     N (20)
  AVERAGE WIND SPEED     5.7


SKY COVER
  POSSIBLE SUNSHINE  MM
  AVERAGE SKY COVER 0.0


WEATHER CONDITIONS
 THE FOLLOWING WEATHER WAS RECORDED YESTERDAY.
  NO SIGNIFICANT WEATHER WAS OBSERVED.


RELATIVE HUMIDITY (PERCENT)
 HIGHEST    38           600 AM
 LOWEST      8           300 PM
 AVERAGE    23

..........................................................


THE WINSLOW AZ AIRPORT CLIMATE NORMALS FOR TODAY
                         NORMAL    RECORD    YEAR
 MAXIMUM TEMPERATURE (F)   72        86      2001
                                             1989
                                             1962
 MINIMUM TEMPERATURE (F)   37        23      1922


SUNRISE AND SUNSET
APRIL 17 2014.........SUNRISE   548 AM MST   SUNSET   657 PM MST
APRIL 18 2014.........SUNRISE   547 AM MST   SUNSET   658 PM MST


-  INDICATES NEGATIVE NUMBERS.
R  INDICATES RECORD WAS SET OR TIED.
MM INDICATES DATA IS MISSING.
T  INDICATES TRACE AMOUNT.




$$






U.S. Dept. of Commerce
NOAA National Weather Service
1325 East West Highway
Silver Spring, MD 20910
E-mail: w-nws.webmaster@noaa.gov
Page last modified: May 16, 2007
NATIONAL WEATHER SERVICE: for Safety, for Work, for Fun - FOR LIFE