288
CDUS43 KDLH 210620
CLIINL


CLIMATE REPORT
NATIONAL WEATHER SERVICE DULUTH MN
119 AM CDT MON APR 21 2014


...................................

...THE INTERNATIONAL FALLS MN CLIMATE SUMMARY FOR APRIL 20 2014...

CLIMATE NORMAL PERIOD 1981 TO 2010
CLIMATE RECORD PERIOD 1895 TO 2014


WEATHER ITEM   OBSERVED TIME   RECORD YEAR NORMAL DEPARTURE LAST
                VALUE   (LST)  VALUE       VALUE  FROM      YEAR
                                                  NORMAL
..................................................................
TEMPERATURE (F)
 YESTERDAY
  MAXIMUM         62    410 PM  85    1923  54      8       38
  MINIMUM         26    448 AM   4    2013  29     -3        4
  AVERAGE         44                        42      2       21

PRECIPITATION (IN)
  YESTERDAY        0.00          0.85 1895   0.05  -0.05     0.00
  MONTH TO DATE    0.59                      0.92  -0.33     1.12
  SINCE MAR 1      2.05                      1.87   0.18     2.27
  SINCE JAN 1      3.80                      3.06   0.74     5.93

SNOWFALL (IN)
  YESTERDAY        0.0           5.0  1970   0.2   -0.2      0.0
  MONTH TO DATE    3.8                       5.1   -1.3     11.9
  SINCE MAR 1     21.4                      12.7    8.7     26.6
  SINCE JUL 1     97.8                      69.5   28.3     96.9
  SNOW DEPTH       T

DEGREE DAYS
 HEATING
  YESTERDAY       21                        23     -2       44
  MONTH TO DATE  651                       562     89      759
  SINCE MAR 1   2257                      1845    412     2271
  SINCE JUL 1  10688                      9428   1260     9828

 COOLING
  YESTERDAY        0                         0      0        0
  MONTH TO DATE    0                         0      0        0
  SINCE MAR 1      0                         0      0        0
  SINCE JAN 1      0                         0      0        0
..................................................................


WIND (MPH)
  HIGHEST WIND SPEED    12   HIGHEST WIND DIRECTION     W (270)
  HIGHEST GUST SPEED    17   HIGHEST GUST DIRECTION     W (270)
  AVERAGE WIND SPEED     5.5


SKY COVER
  AVERAGE SKY COVER 0.0


WEATHER CONDITIONS
 THE FOLLOWING WEATHER WAS RECORDED YESTERDAY.
  NO SIGNIFICANT WEATHER WAS OBSERVED.


RELATIVE HUMIDITY (PERCENT)
 HIGHEST    92           600 AM
 LOWEST     36           300 PM
 AVERAGE    64

..........................................................


THE INTERNATIONAL FALLS MN CLIMATE NORMALS FOR TODAY
                         NORMAL    RECORD    YEAR
 MAXIMUM TEMPERATURE (F)   55        90      1980
 MINIMUM TEMPERATURE (F)   30        11      1966


SUNRISE AND SUNSET
APRIL 21 2014.........SUNRISE   612 AM CDT   SUNSET   814 PM CDT
APRIL 22 2014.........SUNRISE   610 AM CDT   SUNSET   815 PM CDT


-  INDICATES NEGATIVE NUMBERS.
R  INDICATES RECORD WAS SET OR TIED.
MM INDICATES DATA IS MISSING.
T  INDICATES TRACE AMOUNT.




$$






U.S. Dept. of Commerce
NOAA National Weather Service
1325 East West Highway
Silver Spring, MD 20910
E-mail: w-nws.webmaster@noaa.gov
Page last modified: May 16, 2007
NATIONAL WEATHER SERVICE: for Safety, for Work, for Fun - FOR LIFE