725
CDUS43 KIND 230535
CLIIND


CLIMATE REPORT
NATIONAL WEATHER SERVICE INDIANAPOLIS IN
134 AM EDT THU OCT 23 2014


...................................

...THE INDIANAPOLIS IN CLIMATE SUMMARY FOR OCTOBER 22 2014...

CLIMATE NORMAL PERIOD 1981 TO 2010
CLIMATE RECORD PERIOD 1871 TO 2014


WEATHER ITEM   OBSERVED TIME   RECORD YEAR NORMAL DEPARTURE LAST
                VALUE   (LST)  VALUE       VALUE  FROM      YEAR
                                                  NORMAL
..................................................................
TEMPERATURE (F)
 YESTERDAY
  MAXIMUM         57    436 PM  85    1947  63     -6       50
  MINIMUM         38    727 AM  23    1976  43     -5       30
  AVERAGE         48                        53     -5       40

PRECIPITATION (IN)
  YESTERDAY        0.00          1.84 1951   0.10  -0.10     0.02
  MONTH TO DATE    2.66                      2.24   0.42     3.04
  SINCE SEP 1      5.19                      5.36  -0.17     5.90
  SINCE JAN 1     35.71                     34.69   1.02    35.83

SNOWFALL (IN)
  YESTERDAY        0.0           0.5  1925   0.0    0.0      0.0
  MONTH TO DATE    0.0                       0.2   -0.2      0.0
  SINCE SEP 1      0.0                       0.2   -0.2      0.0
  SINCE JUL 1      0.0                       0.2   -0.2      0.0
  SNOW DEPTH       0

DEGREE DAYS
 HEATING
  YESTERDAY       17                        12      5       25
  MONTH TO DATE  224                       203     21      169
  SINCE SEP 1    297                       274     23      195
  SINCE JUL 1    303                       278     25      203

 COOLING
  YESTERDAY        0                         0      0        0
  MONTH TO DATE    8                        13     -5       31
  SINCE SEP 1    102                       141    -39      201
  SINCE JAN 1    899                      1062   -163     1160
..................................................................


WIND (MPH)
  HIGHEST WIND SPEED    13   HIGHEST WIND DIRECTION     E (80)
  HIGHEST GUST SPEED    15   HIGHEST GUST DIRECTION    NE (40)
  AVERAGE WIND SPEED     6.2


SKY COVER
  AVERAGE SKY COVER 0.1


WEATHER CONDITIONS
 THE FOLLOWING WEATHER WAS RECORDED YESTERDAY.
  NO SIGNIFICANT WEATHER WAS OBSERVED.


RELATIVE HUMIDITY (PERCENT)
 HIGHEST    85           500 AM
 LOWEST     55           200 PM
 AVERAGE    70

..........................................................


THE INDIANAPOLIS IN CLIMATE NORMALS FOR TODAY
                         NORMAL    RECORD    YEAR
 MAXIMUM TEMPERATURE (F)   63        86      1963
 MINIMUM TEMPERATURE (F)   43        24      1969


SUNRISE AND SUNSET
OCTOBER 23 2014.......SUNRISE   804 AM EDT   SUNSET   655 PM EDT
OCTOBER 24 2014.......SUNRISE   805 AM EDT   SUNSET   653 PM EDT


-  INDICATES NEGATIVE NUMBERS.
R  INDICATES RECORD WAS SET OR TIED.
MM INDICATES DATA IS MISSING.
T  INDICATES TRACE AMOUNT.




$$





U.S. Dept. of Commerce
NOAA National Weather Service
1325 East West Highway
Silver Spring, MD 20910
E-mail: w-nws.webmaster@noaa.gov
Page last modified: May 16, 2007
NATIONAL WEATHER SERVICE: for Safety, for Work, for Fun - FOR LIFE