010
CDUS43 KIND 290031
CLIIND


CLIMATE REPORT
NATIONAL WEATHER SERVICE INDIANAPOLIS IN
731 PM EST FRI NOV 28 2014


...................................

...THE INDIANAPOLIS IN CLIMATE SUMMARY FOR NOVEMBER 28 2014...
VALID AS OF 0700 PM LOCAL TIME.

CLIMATE NORMAL PERIOD 1981 TO 2010
CLIMATE RECORD PERIOD 1871 TO 2014


WEATHER ITEM   OBSERVED TIME   RECORD YEAR NORMAL DEPARTURE LAST
                VALUE   (LST)  VALUE       VALUE  FROM      YEAR
                                                  NORMAL
..................................................................
TEMPERATURE (F)
 TODAY
  MAXIMUM         34    441 PM  69    1909  46    -12       36
  MINIMUM         19    302 AM   2    1930  30    -11       16
  AVERAGE         27                        38    -11       26

PRECIPITATION (IN)
  TODAY            T             1.82 1913   0.12  -0.12     0.00
  MONTH TO DATE    2.78                      3.46  -0.68     3.23
  SINCE SEP 1      8.48                      9.70  -1.22    11.55
  SINCE JAN 1     39.00                     39.03  -0.03    41.48

SNOWFALL (IN)
  TODAY            T             4.6  1958   0.1   -0.1      0.0
  MONTH TO DATE    2.6                       0.6    2.0      0.1
  SINCE SEP 1      2.7                       1.0    1.7      0.1
  SINCE JUL 1      2.7                       1.0    1.7      0.1
  SNOW DEPTH       0

..................................................................


WIND (MPH)
  HIGHEST WIND SPEED    18   HIGHEST WIND DIRECTION    SE (140)
  HIGHEST GUST SPEED    23   HIGHEST GUST DIRECTION    SE (150)
  AVERAGE WIND SPEED     9.8


SKY COVER
  AVERAGE SKY COVER 0.9


WEATHER CONDITIONS
 THE FOLLOWING WEATHER WAS RECORDED TODAY.
  LIGHT SNOW
  FOG


RELATIVE HUMIDITY (PERCENT)
 HIGHEST    84           300 AM
 LOWEST     57          1200 PM

..........................................................


THE INDIANAPOLIS IN CLIMATE NORMALS FOR TOMORROW
                         NORMAL    RECORD    YEAR
 MAXIMUM TEMPERATURE (F)   45        70      1927
 MINIMUM TEMPERATURE (F)   30        -1      1872


SUNRISE AND SUNSET
NOVEMBER 28 2014......SUNRISE   744 AM EST   SUNSET   522 PM EST
NOVEMBER 29 2014......SUNRISE   745 AM EST   SUNSET   522 PM EST


-  INDICATES NEGATIVE NUMBERS.
R  INDICATES RECORD WAS SET OR TIED.
MM INDICATES DATA IS MISSING.
T  INDICATES TRACE AMOUNT.




$$





U.S. Dept. of Commerce
NOAA National Weather Service
1325 East West Highway
Silver Spring, MD 20910
E-mail: w-nws.webmaster@noaa.gov
Page last modified: May 16, 2007
NATIONAL WEATHER SERVICE: for Safety, for Work, for Fun - FOR LIFE