761
CDUS43 KIND 200537
CLIIND


CLIMATE REPORT
NATIONAL WEATHER SERVICE INDIANAPOLIS IN
135 AM EDT SAT SEP 20 2014


...................................

...THE INDIANAPOLIS IN CLIMATE SUMMARY FOR SEPTEMBER 19 2014...

CLIMATE NORMAL PERIOD 1981 TO 2010
CLIMATE RECORD PERIOD 1871 TO 2014


WEATHER ITEM   OBSERVED TIME   RECORD YEAR NORMAL DEPARTURE LAST
                VALUE   (LST)  VALUE       VALUE  FROM      YEAR
                                                  NORMAL
..................................................................
TEMPERATURE (F)
 YESTERDAY
  MAXIMUM         73    441 PM  93    1940  76     -3       82
                                      1891
  MINIMUM         53    654 AM  38    1956  55     -2       65
  AVERAGE         63                        66     -3       74

PRECIPITATION (IN)
  YESTERDAY        0.00          2.29 1896   0.11  -0.11     1.53
  MONTH TO DATE    2.47                      1.95   0.52     1.81
  SINCE SEP 1      2.47                      1.95   0.52     1.81
  SINCE JAN 1     32.99                     31.28   1.71    31.74

SNOWFALL (IN)
  YESTERDAY        0.0           0.0    MM   0.0    0.0      0.0
  MONTH TO DATE    0.0                       0.0    0.0      0.0
  SINCE SEP 1      0.0                       0.0    0.0      0.0
  SINCE JUL 1      0.0                       0.0    0.0      0.0
  SNOW DEPTH       0

DEGREE DAYS
 HEATING
  YESTERDAY        2                         3     -1        0
  MONTH TO DATE   54                        22     32       12
  SINCE SEP 1     54                        22     32       12
  SINCE JUL 1     60                        26     34       20

 COOLING
  YESTERDAY        0                         3     -3        9
  MONTH TO DATE   74                       103    -29      151
  SINCE SEP 1     74                       103    -29      151
  SINCE JAN 1    871                      1024   -153     1110
..................................................................


WIND (MPH)
  HIGHEST WIND SPEED    17   HIGHEST WIND DIRECTION    SE (120)
  HIGHEST GUST SPEED    20   HIGHEST GUST DIRECTION     E (90)
  AVERAGE WIND SPEED     7.9


SKY COVER
  AVERAGE SKY COVER 0.2


WEATHER CONDITIONS
 THE FOLLOWING WEATHER WAS RECORDED YESTERDAY.
  NO SIGNIFICANT WEATHER WAS OBSERVED.


RELATIVE HUMIDITY (PERCENT)
 HIGHEST    83           700 AM
 LOWEST     38           300 PM
 AVERAGE    61

..........................................................


THE INDIANAPOLIS IN CLIMATE NORMALS FOR TODAY
                         NORMAL    RECORD    YEAR
 MAXIMUM TEMPERATURE (F)   76        94      1940
 MINIMUM TEMPERATURE (F)   54        36      1991


SUNRISE AND SUNSET
SEPTEMBER 20 2014.....SUNRISE   731 AM EDT   SUNSET   746 PM EDT
SEPTEMBER 21 2014.....SUNRISE   732 AM EDT   SUNSET   744 PM EDT


-  INDICATES NEGATIVE NUMBERS.
R  INDICATES RECORD WAS SET OR TIED.
MM INDICATES DATA IS MISSING.
T  INDICATES TRACE AMOUNT.




$$






761
CDUS43 KIND 200537
CLIIND


CLIMATE REPORT
NATIONAL WEATHER SERVICE INDIANAPOLIS IN
135 AM EDT SAT SEP 20 2014


...................................

...THE INDIANAPOLIS IN CLIMATE SUMMARY FOR SEPTEMBER 19 2014...

CLIMATE NORMAL PERIOD 1981 TO 2010
CLIMATE RECORD PERIOD 1871 TO 2014


WEATHER ITEM   OBSERVED TIME   RECORD YEAR NORMAL DEPARTURE LAST
                VALUE   (LST)  VALUE       VALUE  FROM      YEAR
                                                  NORMAL
..................................................................
TEMPERATURE (F)
 YESTERDAY
  MAXIMUM         73    441 PM  93    1940  76     -3       82
                                      1891
  MINIMUM         53    654 AM  38    1956  55     -2       65
  AVERAGE         63                        66     -3       74

PRECIPITATION (IN)
  YESTERDAY        0.00          2.29 1896   0.11  -0.11     1.53
  MONTH TO DATE    2.47                      1.95   0.52     1.81
  SINCE SEP 1      2.47                      1.95   0.52     1.81
  SINCE JAN 1     32.99                     31.28   1.71    31.74

SNOWFALL (IN)
  YESTERDAY        0.0           0.0    MM   0.0    0.0      0.0
  MONTH TO DATE    0.0                       0.0    0.0      0.0
  SINCE SEP 1      0.0                       0.0    0.0      0.0
  SINCE JUL 1      0.0                       0.0    0.0      0.0
  SNOW DEPTH       0

DEGREE DAYS
 HEATING
  YESTERDAY        2                         3     -1        0
  MONTH TO DATE   54                        22     32       12
  SINCE SEP 1     54                        22     32       12
  SINCE JUL 1     60                        26     34       20

 COOLING
  YESTERDAY        0                         3     -3        9
  MONTH TO DATE   74                       103    -29      151
  SINCE SEP 1     74                       103    -29      151
  SINCE JAN 1    871                      1024   -153     1110
..................................................................


WIND (MPH)
  HIGHEST WIND SPEED    17   HIGHEST WIND DIRECTION    SE (120)
  HIGHEST GUST SPEED    20   HIGHEST GUST DIRECTION     E (90)
  AVERAGE WIND SPEED     7.9


SKY COVER
  AVERAGE SKY COVER 0.2


WEATHER CONDITIONS
 THE FOLLOWING WEATHER WAS RECORDED YESTERDAY.
  NO SIGNIFICANT WEATHER WAS OBSERVED.


RELATIVE HUMIDITY (PERCENT)
 HIGHEST    83           700 AM
 LOWEST     38           300 PM
 AVERAGE    61

..........................................................


THE INDIANAPOLIS IN CLIMATE NORMALS FOR TODAY
                         NORMAL    RECORD    YEAR
 MAXIMUM TEMPERATURE (F)   76        94      1940
 MINIMUM TEMPERATURE (F)   54        36      1991


SUNRISE AND SUNSET
SEPTEMBER 20 2014.....SUNRISE   731 AM EDT   SUNSET   746 PM EDT
SEPTEMBER 21 2014.....SUNRISE   732 AM EDT   SUNSET   744 PM EDT


-  INDICATES NEGATIVE NUMBERS.
R  INDICATES RECORD WAS SET OR TIED.
MM INDICATES DATA IS MISSING.
T  INDICATES TRACE AMOUNT.




$$






U.S. Dept. of Commerce
NOAA National Weather Service
1325 East West Highway
Silver Spring, MD 20910
E-mail: w-nws.webmaster@noaa.gov
Page last modified: May 16, 2007
NATIONAL WEATHER SERVICE: for Safety, for Work, for Fun - FOR LIFE