217
CDUS43 KIND 260531
CLIIND


CLIMATE REPORT
NATIONAL WEATHER SERVICE INDIANAPOLIS IN
131 AM EDT SUN OCT 26 2014


...................................

...THE INDIANAPOLIS IN CLIMATE SUMMARY FOR OCTOBER 25 2014...

CLIMATE NORMAL PERIOD 1981 TO 2010
CLIMATE RECORD PERIOD 1871 TO 2014


WEATHER ITEM   OBSERVED TIME   RECORD YEAR NORMAL DEPARTURE LAST
                VALUE   (LST)  VALUE       VALUE  FROM      YEAR
                                                  NORMAL
..................................................................
TEMPERATURE (F)
 YESTERDAY
  MAXIMUM         76    419 PM  82    1963  62     14       49
  MINIMUM         50    309 AM  25    1887  42      8       26
  AVERAGE         63                        52     11       38

PRECIPITATION (IN)
  YESTERDAY        0.00          1.54 1991   0.09  -0.09     0.00
  MONTH TO DATE    2.66                      2.51   0.15     3.19
  SINCE SEP 1      5.19                      5.63  -0.44     6.05
  SINCE JAN 1     35.71                     34.96   0.75    35.98

SNOWFALL (IN)
  YESTERDAY        0.0           1.2  1962   0.0    0.0      0.0
  MONTH TO DATE    0.0                       0.3   -0.3       T
  SINCE SEP 1      0.0                       0.3   -0.3       T
  SINCE JUL 1      0.0                       0.3   -0.3       T
  SNOW DEPTH       0

DEGREE DAYS
 HEATING
  YESTERDAY        2                        13    -11       27
  MONTH TO DATE  254                       241     13      250
  SINCE SEP 1    327                       312     15      276
  SINCE JUL 1    333                       316     17      284

 COOLING
  YESTERDAY        0                         0      0        0
  MONTH TO DATE    8                        13     -5       31
  SINCE SEP 1    102                       141    -39      201
  SINCE JAN 1    899                      1062   -163     1160
..................................................................


WIND (MPH)
  HIGHEST WIND SPEED    21   HIGHEST WIND DIRECTION     W (280)
  HIGHEST GUST SPEED    24   HIGHEST GUST DIRECTION     W (280)
  AVERAGE WIND SPEED     9.9


SKY COVER
  AVERAGE SKY COVER 0.4


WEATHER CONDITIONS
 THE FOLLOWING WEATHER WAS RECORDED YESTERDAY.
  FOG


RELATIVE HUMIDITY (PERCENT)
 HIGHEST    93          1200 AM
 LOWEST     33           400 PM
 AVERAGE    63

..........................................................


THE INDIANAPOLIS IN CLIMATE NORMALS FOR TODAY
                         NORMAL    RECORD    YEAR
 MAXIMUM TEMPERATURE (F)   62        82      1963
 MINIMUM TEMPERATURE (F)   42        20      1962


SUNRISE AND SUNSET
OCTOBER 26 2014.......SUNRISE   807 AM EDT   SUNSET   651 PM EDT
OCTOBER 27 2014.......SUNRISE   808 AM EDT   SUNSET   649 PM EDT


-  INDICATES NEGATIVE NUMBERS.
R  INDICATES RECORD WAS SET OR TIED.
MM INDICATES DATA IS MISSING.
T  INDICATES TRACE AMOUNT.




$$





U.S. Dept. of Commerce
NOAA National Weather Service
1325 East West Highway
Silver Spring, MD 20910
E-mail: w-nws.webmaster@noaa.gov
Page last modified: May 16, 2007
NATIONAL WEATHER SERVICE: for Safety, for Work, for Fun - FOR LIFE