883
CDUS43 KIND 270533
CLIIND


CLIMATE REPORT
NATIONAL WEATHER SERVICE INDIANAPOLIS IN
1233 AM EST TUE JAN 27 2015


...................................

...THE INDIANAPOLIS IN CLIMATE SUMMARY FOR JANUARY 26 2015...

CLIMATE NORMAL PERIOD 1981 TO 2010
CLIMATE RECORD PERIOD 1871 TO 2015


WEATHER ITEM   OBSERVED TIME   RECORD YEAR NORMAL DEPARTURE LAST
                VALUE   (LST)  VALUE       VALUE  FROM      YEAR
                                                  NORMAL
..................................................................
TEMPERATURE (F)
 YESTERDAY
  MAXIMUM         26   1052 PM  67    1944  36    -10       41
  MINIMUM         17    814 AM -12    1897  20     -3        5
  AVERAGE         22                        28     -6       23

PRECIPITATION (IN)
  YESTERDAY        T             1.41 1954   0.08  -0.08      T
  MONTH TO DATE    1.66                      2.26  -0.60     2.33
  SINCE DEC 1      4.21                      5.43  -1.22     6.77
  SINCE JAN 1      1.66                      2.26  -0.60     2.33

SNOWFALL (IN)
  YESTERDAY        T            10.3  1978   0.3   -0.3       T
  MONTH TO DATE    2.4                       7.2   -4.8     26.7
  SINCE DEC 1      2.5                      14.1  -11.6     35.5
  SINCE JUL 1      5.2                      15.2  -10.0     35.6
  SNOW DEPTH       0

DEGREE DAYS
 HEATING
  YESTERDAY       43                        37      6       42
  MONTH TO DATE 1039                       962     77     1146
  SINCE DEC 1   2013                      1996     17     2225
  SINCE JUL 1   3292                      3038    254     3369

 COOLING
  YESTERDAY        0                         0      0        0
  MONTH TO DATE    0                         0      0        0
  SINCE DEC 1      0                         0      0        0
  SINCE JAN 1      0                         0      0        0
..................................................................


WIND (MPH)
  HIGHEST WIND SPEED    21   HIGHEST WIND DIRECTION    NE (30)
  HIGHEST GUST SPEED    26   HIGHEST GUST DIRECTION    NE (30)
  AVERAGE WIND SPEED     7.6


SKY COVER
  AVERAGE SKY COVER 0.9


WEATHER CONDITIONS
 THE FOLLOWING WEATHER WAS RECORDED YESTERDAY.
  LIGHT SNOW


RELATIVE HUMIDITY (PERCENT)
 HIGHEST    91           100 AM
 LOWEST     71          1000 AM
 AVERAGE    81

..........................................................


THE INDIANAPOLIS IN CLIMATE NORMALS FOR TODAY
                         NORMAL    RECORD    YEAR
 MAXIMUM TEMPERATURE (F)   36        66      1916
 MINIMUM TEMPERATURE (F)   21       -10      1936


SUNRISE AND SUNSET
JANUARY 27 2015.......SUNRISE   757 AM EST   SUNSET   559 PM EST
JANUARY 28 2015.......SUNRISE   757 AM EST   SUNSET   600 PM EST


-  INDICATES NEGATIVE NUMBERS.
R  INDICATES RECORD WAS SET OR TIED.
MM INDICATES DATA IS MISSING.
T  INDICATES TRACE AMOUNT.




$$






U.S. Dept. of Commerce
NOAA National Weather Service
1325 East West Highway
Silver Spring, MD 20910
E-mail: w-nws.webmaster@noaa.gov
Page last modified: May 16, 2007
NATIONAL WEATHER SERVICE: for Safety, for Work, for Fun - FOR LIFE