267
CDUS43 KIND 240539
CLIIND


CLIMATE REPORT
NATIONAL WEATHER SERVICE INDIANAPOLIS IN
139 AM EDT THU APR 24 2014


...................................

...THE INDIANAPOLIS IN CLIMATE SUMMARY FOR APRIL 23 2014...

CLIMATE NORMAL PERIOD 1981 TO 2010
CLIMATE RECORD PERIOD 1871 TO 2014


WEATHER ITEM   OBSERVED TIME   RECORD YEAR NORMAL DEPARTURE LAST
                VALUE   (LST)  VALUE       VALUE  FROM      YEAR
                                                  NORMAL
..................................................................
TEMPERATURE (F)
 YESTERDAY
  MAXIMUM         59    447 PM  88    1925  66     -7       66
  MINIMUM         34    610 AM  26    1986  45    -11       51
  AVERAGE         47                        56     -9       59

PRECIPITATION (IN)
  YESTERDAY        0.00          1.46 1944   0.13  -0.13     0.91
  MONTH TO DATE    4.10                      2.86   1.24     7.46
  SINCE MAR 1      6.48                      6.42   0.06     9.42
  SINCE JAN 1     11.27                     11.40  -0.13    17.20

SNOWFALL (IN)
  YESTERDAY        0.0           T    2005   0.0    0.0      0.0
  MONTH TO DATE    0.3                       0.2    0.1       T
  SINCE MAR 1      3.4                       2.8    0.6     14.5
  SINCE JUL 1     55.7                      25.9   29.8     34.5
  SNOW DEPTH       0

DEGREE DAYS
 HEATING
  YESTERDAY       18                        10      8        6
  MONTH TO DATE  314                       309      5      296
  SINCE MAR 1   1213                      1016    197     1202
  SINCE JUL 1   6010                      5159    851     5213

 COOLING
  YESTERDAY        0                         1     -1        0
  MONTH TO DATE    4                         6     -2        9
  SINCE MAR 1      4                         8     -4        9
  SINCE JAN 1      4                         8     -4        9
..................................................................


WIND (MPH)
  HIGHEST WIND SPEED    15   HIGHEST WIND DIRECTION     E (100)
  HIGHEST GUST SPEED    18   HIGHEST GUST DIRECTION     N (360)
  AVERAGE WIND SPEED     6.9


SKY COVER
  AVERAGE SKY COVER 0.3


WEATHER CONDITIONS
 THE FOLLOWING WEATHER WAS RECORDED YESTERDAY.
  NO SIGNIFICANT WEATHER WAS OBSERVED.


RELATIVE HUMIDITY (PERCENT)
 HIGHEST    75           600 AM
 LOWEST     33           600 PM
 AVERAGE    54

..........................................................


THE INDIANAPOLIS IN CLIMATE NORMALS FOR TODAY
                         NORMAL    RECORD    YEAR
 MAXIMUM TEMPERATURE (F)   66        90      1925
 MINIMUM TEMPERATURE (F)   46        28      1910


SUNRISE AND SUNSET
APRIL 24 2014.........SUNRISE   655 AM EDT   SUNSET   832 PM EDT
APRIL 25 2014.........SUNRISE   653 AM EDT   SUNSET   833 PM EDT


-  INDICATES NEGATIVE NUMBERS.
R  INDICATES RECORD WAS SET OR TIED.
MM INDICATES DATA IS MISSING.
T  INDICATES TRACE AMOUNT.




$$






U.S. Dept. of Commerce
NOAA National Weather Service
1325 East West Highway
Silver Spring, MD 20910
E-mail: w-nws.webmaster@noaa.gov
Page last modified: May 16, 2007
NATIONAL WEATHER SERVICE: for Safety, for Work, for Fun - FOR LIFE