811
CDUS43 KIND 180534
CLIIND


CLIMATE REPORT
NATIONAL WEATHER SERVICE INDIANAPOLIS IN
134 AM EDT FRI APR 18 2014


...................................

...THE INDIANAPOLIS IN CLIMATE SUMMARY FOR APRIL 17 2014...

CLIMATE NORMAL PERIOD 1981 TO 2010
CLIMATE RECORD PERIOD 1871 TO 2014


WEATHER ITEM   OBSERVED TIME   RECORD YEAR NORMAL DEPARTURE LAST
                VALUE   (LST)  VALUE       VALUE  FROM      YEAR
                                                  NORMAL
..................................................................
TEMPERATURE (F)
 YESTERDAY
  MAXIMUM         65    239 PM  87    1896  64      1       74
  MINIMUM         34    556 AM  19    1875  43     -9       48
  AVERAGE         50                        54     -4       61

PRECIPITATION (IN)
  YESTERDAY        0.00          1.90 1940   0.13  -0.13     0.61
  MONTH TO DATE    4.09                      2.09   2.00     3.65
  SINCE MAR 1      6.47                      5.65   0.82     5.61
  SINCE JAN 1     11.26                     10.63   0.63    13.39

SNOWFALL (IN)
  YESTERDAY        0.0           2.5  1953   0.0    0.0      0.0
  MONTH TO DATE    0.3                       0.2    0.1      0.0
  SINCE MAR 1      3.4                       2.8    0.6     14.5
  SINCE JUL 1     55.7                      25.9   29.8     34.5
  SNOW DEPTH       0

DEGREE DAYS
 HEATING
  YESTERDAY       15                        12      3        4
  MONTH TO DATE  254                       244     10      207
  SINCE MAR 1   1153                       951    202     1113
  SINCE JUL 1   5950                      5094    856     5124

 COOLING
  YESTERDAY        0                         0      0        0
  MONTH TO DATE    4                         0      4        9
  SINCE MAR 1      4                         2      2        9
  SINCE JAN 1      4                         2      2        9
..................................................................


WIND (MPH)
  HIGHEST WIND SPEED    23   HIGHEST WIND DIRECTION    SW (220)
  HIGHEST GUST SPEED    28   HIGHEST GUST DIRECTION    SW (220)
  AVERAGE WIND SPEED     9.4


SKY COVER
  AVERAGE SKY COVER 0.6


WEATHER CONDITIONS
 THE FOLLOWING WEATHER WAS RECORDED YESTERDAY.
  NO SIGNIFICANT WEATHER WAS OBSERVED.


RELATIVE HUMIDITY (PERCENT)
 HIGHEST    69           600 AM
 LOWEST     28           200 PM
 AVERAGE    49

..........................................................


THE INDIANAPOLIS IN CLIMATE NORMALS FOR TODAY
                         NORMAL    RECORD    YEAR
 MAXIMUM TEMPERATURE (F)   64        87      1977
 MINIMUM TEMPERATURE (F)   44        19      1875


SUNRISE AND SUNSET
APRIL 18 2014.........SUNRISE   703 AM EDT   SUNSET   826 PM EDT
APRIL 19 2014.........SUNRISE   702 AM EDT   SUNSET   827 PM EDT


-  INDICATES NEGATIVE NUMBERS.
R  INDICATES RECORD WAS SET OR TIED.
MM INDICATES DATA IS MISSING.
T  INDICATES TRACE AMOUNT.




$$





U.S. Dept. of Commerce
NOAA National Weather Service
1325 East West Highway
Silver Spring, MD 20910
E-mail: w-nws.webmaster@noaa.gov
Page last modified: May 16, 2007
NATIONAL WEATHER SERVICE: for Safety, for Work, for Fun - FOR LIFE