420
CDUS43 KIND 020531
CLIIND


CLIMATE REPORT
NATIONAL WEATHER SERVICE INDIANAPOLIS IN
131 AM EDT TUE SEP 2 2014


...................................

...THE INDIANAPOLIS IN CLIMATE SUMMARY FOR SEPTEMBER 1 2014...

CLIMATE NORMAL PERIOD 1981 TO 2010
CLIMATE RECORD PERIOD 1871 TO 2014


WEATHER ITEM   OBSERVED TIME   RECORD YEAR NORMAL DEPARTURE LAST
                VALUE   (LST)  VALUE       VALUE  FROM      YEAR
                                                  NORMAL
..................................................................
TEMPERATURE (F)
 YESTERDAY
  MAXIMUM         82    522 PM 100    1953  83     -1       85
  MINIMUM         71   1148 PM  44    1987  62      9       68
  AVERAGE         77                        72      5       77

PRECIPITATION (IN)
  YESTERDAY        0.00          7.20 2003   0.10  -0.10     0.00
  MONTH TO DATE    0.00                      0.10  -0.10     0.00
  SINCE SEP 1      0.00                      0.10  -0.10     0.00
  SINCE JAN 1     30.52                     29.43   1.09    29.93

SNOWFALL (IN)
  YESTERDAY        0.0           0.0    MM   0.0    0.0      0.0
  MONTH TO DATE    0.0                       0.0    0.0      0.0
  SINCE SEP 1      0.0                       0.0    0.0      0.0
  SINCE JUL 1      0.0                       0.0    0.0      0.0
  SNOW DEPTH       0

DEGREE DAYS
 HEATING
  YESTERDAY        0                         0      0        0
  MONTH TO DATE    0                         0      0        0
  SINCE SEP 1      0                         0      0        0
  SINCE JUL 1      6                         4      2        8

 COOLING
  YESTERDAY       12                         8      4       12
  MONTH TO DATE   12                         8      4       12
  SINCE SEP 1     12                         8      4       12
  SINCE JAN 1    809                       929   -120      971
..................................................................


WIND (MPH)
  HIGHEST WIND SPEED    23   HIGHEST WIND DIRECTION    SW (230)
  HIGHEST GUST SPEED    29   HIGHEST GUST DIRECTION     S (200)
  AVERAGE WIND SPEED    12.8


SKY COVER
  AVERAGE SKY COVER 0.7


WEATHER CONDITIONS
 THE FOLLOWING WEATHER WAS RECORDED YESTERDAY.
  FOG


RELATIVE HUMIDITY (PERCENT)
 HIGHEST   100           600 AM
 LOWEST     65           500 PM
 AVERAGE    83

..........................................................


THE INDIANAPOLIS IN CLIMATE NORMALS FOR TODAY
                         NORMAL    RECORD    YEAR
 MAXIMUM TEMPERATURE (F)   82       100      1953
 MINIMUM TEMPERATURE (F)   62        45      1885


SUNRISE AND SUNSET
SEPTEMBER  2 2014.....SUNRISE   714 AM EDT   SUNSET   815 PM EDT
SEPTEMBER  3 2014.....SUNRISE   715 AM EDT   SUNSET   813 PM EDT


-  INDICATES NEGATIVE NUMBERS.
R  INDICATES RECORD WAS SET OR TIED.
MM INDICATES DATA IS MISSING.
T  INDICATES TRACE AMOUNT.




$$





U.S. Dept. of Commerce
NOAA National Weather Service
1325 East West Highway
Silver Spring, MD 20910
E-mail: w-nws.webmaster@noaa.gov
Page last modified: May 16, 2007
NATIONAL WEATHER SERVICE: for Safety, for Work, for Fun - FOR LIFE