555
CDUS43 KILX 220640
CLIILX


CLIMATE REPORT
NATIONAL WEATHER SERVICE LINCOLN IL
139 AM CDT TUE JUL 22 2014


...................................

...THE LINCOLN IL CLIMATE SUMMARY FOR JULY 21 2014...

CLIMATE NORMAL PERIOD 1981 TO 2010
CLIMATE RECORD PERIOD 1905 TO 2014


WEATHER ITEM   OBSERVED TIME   RECORD YEAR NORMAL DEPARTURE LAST
                VALUE   (LST)  VALUE       VALUE  FROM      YEAR
                                                  NORMAL
..................................................................
TEMPERATURE (F)
 YESTERDAY
  MAXIMUM         83        MM 104    1934  85     -2       79
  MINIMUM         57        MM  50    2007  64     -7       65
                                      1913
  AVERAGE         70                        75     -5       72

PRECIPITATION (IN)
  YESTERDAY        0.00          2.11 2003   0.16  -0.16     0.21
  MONTH TO DATE    3.59                      3.54   0.05     1.94
  SINCE JUN 1     10.01                      7.86   2.15     5.19
  SINCE JAN 1     21.33                     21.98  -0.65    26.35

SNOWFALL (IN)
  YESTERDAY        0.0           0.0    MM   0.0    0.0      0.0
  MONTH TO DATE    0.0                       0.0    0.0       T
  SINCE JUN 1      0.0                       0.0    0.0       T
  SINCE JUL 1      0.0                       0.0    0.0       T
  SNOW DEPTH       0

DEGREE DAYS
 HEATING
  YESTERDAY        0                         0      0        0
  MONTH TO DATE    7                         0      7        0
  SINCE JUN 1     14                        17     -3       17
  SINCE JUL 1      7                         0      7        0

 COOLING
  YESTERDAY        5                        10     -5        7
  MONTH TO DATE   92                       217   -125      212
  SINCE JUN 1    329                       449   -120      436
  SINCE JAN 1    458                       540    -82      538
..................................................................


WIND (MPH)
  HIGHEST WIND SPEED    MM   HIGHEST WIND DIRECTION    MM
  HIGHEST GUST SPEED    MM   HIGHEST GUST DIRECTION    MM
  AVERAGE WIND SPEED    MM


SKY COVER
  POSSIBLE SUNSHINE  MM


WEATHER CONDITIONS
 THE FOLLOWING WEATHER WAS RECORDED YESTERDAY.
  FOG


..........................................................


THE LINCOLN IL CLIMATE NORMALS FOR TODAY
                         NORMAL    RECORD    YEAR
 MAXIMUM TEMPERATURE (F)   85       103      1934
 MINIMUM TEMPERATURE (F)   64        47      1915


SUNRISE AND SUNSET
JULY 22 2014..........SUNRISE   546 AM CDT   SUNSET   821 PM CDT
JULY 23 2014..........SUNRISE   547 AM CDT   SUNSET   820 PM CDT


-  INDICATES NEGATIVE NUMBERS.
R  INDICATES RECORD WAS SET OR TIED.
MM INDICATES DATA IS MISSING.
T  INDICATES TRACE AMOUNT.




$$





U.S. Dept. of Commerce
NOAA National Weather Service
1325 East West Highway
Silver Spring, MD 20910
E-mail: w-nws.webmaster@noaa.gov
Page last modified: May 16, 2007
NATIONAL WEATHER SERVICE: for Safety, for Work, for Fun - FOR LIFE