251
CDUS43 KILX 010646
CLIILX


CLIMATE REPORT
NATIONAL WEATHER SERVICE LINCOLN IL
140 AM CDT FRI AUG 1 2014


...................................

...THE LINCOLN IL CLIMATE SUMMARY FOR JULY 31 2014...

CLIMATE NORMAL PERIOD 1981 TO 2010
CLIMATE RECORD PERIOD 1905 TO 2014


WEATHER ITEM   OBSERVED TIME   RECORD YEAR NORMAL DEPARTURE LAST
                VALUE   (LST)  VALUE       VALUE  FROM      YEAR
                                                  NORMAL
..................................................................
TEMPERATURE (F)
 YESTERDAY
  MAXIMUM         82        MM 102    1916  84     -2       76
  MINIMUM         54        MM  46    1918  64    -10       62
  AVERAGE         68                        74     -6       69

PRECIPITATION (IN)
  YESTERDAY        0.00          3.21 1915   0.14  -0.14     0.04
  MONTH TO DATE    4.78                      5.06  -0.28     2.86
  SINCE JUN 1     11.20                      9.38   1.82     6.11
  SINCE JAN 1     22.52                     23.50  -0.98    27.27

SNOWFALL (IN)
  YESTERDAY        0.0           0.0    MM   0.0    0.0      0.0
  MONTH TO DATE    0.0                       0.0    0.0       T
  SINCE JUN 1      0.0                       0.0    0.0       T
  SINCE JUL 1      0.0                       0.0    0.0       T
  SNOW DEPTH       0

DEGREE DAYS
 HEATING
  YESTERDAY        0                         0      0        0
  MONTH TO DATE    9                         0      9       11
  SINCE JUN 1     16                        19     -3       28
  SINCE JUL 1      9                         2      7       11

 COOLING
  YESTERDAY        3                         9     -6        4
  MONTH TO DATE  129                       311   -182      238
  SINCE JUN 1    366                       543   -177      462
  SINCE JAN 1    495                       634   -139      564
..................................................................


WIND (MPH)
  HIGHEST WIND SPEED    MM   HIGHEST WIND DIRECTION    MM
  HIGHEST GUST SPEED     0   HIGHEST GUST DIRECTION     N (0)
  AVERAGE WIND SPEED    MM


SKY COVER
  POSSIBLE SUNSHINE   0 PERCENT


WEATHER CONDITIONS
 THE FOLLOWING WEATHER WAS RECORDED YESTERDAY.
  FOG


..........................................................


THE LINCOLN IL CLIMATE NORMALS FOR TODAY
                         NORMAL    RECORD    YEAR
 MAXIMUM TEMPERATURE (F)   84       100      1935
 MINIMUM TEMPERATURE (F)   63        45      1918


SUNRISE AND SUNSET
AUGUST  1 2014........SUNRISE   555 AM CDT   SUNSET   811 PM CDT
AUGUST  2 2014........SUNRISE   556 AM CDT   SUNSET   810 PM CDT


-  INDICATES NEGATIVE NUMBERS.
R  INDICATES RECORD WAS SET OR TIED.
MM INDICATES DATA IS MISSING.
T  INDICATES TRACE AMOUNT.




$$






U.S. Dept. of Commerce
NOAA National Weather Service
1325 East West Highway
Silver Spring, MD 20910
E-mail: w-nws.webmaster@noaa.gov
Page last modified: May 16, 2007
NATIONAL WEATHER SERVICE: for Safety, for Work, for Fun - FOR LIFE