919
CDUS43 KILX 020655
CLIILX


CLIMATE REPORT
NATIONAL WEATHER SERVICE LINCOLN IL
154 AM CDT THU OCT 2 2014


...................................

...THE LINCOLN IL CLIMATE SUMMARY FOR OCTOBER 1 2014...

CLIMATE NORMAL PERIOD 1981 TO 2010
CLIMATE RECORD PERIOD 1905 TO 2014


WEATHER ITEM   OBSERVED TIME   RECORD YEAR NORMAL DEPARTURE LAST
                VALUE   (LST)  VALUE       VALUE  FROM      YEAR
                                                  NORMAL
..................................................................
TEMPERATURE (F)
 YESTERDAY
  MAXIMUM         83        MM  91    1922  72     11       80
  MINIMUM         50        MM  29    1912  47      3       61
  AVERAGE         67                        59      8       71

PRECIPITATION (IN)
  YESTERDAY        0.25          2.69 1977   0.10   0.15     0.00
  MONTH TO DATE    0.25                      0.10   0.15     0.00
  SINCE SEP 1      7.87                      3.31   4.56     0.93
  SINCE JAN 1     36.52                     30.73   5.79    30.07

SNOWFALL (IN)
  YESTERDAY        0.0           0.0    MM   0.0    0.0      0.0
  MONTH TO DATE    0.0                       0.0    0.0      0.0
  SINCE SEP 1      0.0                       0.0    0.0      0.0
  SINCE JUL 1      0.0                       0.0    0.0       T
  SNOW DEPTH       0

DEGREE DAYS
 HEATING
  YESTERDAY        0                         7     -7        0
  MONTH TO DATE    0                         7     -7        0
  SINCE SEP 1    113                        93     20       60
  SINCE JUL 1    123                       102     21       82

 COOLING
  YESTERDAY        2                         1      1        6
  MONTH TO DATE    2                         1      1        6
  SINCE SEP 1     81                       115    -34      143
  SINCE JAN 1    835                      1004   -169      914
..................................................................


WIND (MPH)
  HIGHEST WIND SPEED    MM   HIGHEST WIND DIRECTION    MM
  HIGHEST GUST SPEED    MM   HIGHEST GUST DIRECTION    MM
  AVERAGE WIND SPEED    MM


SKY COVER
  POSSIBLE SUNSHINE  MM


WEATHER CONDITIONS
 THE FOLLOWING WEATHER WAS RECORDED YESTERDAY.
  RAIN
  LIGHT RAIN
  FOG


..........................................................


THE LINCOLN IL CLIMATE NORMALS FOR TODAY
                         NORMAL    RECORD    YEAR
 MAXIMUM TEMPERATURE (F)   71        95      1953
 MINIMUM TEMPERATURE (F)   46        25      2003


SUNRISE AND SUNSET
OCTOBER  2 2014.......SUNRISE   655 AM CDT   SUNSET   638 PM CDT
OCTOBER  3 2014.......SUNRISE   656 AM CDT   SUNSET   636 PM CDT


-  INDICATES NEGATIVE NUMBERS.
R  INDICATES RECORD WAS SET OR TIED.
MM INDICATES DATA IS MISSING.
T  INDICATES TRACE AMOUNT.




$$





U.S. Dept. of Commerce
NOAA National Weather Service
1325 East West Highway
Silver Spring, MD 20910
E-mail: w-nws.webmaster@noaa.gov
Page last modified: May 16, 2007
NATIONAL WEATHER SERVICE: for Safety, for Work, for Fun - FOR LIFE