348
CDUS43 KILX 192139
CLIILX


CLIMATE REPORT
NATIONAL WEATHER SERVICE LINCOLN IL
429 PM CDT SUN OCT 19 2014


...................................

...THE LINCOLN IL CLIMATE SUMMARY FOR OCTOBER 19 2014...
VALID TODAY AS OF 0400 PM LOCAL TIME.

CLIMATE NORMAL PERIOD 1981 TO 2010
CLIMATE RECORD PERIOD 1905 TO 2014


WEATHER ITEM   OBSERVED TIME   RECORD YEAR NORMAL DEPARTURE LAST
                VALUE   (LST)  VALUE       VALUE  FROM      YEAR
                                                  NORMAL
..................................................................
TEMPERATURE (F)
 TODAY
  MAXIMUM         61        MM  86    1953  64     -3       56
  MINIMUM         33        MM  22    1972  41     -8       40
  AVERAGE         47                        53     -6       48

PRECIPITATION (IN)
  TODAY            0.00          0.94 1937   0.10  -0.10     0.18
  MONTH TO DATE    3.82                      1.85   1.97     1.46
  SINCE SEP 1     11.44                      5.06   6.38     2.39
  SINCE JAN 1     40.09                     32.48   7.61    31.53

SNOWFALL (IN)
  TODAY            0.0           T    1925   0.0    0.0      0.0
  MONTH TO DATE    0.0                       0.0    0.0      0.0
  SINCE SEP 1      0.0                       0.0    0.0      0.0
  SINCE JUL 1      0.0                       0.0    0.0       T
  SNOW DEPTH       0

DEGREE DAYS
 HEATING
  TODAY           18                        12      6       17
  MONTH TO DATE  194                       186      8      136
  SINCE SEP 1    307                       272     35      196
  SINCE JUL 1    317                       281     36      218

 COOLING
  TODAY            0                         0      0        0
  MONTH TO DATE    4                        11     -7       39
  SINCE SEP 1     83                       125    -42      176
  SINCE JAN 1    837                      1014   -177      947
..................................................................







THE LINCOLN IL CLIMATE NORMALS FOR TOMORROW
                         NORMAL    RECORD    YEAR
 MAXIMUM TEMPERATURE (F)   64        87      1953
 MINIMUM TEMPERATURE (F)   41        17      1930


SUNRISE AND SUNSET
OCTOBER 19 2014.......SUNRISE   712 AM CDT   SUNSET   612 PM CDT
OCTOBER 20 2014.......SUNRISE   713 AM CDT   SUNSET   610 PM CDT


-  INDICATES NEGATIVE NUMBERS.
R  INDICATES RECORD WAS SET OR TIED.
MM INDICATES DATA IS MISSING.
T  INDICATES TRACE AMOUNT.




$$





U.S. Dept. of Commerce
NOAA National Weather Service
1325 East West Highway
Silver Spring, MD 20910
E-mail: w-nws.webmaster@noaa.gov
Page last modified: May 16, 2007
NATIONAL WEATHER SERVICE: for Safety, for Work, for Fun - FOR LIFE