607
CDUS43 KILX 220645
CLIILX


CLIMATE REPORT
NATIONAL WEATHER SERVICE LINCOLN IL
1245 AM CST SAT NOV 22 2014


...................................

...THE LINCOLN IL CLIMATE SUMMARY FOR NOVEMBER 21 2014...

CLIMATE NORMAL PERIOD 1981 TO 2010
CLIMATE RECORD PERIOD 1905 TO 2014


WEATHER ITEM   OBSERVED TIME   RECORD YEAR NORMAL DEPARTURE LAST
                VALUE   (LST)  VALUE       VALUE  FROM      YEAR
                                                  NORMAL
..................................................................
TEMPERATURE (F)
 YESTERDAY
  MAXIMUM         38        MM  76    1913  48    -10       49
  MINIMUM          7        MM   5    1937  31    -24       42
  AVERAGE         23                        40    -17       46

PRECIPITATION (IN)
  YESTERDAY        0.04          1.32 1906   0.12  -0.08     0.14
  MONTH TO DATE    0.68                      2.25  -1.57     1.17
  SINCE SEP 1     12.73                      8.54   4.19     5.61
  SINCE JAN 1     41.38                     35.96   5.42    34.75

SNOWFALL (IN)
  YESTERDAY        0.0           T    2002   0.0    0.0      0.0
                                      1985
                                      1975
  MONTH TO DATE    0.1                       0.2   -0.1      0.5
  SINCE SEP 1      0.1                       0.2   -0.1      0.5
  SINCE JUL 1      0.1                       0.2   -0.1      0.5
  SNOW DEPTH       0

DEGREE DAYS
 HEATING
  YESTERDAY       42                        25     17       19
  MONTH TO DATE  650                       435    215      474
  SINCE SEP 1   1126                       882    244      915
  SINCE JUL 1   1136                       891    245      937

 COOLING
  YESTERDAY        0                         0      0        0
  MONTH TO DATE    0                         0      0        0
  SINCE SEP 1     84                       128    -44      176
  SINCE JAN 1    838                      1017   -179      947
..................................................................


WIND (MPH)
  HIGHEST WIND SPEED    MM   HIGHEST WIND DIRECTION    MM
  HIGHEST GUST SPEED    MM   HIGHEST GUST DIRECTION    MM
  AVERAGE WIND SPEED    MM


SKY COVER
  POSSIBLE SUNSHINE  MM


WEATHER CONDITIONS
 THE FOLLOWING WEATHER WAS RECORDED YESTERDAY.
  RAIN
  LIGHT RAIN


..........................................................


THE LINCOLN IL CLIMATE NORMALS FOR TODAY
                         NORMAL    RECORD    YEAR
 MAXIMUM TEMPERATURE (F)   48        72      1927
 MINIMUM TEMPERATURE (F)   31         7      1937


SUNRISE AND SUNSET
NOVEMBER 22 2014......SUNRISE   651 AM CST   SUNSET   436 PM CST
NOVEMBER 23 2014......SUNRISE   652 AM CST   SUNSET   435 PM CST


-  INDICATES NEGATIVE NUMBERS.
R  INDICATES RECORD WAS SET OR TIED.
MM INDICATES DATA IS MISSING.
T  INDICATES TRACE AMOUNT.




$$





U.S. Dept. of Commerce
NOAA National Weather Service
1325 East West Highway
Silver Spring, MD 20910
E-mail: w-nws.webmaster@noaa.gov
Page last modified: May 16, 2007
NATIONAL WEATHER SERVICE: for Safety, for Work, for Fun - FOR LIFE