648
CDUS43 KILX 020643
CLIILX


CLIMATE REPORT
NATIONAL WEATHER SERVICE LINCOLN IL
142 AM CDT TUE SEP 2 2014


...................................

...THE LINCOLN IL CLIMATE SUMMARY FOR SEPTEMBER 1 2014...

CLIMATE NORMAL PERIOD 1981 TO 2010
CLIMATE RECORD PERIOD 1905 TO 2014


WEATHER ITEM   OBSERVED TIME   RECORD YEAR NORMAL DEPARTURE LAST
                VALUE   (LST)  VALUE       VALUE  FROM      YEAR
                                                  NORMAL
..................................................................
TEMPERATURE (F)
 YESTERDAY
  MAXIMUM         81        MM 102    1953  83     -2       85
  MINIMUM         70        MM  39    1915  59     11       68
  AVERAGE         76                        71      5       77

PRECIPITATION (IN)
  YESTERDAY        0.02          2.32 1979   0.12  -0.10     0.00
  MONTH TO DATE    0.02                      0.12  -0.10     0.00
  SINCE SEP 1      0.02                      0.12  -0.10     0.00
  SINCE JAN 1     28.67                     27.54   1.13    29.14

SNOWFALL (IN)
  YESTERDAY        0.0           0.0    MM   0.0    0.0      0.0
  MONTH TO DATE    0.0                       0.0    0.0      0.0
  SINCE SEP 1      0.0                       0.0    0.0      0.0
  SINCE JUL 1      0.0                       0.0    0.0       T
  SNOW DEPTH       0

DEGREE DAYS
 HEATING
  YESTERDAY        0                         1     -1        0
  MONTH TO DATE    0                         1     -1        0
  SINCE SEP 1      0                         1     -1        0
  SINCE JUL 1     10                        10      0       22

 COOLING
  YESTERDAY       11                         7      4       12
  MONTH TO DATE   11                         7      4       12
  SINCE SEP 1     11                         7      4       12
  SINCE JAN 1    765                       896   -131      783
..................................................................


WIND (MPH)
  HIGHEST WIND SPEED    MM   HIGHEST WIND DIRECTION    MM
  HIGHEST GUST SPEED    MM   HIGHEST GUST DIRECTION    MM
  AVERAGE WIND SPEED    MM


SKY COVER
  POSSIBLE SUNSHINE  MM


WEATHER CONDITIONS
 THE FOLLOWING WEATHER WAS RECORDED YESTERDAY.
  NO SIGNIFICANT WEATHER WAS OBSERVED.


..........................................................


THE LINCOLN IL CLIMATE NORMALS FOR TODAY
                         NORMAL    RECORD    YEAR
 MAXIMUM TEMPERATURE (F)   83       101      1953
 MINIMUM TEMPERATURE (F)   59        44      1919


SUNRISE AND SUNSET
SEPTEMBER  2 2014.....SUNRISE   626 AM CDT   SUNSET   727 PM CDT
SEPTEMBER  3 2014.....SUNRISE   627 AM CDT   SUNSET   726 PM CDT


-  INDICATES NEGATIVE NUMBERS.
R  INDICATES RECORD WAS SET OR TIED.
MM INDICATES DATA IS MISSING.
T  INDICATES TRACE AMOUNT.




$$





U.S. Dept. of Commerce
NOAA National Weather Service
1325 East West Highway
Silver Spring, MD 20910
E-mail: w-nws.webmaster@noaa.gov
Page last modified: May 16, 2007
NATIONAL WEATHER SERVICE: for Safety, for Work, for Fun - FOR LIFE