515
CDUS43 KILX 170640
CLIILX


CLIMATE REPORT
NATIONAL WEATHER SERVICE LINCOLN IL
1240 AM CST WED DEC 17 2014


...................................

...THE LINCOLN IL CLIMATE SUMMARY FOR DECEMBER 16 2014...

CLIMATE NORMAL PERIOD 1981 TO 2010
CLIMATE RECORD PERIOD 1905 TO 2014


WEATHER ITEM   OBSERVED TIME   RECORD YEAR NORMAL DEPARTURE LAST
                VALUE   (LST)  VALUE       VALUE  FROM      YEAR
                                                  NORMAL
..................................................................
TEMPERATURE (F)
 YESTERDAY
  MAXIMUM         45        MM  63    1984  37      8       22
  MINIMUM         24        MM -17    1932  21      3       15
  AVERAGE         35                        29      6       19

PRECIPITATION (IN)
  YESTERDAY        0.03          0.76 1992   0.08  -0.05      T
  MONTH TO DATE    0.71                      1.48  -0.77     0.56
  SINCE DEC 1      0.71                      1.48  -0.77     0.56
  SINCE JAN 1     43.64                     38.44   5.20    35.35

SNOWFALL (IN)
  YESTERDAY        0.0           8.0  1911   0.2   -0.2       T
  MONTH TO DATE    T                         2.6   -2.6      6.0
  SINCE DEC 1      T                         2.6   -2.6      6.0
  SINCE JUL 1      1.0                       3.2   -2.2      6.5
  SNOW DEPTH       0

DEGREE DAYS
 HEATING
  YESTERDAY       30                        36     -6       46
  MONTH TO DATE  508                       534    -26      643
  SINCE DEC 1    508                       534    -26      643
  SINCE JUL 1   1906                      1677    229     1921

 COOLING
  YESTERDAY        0                         0      0        0
  MONTH TO DATE    0                         0      0        0
  SINCE DEC 1      0                         0      0        0
  SINCE JAN 1    838                      1017   -179      947
..................................................................


WIND (MPH)
  HIGHEST WIND SPEED    MM   HIGHEST WIND DIRECTION    MM
  HIGHEST GUST SPEED    MM   HIGHEST GUST DIRECTION    MM
  AVERAGE WIND SPEED    MM


SKY COVER
  POSSIBLE SUNSHINE  MM


WEATHER CONDITIONS
 THE FOLLOWING WEATHER WAS RECORDED YESTERDAY.
  RAIN
  LIGHT RAIN
  FOG


..........................................................


THE LINCOLN IL CLIMATE NORMALS FOR TODAY
                         NORMAL    RECORD    YEAR
 MAXIMUM TEMPERATURE (F)   36        64      1984
 MINIMUM TEMPERATURE (F)   21       -10      1914


SUNRISE AND SUNSET
DECEMBER 17 2014......SUNRISE   714 AM CST   SUNSET   433 PM CST
DECEMBER 18 2014......SUNRISE   714 AM CST   SUNSET   434 PM CST


-  INDICATES NEGATIVE NUMBERS.
R  INDICATES RECORD WAS SET OR TIED.
MM INDICATES DATA IS MISSING.
T  INDICATES TRACE AMOUNT.




$$





U.S. Dept. of Commerce
NOAA National Weather Service
1325 East West Highway
Silver Spring, MD 20910
E-mail: w-nws.webmaster@noaa.gov
Page last modified: May 16, 2007
NATIONAL WEATHER SERVICE: for Safety, for Work, for Fun - FOR LIFE