381
CDUS43 KILX 280652
CLIILX


CLIMATE REPORT
NATIONAL WEATHER SERVICE LINCOLN IL
1240 AM CST WED JAN 28 2015


...................................

...THE LINCOLN IL CLIMATE SUMMARY FOR JANUARY 27 2015...

CLIMATE NORMAL PERIOD 1981 TO 2010
CLIMATE RECORD PERIOD 1905 TO 2015


WEATHER ITEM   OBSERVED TIME   RECORD YEAR NORMAL DEPARTURE LAST
                VALUE   (LST)  VALUE       VALUE  FROM      YEAR
                                                  NORMAL
..................................................................
TEMPERATURE (F)
 YESTERDAY
  MAXIMUM         32        MM  66    1944  34     -2       13
  MINIMUM         27        MM -14    2003  18      9       -2
  AVERAGE         30                        26      4        6

PRECIPITATION (IN)
  YESTERDAY        0.00          1.20 1967   0.05  -0.05      T
  MONTH TO DATE    1.22                      1.73  -0.51     1.64
  SINCE DEC 1      2.67                      4.37  -1.70     3.15
  SINCE JAN 1      1.22                      1.73  -0.51     1.64

SNOWFALL (IN)
  YESTERDAY        0.0           7.0  1967   0.2   -0.2       T
  MONTH TO DATE    4.6                       5.1   -0.5     15.7
  SINCE DEC 1      5.0                      11.3   -6.3     22.1
  SINCE JUL 1      6.0                      11.9   -5.9     22.6
  SNOW DEPTH       0

DEGREE DAYS
 HEATING
  YESTERDAY       35                        39     -4       59
  MONTH TO DATE 1107                      1053     54     1239
  SINCE DEC 1   2113                      2152    -39     2448
  SINCE JUL 1   3511                      3295    216     3726

 COOLING
  YESTERDAY        0                         0      0        0
  MONTH TO DATE    0                         0      0        0
  SINCE DEC 1      0                         0      0        0
  SINCE JAN 1      0                         0      0        0
..................................................................


WIND (MPH)
  HIGHEST WIND SPEED    MM   HIGHEST WIND DIRECTION    MM
  HIGHEST GUST SPEED    MM   HIGHEST GUST DIRECTION    MM
  AVERAGE WIND SPEED    MM


SKY COVER
  POSSIBLE SUNSHINE  MM


WEATHER CONDITIONS
 THE FOLLOWING WEATHER WAS RECORDED YESTERDAY.
  NO SIGNIFICANT WEATHER WAS OBSERVED.


..........................................................


THE LINCOLN IL CLIMATE NORMALS FOR TODAY
                         NORMAL    RECORD    YEAR
 MAXIMUM TEMPERATURE (F)   34        65      1970
 MINIMUM TEMPERATURE (F)   18       -21      1915


SUNRISE AND SUNSET
JANUARY 28 2015.......SUNRISE   710 AM CST   SUNSET   511 PM CST
JANUARY 29 2015.......SUNRISE   709 AM CST   SUNSET   512 PM CST


-  INDICATES NEGATIVE NUMBERS.
R  INDICATES RECORD WAS SET OR TIED.
MM INDICATES DATA IS MISSING.
T  INDICATES TRACE AMOUNT.




$$






U.S. Dept. of Commerce
NOAA National Weather Service
1325 East West Highway
Silver Spring, MD 20910
E-mail: w-nws.webmaster@noaa.gov
Page last modified: May 16, 2007
NATIONAL WEATHER SERVICE: for Safety, for Work, for Fun - FOR LIFE