677
CDUS42 KILM 270941
CLIILM


CLIMATE REPORT
NATIONAL WEATHER SERVICE WILMINGTON NC
441 AM EST THU NOV 27 2014


...................................

...THE WILMINGTON NC CLIMATE SUMMARY FOR NOVEMBER 26 2014...

CLIMATE NORMAL PERIOD 1981 TO 2010
CLIMATE RECORD PERIOD 1871 TO 2014


WEATHER ITEM   OBSERVED TIME   RECORD YEAR NORMAL DEPARTURE LAST
                VALUE   (LST)  VALUE       VALUE  FROM      YEAR
                                                  NORMAL
..................................................................
TEMPERATURE (F)
 YESTERDAY
  MAXIMUM         73    757 AM  80    2001  65      8       72
                                      1999
  MINIMUM         40   1155 PM  16    1950  43     -3       37
  AVERAGE         57                        54      3       55

PRECIPITATION (IN)
  YESTERDAY        0.88          2.27 1992   0.12   0.76     1.12
  MONTH TO DATE    4.68                      2.82   1.86     2.81
  SINCE SEP 1     12.27                     14.55  -2.28     6.06
  SINCE JAN 1     54.78                     53.52   1.26    48.55

SNOWFALL (IN)
  YESTERDAY        0.0           T    1962   0.0    0.0      0.0
  MONTH TO DATE    0.0                       0.0    0.0       T
  SINCE SEP 1      0.0                       0.0    0.0       T
  SINCE JUL 1      0.0                       0.0    0.0       T
  SNOW DEPTH       0

DEGREE DAYS
 HEATING
  YESTERDAY        8                        12     -4       10
  MONTH TO DATE  316                       223     93      252
  SINCE SEP 1    375                       320     55      324
  SINCE JUL 1    375                       320     55      324

 COOLING
  YESTERDAY        0                         0      0        0
  MONTH TO DATE   10                        23    -13       23
  SINCE SEP 1    433                       414     19      402
  SINCE JAN 1   2190                      2037    153     1892
..................................................................


WIND (MPH)
  HIGHEST WIND SPEED    24   HIGHEST WIND DIRECTION     N (340)
  HIGHEST GUST SPEED    33   HIGHEST GUST DIRECTION     S (190)
  AVERAGE WIND SPEED    10.1


SKY COVER
  POSSIBLE SUNSHINE  MM
  AVERAGE SKY COVER 0.8


WEATHER CONDITIONS
 THE FOLLOWING WEATHER WAS RECORDED YESTERDAY.
  THUNDERSTORM
  HEAVY RAIN
  RAIN
  LIGHT RAIN
  FOG


RELATIVE HUMIDITY (PERCENT)
 HIGHEST   100          1200 AM
 LOWEST     79           800 AM
 AVERAGE    90

..........................................................


THE WILMINGTON NC CLIMATE NORMALS FOR TODAY
                         NORMAL    RECORD    YEAR
 MAXIMUM TEMPERATURE (F)   65        83      1985
                                             1973
 MINIMUM TEMPERATURE (F)   42        23      1903


SUNRISE AND SUNSET
NOVEMBER 27 2014......SUNRISE   656 AM EST   SUNSET   502 PM EST
NOVEMBER 28 2014......SUNRISE   657 AM EST   SUNSET   502 PM EST


-  INDICATES NEGATIVE NUMBERS.
R  INDICATES RECORD WAS SET OR TIED.
MM INDICATES DATA IS MISSING.
T  INDICATES TRACE AMOUNT.




$$





U.S. Dept. of Commerce
NOAA National Weather Service
1325 East West Highway
Silver Spring, MD 20910
E-mail: w-nws.webmaster@noaa.gov
Page last modified: May 16, 2007
NATIONAL WEATHER SERVICE: for Safety, for Work, for Fun - FOR LIFE