359
CDUS42 KILM 010946
CLIILM


CLIMATE REPORT
NATIONAL WEATHER SERVICE WILMINGTON NC
445 AM EST SUN FEB 1 2015


...................................

...THE WILMINGTON NC CLIMATE SUMMARY FOR JANUARY 31 2015...

CLIMATE NORMAL PERIOD 1981 TO 2010
CLIMATE RECORD PERIOD 1871 TO 2015


WEATHER ITEM   OBSERVED TIME   RECORD YEAR NORMAL DEPARTURE LAST
                VALUE   (LST)  VALUE       VALUE  FROM      YEAR
                                                  NORMAL
..................................................................
TEMPERATURE (F)
 YESTERDAY
  MAXIMUM         50    417 PM  82    1975  58     -8       58
  MINIMUM         27    734 AM  17    1966  36     -9       30
                                      1934
  AVERAGE         39                        47     -8       44

PRECIPITATION (IN)
  YESTERDAY        0.00          1.41 1878   0.13  -0.13     0.02
  MONTH TO DATE    4.98                      3.76   1.22     2.77
  SINCE DEC 1      9.97                      7.38   2.59     4.50
  SINCE JAN 1      4.98                      3.76   1.22     2.77

SNOWFALL (IN)
  YESTERDAY        0.0           2.5  1965   0.0    0.0      0.0
  MONTH TO DATE    0.0                       0.4   -0.4      1.0
  SINCE DEC 1      0.0                       1.2   -1.2      1.0
  SINCE JUL 1      0.0                       1.2   -1.2      1.0
  SNOW DEPTH       0

DEGREE DAYS
 HEATING
  YESTERDAY       26                        18      8       21
  MONTH TO DATE  595                       585     10      674
  SINCE DEC 1   1058                      1106    -48     1072
  SINCE JUL 1   1511                      1475     36     1474

 COOLING
  YESTERDAY        0                         0      0        0
  MONTH TO DATE    6                         2      4        3
  SINCE DEC 1      6                         7     -1       25
  SINCE JAN 1      6                         2      4        3
..................................................................


WIND (MPH)
  HIGHEST WIND SPEED    15   HIGHEST WIND DIRECTION     N (350)
  HIGHEST GUST SPEED    20   HIGHEST GUST DIRECTION     N (10)
  AVERAGE WIND SPEED     6.4


SKY COVER
  POSSIBLE SUNSHINE  MM
  AVERAGE SKY COVER 0.0


WEATHER CONDITIONS
 THE FOLLOWING WEATHER WAS RECORDED YESTERDAY.
  NO SIGNIFICANT WEATHER WAS OBSERVED.


RELATIVE HUMIDITY (PERCENT)
 HIGHEST    75           900 PM
 LOWEST     18           400 PM
 AVERAGE    47

..........................................................


THE WILMINGTON NC CLIMATE NORMALS FOR TODAY
                         NORMAL    RECORD    YEAR
 MAXIMUM TEMPERATURE (F)   58        79      2002
                                             1950
 MINIMUM TEMPERATURE (F)   36        14      1936


SUNRISE AND SUNSET
FEBRUARY  1 2015......SUNRISE   709 AM EST   SUNSET   542 PM EST
FEBRUARY  2 2015......SUNRISE   709 AM EST   SUNSET   543 PM EST


-  INDICATES NEGATIVE NUMBERS.
R  INDICATES RECORD WAS SET OR TIED.
MM INDICATES DATA IS MISSING.
T  INDICATES TRACE AMOUNT.




$$





U.S. Dept. of Commerce
NOAA National Weather Service
1325 East West Highway
Silver Spring, MD 20910
E-mail: w-nws.webmaster@noaa.gov
Page last modified: May 16, 2007
NATIONAL WEATHER SERVICE: for Safety, for Work, for Fun - FOR LIFE