708
CDUS42 KILM 220847
CLIILM


CLIMATE REPORT
NATIONAL WEATHER SERVICE WILMINGTON NC
446 AM EDT WED OCT 22 2014


...................................

...THE WILMINGTON NC CLIMATE SUMMARY FOR OCTOBER 21 2014...

CLIMATE NORMAL PERIOD 1981 TO 2010
CLIMATE RECORD PERIOD 1871 TO 2014


WEATHER ITEM   OBSERVED TIME   RECORD YEAR NORMAL DEPARTURE LAST
                VALUE   (LST)  VALUE       VALUE  FROM      YEAR
                                                  NORMAL
..................................................................
TEMPERATURE (F)
 YESTERDAY
  MAXIMUM         78    337 PM  85    2005  74      4       73
                                      1993
  MINIMUM         53    402 AM  34    1974  53      0       51
  AVERAGE         66                        64      2       62

PRECIPITATION (IN)
  YESTERDAY        0.00          4.10 1929   0.12  -0.12     0.00
  MONTH TO DATE    1.36                      2.96  -1.60     2.05
  SINCE SEP 1      7.36                     10.80  -3.44     3.03
  SINCE JAN 1     49.87                     49.77   0.10    45.52

DEGREE DAYS
 HEATING
  YESTERDAY        0                         4     -4        3
  MONTH TO DATE   27                        45    -18       12
  SINCE SEP 1     29                        50    -21       12
  SINCE JUL 1     29                        50    -21       12

 COOLING
  YESTERDAY        1                         2     -1        0
  MONTH TO DATE   99                        79     20       99
  SINCE SEP 1    409                       373     36      377
  SINCE JAN 1   2166                      1996    170     1867
..................................................................


WIND (MPH)
  HIGHEST WIND SPEED    14   HIGHEST WIND DIRECTION     W (260)
  HIGHEST GUST SPEED    18   HIGHEST GUST DIRECTION    SW (230)
  AVERAGE WIND SPEED     4.6


SKY COVER
  POSSIBLE SUNSHINE  MM
  AVERAGE SKY COVER 0.1


WEATHER CONDITIONS
 THE FOLLOWING WEATHER WAS RECORDED YESTERDAY.
  NO SIGNIFICANT WEATHER WAS OBSERVED.


RELATIVE HUMIDITY (PERCENT)
 HIGHEST   100          1200 AM
 LOWEST     39           200 PM
 AVERAGE    70

..........................................................


THE WILMINGTON NC CLIMATE NORMALS FOR TODAY
                         NORMAL    RECORD    YEAR
 MAXIMUM TEMPERATURE (F)   74        86      1919
 MINIMUM TEMPERATURE (F)   52        32      1974


SUNRISE AND SUNSET
OCTOBER 22 2014.......SUNRISE   723 AM EDT   SUNSET   629 PM EDT
OCTOBER 23 2014.......SUNRISE   724 AM EDT   SUNSET   628 PM EDT


-  INDICATES NEGATIVE NUMBERS.
R  INDICATES RECORD WAS SET OR TIED.
MM INDICATES DATA IS MISSING.
T  INDICATES TRACE AMOUNT.




$$





U.S. Dept. of Commerce
NOAA National Weather Service
1325 East West Highway
Silver Spring, MD 20910
E-mail: w-nws.webmaster@noaa.gov
Page last modified: May 16, 2007
NATIONAL WEATHER SERVICE: for Safety, for Work, for Fun - FOR LIFE