912
CDUS41 KPHI 170630
CLIILG


CLIMATE REPORT
NATIONAL WEATHER SERVICE MOUNT HOLLY NJ
227 AM EDT THU APR 17 2014


...................................

...THE WILMINGTON DE CLIMATE SUMMARY FOR APRIL 16 2014...

CLIMATE NORMAL PERIOD 1981 TO 2010
CLIMATE RECORD PERIOD 1894 TO 2014


WEATHER ITEM   OBSERVED TIME   RECORD YEAR NORMAL DEPARTURE LAST
                VALUE   (LST)  VALUE       VALUE  FROM      YEAR
                                                  NORMAL
..................................................................
TEMPERATURE (F)
 YESTERDAY
  MAXIMUM         50    428 PM  92    1896  64    -14       68
  MINIMUM         31    624 AM  25    1943  43    -12       50
                                      1928
  AVERAGE         41                        54    -13       59

PRECIPITATION (IN)
  YESTERDAY        0.00          2.25 1929   0.11  -0.11     0.00
  MONTH TO DATE    1.75                      1.94  -0.19     1.26
  SINCE MAR 1      5.57                      5.86  -0.29     3.80
  SINCE JAN 1     14.15                     11.55   2.60     9.81

SNOWFALL (IN)
  YESTERDAY        0.0           T    2007   0.0    0.0      0.0
  MONTH TO DATE    0.0                       0.2   -0.2      0.0
  SINCE MAR 1      7.7                       2.1    5.6      1.3
  SINCE JUL 1     56.1                      20.1   36.0      5.5
  SNOW DEPTH       0

DEGREE DAYS
 HEATING
  YESTERDAY       24                        12     12        6
  MONTH TO DATE  192                       228    -36      202
  SINCE MAR 1   1012                       911    101      961
  SINCE JUL 1   4867                      4534    333     4357

 COOLING
  YESTERDAY        0                         0      0        0
  MONTH TO DATE    7                         0      7       16
  SINCE MAR 1      7                         1      6       16
  SINCE JAN 1      7                         1      6       16
..................................................................


WIND (MPH)
  HIGHEST WIND SPEED    32   HIGHEST WIND DIRECTION    NW (330)
  HIGHEST GUST SPEED    46   HIGHEST GUST DIRECTION    NW (330)
  AVERAGE WIND SPEED    14.5


SKY COVER
  POSSIBLE SUNSHINE  MM
  AVERAGE SKY COVER 0.1


WEATHER CONDITIONS
 THE FOLLOWING WEATHER WAS RECORDED YESTERDAY.
  NO SIGNIFICANT WEATHER WAS OBSERVED.


RELATIVE HUMIDITY (PERCENT)
 HIGHEST    76          1200 AM
 LOWEST     31           200 PM
 AVERAGE    54

..........................................................


THE WILMINGTON DE CLIMATE NORMALS FOR TODAY
                         NORMAL    RECORD    YEAR
 MAXIMUM TEMPERATURE (F)   64        97      1896
 MINIMUM TEMPERATURE (F)   44        27      1980
                                             1962


SUNRISE AND SUNSET
APRIL 17 2014.........SUNRISE   622 AM EDT   SUNSET   742 PM EDT
APRIL 18 2014.........SUNRISE   621 AM EDT   SUNSET   743 PM EDT


-  INDICATES NEGATIVE NUMBERS.
R  INDICATES RECORD WAS SET OR TIED.
MM INDICATES DATA IS MISSING.
T  INDICATES TRACE AMOUNT.




$$





U.S. Dept. of Commerce
NOAA National Weather Service
1325 East West Highway
Silver Spring, MD 20910
E-mail: w-nws.webmaster@noaa.gov
Page last modified: May 16, 2007
NATIONAL WEATHER SERVICE: for Safety, for Work, for Fun - FOR LIFE