213
CDUS41 KPHI 280637
CLIILG


CLIMATE REPORT
NATIONAL WEATHER SERVICE MOUNT HOLLY NJ
136 AM EST FRI NOV 28 2014


...................................

...THE WILMINGTON DE CLIMATE SUMMARY FOR NOVEMBER 27 2014...

CLIMATE NORMAL PERIOD 1981 TO 2010
CLIMATE RECORD PERIOD 1894 TO 2014


WEATHER ITEM   OBSERVED TIME   RECORD YEAR NORMAL DEPARTURE LAST
                VALUE   (LST)  VALUE       VALUE  FROM      YEAR
                                                  NORMAL
..................................................................
TEMPERATURE (F)
 YESTERDAY
  MAXIMUM         42    236 PM  73    1896  51     -9       60
  MINIMUM         30   1122 PM  13    1932  34     -4       31
  AVERAGE         36                        43     -7       46

PRECIPITATION (IN)
  YESTERDAY        0.00          1.63 2013   0.12  -0.12     1.63
  MONTH TO DATE    4.20                      2.75   1.45     2.91
  SINCE SEP 1      9.83                     10.49  -0.66     6.80
  SINCE JAN 1     47.90                     39.25   8.65    43.13

SNOWFALL (IN)
  YESTERDAY        0.0           4.5  1978   0.1   -0.1      0.0
  MONTH TO DATE    0.3                       0.3    0.0       T
  SINCE SEP 1      0.3                       0.3    0.0       T
  SINCE JUL 1      0.3                       0.3    0.0       T
  SNOW DEPTH       0

DEGREE DAYS
 HEATING
  YESTERDAY       29                        22      7       19
  MONTH TO DATE  557                       486     71      530
  SINCE SEP 1    812                       828    -16      826
  SINCE JUL 1    812                       830    -18      826

 COOLING
  YESTERDAY        0                         0      0        0
  MONTH TO DATE    0                         0      0        0
  SINCE SEP 1    167                       152     15      156
  SINCE JAN 1   1073                      1145    -72     1241
..................................................................


WIND (MPH)
  HIGHEST WIND SPEED    16   HIGHEST WIND DIRECTION    NW (310)
  HIGHEST GUST SPEED    21   HIGHEST GUST DIRECTION    NW (330)
  AVERAGE WIND SPEED     8.8


SKY COVER
  POSSIBLE SUNSHINE  MM
  AVERAGE SKY COVER 0.5


WEATHER CONDITIONS
 THE FOLLOWING WEATHER WAS RECORDED YESTERDAY.
  NO SIGNIFICANT WEATHER WAS OBSERVED.


RELATIVE HUMIDITY (PERCENT)
 HIGHEST    89           100 AM
 LOWEST     59           400 PM
 AVERAGE    74

..........................................................


THE WILMINGTON DE CLIMATE NORMALS FOR TODAY
                         NORMAL    RECORD    YEAR
 MAXIMUM TEMPERATURE (F)   51        72      1896
 MINIMUM TEMPERATURE (F)   34        14      1930


SUNRISE AND SUNSET
NOVEMBER 28 2014......SUNRISE   701 AM EST   SUNSET   440 PM EST
NOVEMBER 29 2014......SUNRISE   702 AM EST   SUNSET   439 PM EST


-  INDICATES NEGATIVE NUMBERS.
R  INDICATES RECORD WAS SET OR TIED.
MM INDICATES DATA IS MISSING.
T  INDICATES TRACE AMOUNT.




$$





U.S. Dept. of Commerce
NOAA National Weather Service
1325 East West Highway
Silver Spring, MD 20910
E-mail: w-nws.webmaster@noaa.gov
Page last modified: May 16, 2007
NATIONAL WEATHER SERVICE: for Safety, for Work, for Fun - FOR LIFE