616
CDUS41 KPHI 292127
CLIILG


CLIMATE REPORT
NATIONAL WEATHER SERVICE MOUNT HOLLY NJ
427 PM EST THU JAN 29 2015


...................................

...THE WILMINGTON DE CLIMATE SUMMARY FOR JANUARY 29 2015...
VALID TODAY AS OF 0400 PM LOCAL TIME.

CLIMATE NORMAL PERIOD 1981 TO 2010
CLIMATE RECORD PERIOD 1894 TO 2015


WEATHER ITEM   OBSERVED TIME   RECORD YEAR NORMAL DEPARTURE LAST
                VALUE   (LST)  VALUE       VALUE  FROM      YEAR
                                                  NORMAL
..................................................................
TEMPERATURE (F)
 TODAY
  MAXIMUM         33    325 PM  70    2002  41     -8       21
  MINIMUM         14    627 AM   0    1961  25    -11       10
  AVERAGE         24                        33     -9       16

PRECIPITATION (IN)
  TODAY            0.00          1.20 1928   0.10  -0.10     0.07
  MONTH TO DATE    4.45                      2.80   1.65     3.23
  SINCE DEC 1      7.46                      6.28   1.18     8.45
  SINCE JAN 1      4.45                      2.80   1.65     3.23

SNOWFALL (IN)
  TODAY            0.0           4.7  1966   0.3   -0.3      1.0
  MONTH TO DATE    3.7                       5.3   -1.6     17.5
  SINCE DEC 1      3.9                       8.7   -4.8     29.4
  SINCE JUL 1      4.2                       9.1   -4.9     29.4
  SNOW DEPTH       0

DEGREE DAYS
 HEATING
  TODAY           41                        32      9       49
  MONTH TO DATE  989                       948     41     1071
  SINCE DEC 1   1754                      1827    -73     1914
  SINCE JUL 1   2643                      2725    -82     2835

 COOLING
  TODAY            0                         0      0        0
  MONTH TO DATE    0                         0      0        0
  SINCE DEC 1      0                         0      0        0
  SINCE JAN 1      0                         0      0        0
..................................................................


WIND (MPH)
  HIGHEST WIND SPEED    15   HIGHEST WIND DIRECTION    SE (150)
  HIGHEST GUST SPEED    18   HIGHEST GUST DIRECTION     S (160)
  AVERAGE WIND SPEED     4.9


SKY COVER
  POSSIBLE SUNSHINE  MM
  AVERAGE SKY COVER 0.2


WEATHER CONDITIONS
 THE FOLLOWING WEATHER WAS RECORDED TODAY.
  NO SIGNIFICANT WEATHER WAS OBSERVED.


RELATIVE HUMIDITY (PERCENT)
 HIGHEST    67           700 AM
 LOWEST     36          1100 AM
 AVERAGE    52

..........................................................


THE WILMINGTON DE CLIMATE NORMALS FOR TOMORROW
                         NORMAL    RECORD    YEAR
 MAXIMUM TEMPERATURE (F)   41        70      2013
 MINIMUM TEMPERATURE (F)   25         3      2014


SUNRISE AND SUNSET
JANUARY 29 2015.......SUNRISE   713 AM EST   SUNSET   518 PM EST
JANUARY 30 2015.......SUNRISE   712 AM EST   SUNSET   520 PM EST


-  INDICATES NEGATIVE NUMBERS.
R  INDICATES RECORD WAS SET OR TIED.
MM INDICATES DATA IS MISSING.
T  INDICATES TRACE AMOUNT.




$$





U.S. Dept. of Commerce
NOAA National Weather Service
1325 East West Highway
Silver Spring, MD 20910
E-mail: w-nws.webmaster@noaa.gov
Page last modified: May 16, 2007
NATIONAL WEATHER SERVICE: for Safety, for Work, for Fun - FOR LIFE