452
CDUS45 KVEF 250826
CLIIGM


CLIMATE REPORT
NATIONAL WEATHER SERVICE LAS VEGAS, NV
126 AM PDT SAT OCT 25 2014


...................................

...THE KINGMAN AZ CLIMATE SUMMARY FOR OCTOBER 24 2014...

CLIMATE NORMAL PERIOD 1981 TO 2010
CLIMATE RECORD PERIOD 1901 TO 2014


WEATHER ITEM   OBSERVED TIME   RECORD YEAR NORMAL DEPARTURE LAST
                VALUE   (LST)  VALUE       VALUE  FROM      YEAR
                                                  NORMAL
..................................................................
TEMPERATURE (F)
 YESTERDAY
  MAXIMUM         84    342 PM  93    1959  74     10       81
  MINIMUM         50    613 AM  30    1975  45      5       43
  AVERAGE         67                        59      8       62

PRECIPITATION (IN)
  YESTERDAY        0.00          0.70 1907   0.03  -0.03     0.00
  MONTH TO DATE    0.76                      0.51   0.25     0.12
  SINCE OCT 1      0.76                      0.51   0.25     0.12
  SINCE JAN 1      7.25                      6.80   0.45     5.96

DEGREE DAYS
 HEATING
  YESTERDAY        0                         6     -6        3
  MONTH TO DATE    7                        78    -71      151
  SINCE SEP 1     11                        84    -73      177
  SINCE JUL 1     11                        84    -73      177

 COOLING
  YESTERDAY        2                         1      1        0
  MONTH TO DATE   42                        62    -20        6
  SINCE SEP 1    380                       387     -7      231
  SINCE JAN 1   2062                      2088    -26     2105
..................................................................


WIND (MPH)
  RESULTANT WIND SPEED   5   RESULTANT WIND DIRECTION   S (170)
  HIGHEST WIND SPEED    14   HIGHEST WIND DIRECTION    SE (130)
  HIGHEST GUST SPEED    17   HIGHEST GUST DIRECTION    SE (130)
  AVERAGE WIND SPEED     7.2


SKY COVER
  POSSIBLE SUNSHINE  MM
  AVERAGE SKY COVER 0.0


WEATHER CONDITIONS
 THE FOLLOWING WEATHER WAS RECORDED YESTERDAY.
  NO SIGNIFICANT WEATHER WAS OBSERVED.


RELATIVE HUMIDITY (PERCENT)
 HIGHEST    61           600 AM
 LOWEST     18           500 PM
 AVERAGE    40

..........................................................


THE KINGMAN AZ CLIMATE NORMALS FOR TODAY
                         NORMAL    RECORD    YEAR
 MAXIMUM TEMPERATURE (F)   73        90      1959
 MINIMUM TEMPERATURE (F)   45        32      1954


SUNRISE AND SUNSET
OCTOBER 25 2014.......SUNRISE   651 AM MST   SUNSET   548 PM MST
OCTOBER 26 2014.......SUNRISE   652 AM MST   SUNSET   547 PM MST


-  INDICATES NEGATIVE NUMBERS.
R  INDICATES RECORD WAS SET OR TIED.
MM INDICATES DATA IS MISSING.
T  INDICATES TRACE AMOUNT.




$$





U.S. Dept. of Commerce
NOAA National Weather Service
1325 East West Highway
Silver Spring, MD 20910
E-mail: w-nws.webmaster@noaa.gov
Page last modified: May 16, 2007
NATIONAL WEATHER SERVICE: for Safety, for Work, for Fun - FOR LIFE