936
CDUS45 KVEF 190826
CLIIGM


CLIMATE REPORT
NATIONAL WEATHER SERVICE LAS VEGAS, NV
1226 AM PST FRI DEC 19 2014


...................................

...THE KINGMAN AZ CLIMATE SUMMARY FOR DECEMBER 18 2014...

CLIMATE NORMAL PERIOD 1981 TO 2010
CLIMATE RECORD PERIOD 1901 TO 2014


WEATHER ITEM   OBSERVED TIME   RECORD YEAR NORMAL DEPARTURE LAST
                VALUE   (LST)  VALUE       VALUE  FROM      YEAR
                                                  NORMAL
..................................................................
TEMPERATURE (F)
 YESTERDAY
  MAXIMUM         52    420 PM  71    1979  53     -1       67
  MINIMUM         35   1159 PM  20    1967  31      4       36
  AVERAGE         44                        42      2       52

PRECIPITATION (IN)
  YESTERDAY        0.01          1.05 1978   0.02  -0.01     0.00
  MONTH TO DATE    0.89                      0.42   0.47     0.04
  SINCE OCT 1      1.65                      1.78  -0.13     0.88
  SINCE JAN 1      8.14                      8.07   0.07     6.72

DEGREE DAYS
 HEATING
  YESTERDAY       21                        23     -2       13
  MONTH TO DATE  292                       387    -95      461
  SINCE DEC 1    292                       387    -95      461
  SINCE JUL 1    706                       953   -247     1094

 COOLING
  YESTERDAY        0                         0      0        0
  MONTH TO DATE    0                         0      0        0
  SINCE DEC 1      0                         0      0        0
  SINCE JAN 1   2070                      2093    -23     2106
..................................................................


WIND (MPH)
  RESULTANT WIND SPEED   3   RESULTANT WIND DIRECTION   E (90)
  HIGHEST WIND SPEED    10   HIGHEST WIND DIRECTION    SE (120)
  HIGHEST GUST SPEED    12   HIGHEST GUST DIRECTION    SE (120)
  AVERAGE WIND SPEED     4.9


SKY COVER
  POSSIBLE SUNSHINE  MM
  AVERAGE SKY COVER 0.6


WEATHER CONDITIONS
 THE FOLLOWING WEATHER WAS RECORDED YESTERDAY.
  LIGHT RAIN


RELATIVE HUMIDITY (PERCENT)
 HIGHEST    92           100 AM
 LOWEST     50           300 PM
 AVERAGE    71

..........................................................


THE KINGMAN AZ CLIMATE NORMALS FOR TODAY
                         NORMAL    RECORD    YEAR
 MAXIMUM TEMPERATURE (F)   53        76      1917
 MINIMUM TEMPERATURE (F)   31        19      1909


SUNRISE AND SUNSET
DECEMBER 19 2014......SUNRISE   740 AM MST   SUNSET   526 PM MST
DECEMBER 20 2014......SUNRISE   740 AM MST   SUNSET   527 PM MST


-  INDICATES NEGATIVE NUMBERS.
R  INDICATES RECORD WAS SET OR TIED.
MM INDICATES DATA IS MISSING.
T  INDICATES TRACE AMOUNT.




$$





U.S. Dept. of Commerce
NOAA National Weather Service
1325 East West Highway
Silver Spring, MD 20910
E-mail: w-nws.webmaster@noaa.gov
Page last modified: May 16, 2007
NATIONAL WEATHER SERVICE: for Safety, for Work, for Fun - FOR LIFE