517
CDUS45 KVEF 220027
CLIIGM


CLIMATE REPORT
NATIONAL WEATHER SERVICE LAS VEGAS, NV
527 PM PDT TUE OCT 21 2014


...................................

...THE KINGMAN AZ CLIMATE SUMMARY FOR OCTOBER 21 2014...
VALID TODAY AS OF 0500 PM LOCAL TIME.

CLIMATE NORMAL PERIOD 1981 TO 2010
CLIMATE RECORD PERIOD 1901 TO 2014


WEATHER ITEM   OBSERVED TIME   RECORD YEAR NORMAL DEPARTURE LAST
                VALUE   (LST)  VALUE       VALUE  FROM      YEAR
                                                  NORMAL
..................................................................
TEMPERATURE (F)
 TODAY
  MAXIMUM         81    147 PM  95    1921  75      6       80
  MINIMUM         56    437 AM  29    1949  46     10       36
  AVERAGE         69                        61      8       58

PRECIPITATION (IN)
  TODAY            0.00          0.86 1978   0.02  -0.02     0.00
  MONTH TO DATE    0.76                      0.43   0.33     0.12
  SINCE OCT 1      0.76                      0.43   0.33     0.12
  SINCE JAN 1      7.25                      6.72   0.53     5.96

DEGREE DAYS
 HEATING
  TODAY            0                         5     -5        7
  MONTH TO DATE    7                        60    -53      142
  SINCE SEP 1     11                        66    -55      168
  SINCE JUL 1     11                        66    -55      168

 COOLING
  TODAY            4                         1      3        0
  MONTH TO DATE   40                        59    -19        6
  SINCE SEP 1    378                       384     -6      231
  SINCE JAN 1   2060                      2085    -25     2105
..................................................................


WIND (MPH)
  RESULTANT WIND SPEED   7   RESULTANT WIND DIRECTION   S (180)
  HIGHEST WIND SPEED    21   HIGHEST WIND DIRECTION    SW (230)
  HIGHEST GUST SPEED    25   HIGHEST GUST DIRECTION    SW (210)
  AVERAGE WIND SPEED    10.1


SKY COVER
  POSSIBLE SUNSHINE  MM
  AVERAGE SKY COVER 0.0


WEATHER CONDITIONS
 THE FOLLOWING WEATHER WAS RECORDED TODAY.
  NO SIGNIFICANT WEATHER WAS OBSERVED.


RELATIVE HUMIDITY (PERCENT)
 HIGHEST    57           500 AM
 LOWEST     26           200 PM
 AVERAGE    42

..........................................................


THE KINGMAN AZ CLIMATE NORMALS FOR TOMORROW
                         NORMAL    RECORD    YEAR
 MAXIMUM TEMPERATURE (F)   75        93      2003
 MINIMUM TEMPERATURE (F)   46        30      1996


SUNRISE AND SUNSET
OCTOBER 21 2014.......SUNRISE   647 AM MST   SUNSET   553 PM MST
OCTOBER 22 2014.......SUNRISE   648 AM MST   SUNSET   552 PM MST


-  INDICATES NEGATIVE NUMBERS.
R  INDICATES RECORD WAS SET OR TIED.
MM INDICATES DATA IS MISSING.
T  INDICATES TRACE AMOUNT.




$$





U.S. Dept. of Commerce
NOAA National Weather Service
1325 East West Highway
Silver Spring, MD 20910
E-mail: w-nws.webmaster@noaa.gov
Page last modified: May 16, 2007
NATIONAL WEATHER SERVICE: for Safety, for Work, for Fun - FOR LIFE