925
CDUS45 KIGM 290057
CLIIGM


CLIMATE REPORT
NATIONAL WEATHER SERVICE LAS VEGAS, NV
547 PM PDT MON JUL 28 2014


...................................

...THE KINGMAN AZ CLIMATE SUMMARY FOR JULY 28 2014...
VALID TODAY AS OF 0500 PM LOCAL TIME.

CLIMATE NORMAL PERIOD 1981 TO 2010
CLIMATE RECORD PERIOD 1901 TO 2014


WEATHER ITEM   OBSERVED TIME   RECORD YEAR NORMAL DEPARTURE LAST
                VALUE   (LST)  VALUE       VALUE  FROM      YEAR
                                                  NORMAL
..................................................................
TEMPERATURE (F)
 TODAY
  MAXIMUM         93    312 PM 107    1972  97     -4       88
  MINIMUM         75    600 AM  54    1907  71      4       69
  AVERAGE         84                        84      0       79

PRECIPITATION (IN)
  TODAY            0.01          1.48 1919   0.03  -0.02     0.15
  MONTH TO DATE    1.15                      0.67   0.48     1.48
  SINCE OCT 1      2.82                      6.32  -3.50     3.84
  SINCE JAN 1      1.94                      4.22  -2.28     2.67

DEGREE DAYS
 HEATING
  TODAY            0                         0      0        0
  MONTH TO DATE    0                         0      0        0
  SINCE JUN 1      0                         3     -3        0
  SINCE JUL 1      0                         0      0        0

 COOLING
  TODAY           19                        19      0       14
  MONTH TO DATE  524                       518      6      575
  SINCE JUN 1    964                       903     61     1075
  SINCE JAN 1   1189                      1101     88     1297
..................................................................


WIND (MPH)
  RESULTANT WIND SPEED   9   RESULTANT WIND DIRECTION  SE (130)
  HIGHEST WIND SPEED    23   HIGHEST WIND DIRECTION     N (340)
  HIGHEST GUST SPEED    29   HIGHEST GUST DIRECTION    SE (120)
  AVERAGE WIND SPEED    10.4


SKY COVER
  POSSIBLE SUNSHINE  MM
  AVERAGE SKY COVER 0.2


WEATHER CONDITIONS
 THE FOLLOWING WEATHER WAS RECORDED TODAY.
  THUNDERSTORM


RELATIVE HUMIDITY (PERCENT)
 HIGHEST    54           100 PM
 LOWEST     28          1200 PM
 AVERAGE    41

..........................................................


THE KINGMAN AZ CLIMATE NORMALS FOR TOMORROW
                         NORMAL    RECORD    YEAR
 MAXIMUM TEMPERATURE (F)   97       106      2000
 MINIMUM TEMPERATURE (F)   71        55      1907


SUNRISE AND SUNSET
JULY 28 2014..........SUNRISE   542 AM MST   SUNSET   742 PM MST
JULY 29 2014..........SUNRISE   542 AM MST   SUNSET   742 PM MST


-  INDICATES NEGATIVE NUMBERS.
R  INDICATES RECORD WAS SET OR TIED.
MM INDICATES DATA IS MISSING.
T  INDICATES TRACE AMOUNT.




$$





U.S. Dept. of Commerce
NOAA National Weather Service
1325 East West Highway
Silver Spring, MD 20910
E-mail: w-nws.webmaster@noaa.gov
Page last modified: May 16, 2007
NATIONAL WEATHER SERVICE: for Safety, for Work, for Fun - FOR LIFE