544
CDUS45 KVEF 310830
CLIIGM


CLIMATE REPORT
NATIONAL WEATHER SERVICE LAS VEGAS, NV
1229 AM PST SAT JAN 31 2015


...................................

...THE KINGMAN AZ CLIMATE SUMMARY FOR JANUARY 30 2015...

CLIMATE NORMAL PERIOD 1981 TO 2010
CLIMATE RECORD PERIOD 1901 TO 2015


WEATHER ITEM   OBSERVED TIME   RECORD YEAR NORMAL DEPARTURE LAST
                VALUE   (LST)  VALUE       VALUE  FROM      YEAR
                                                  NORMAL
..................................................................
TEMPERATURE (F)
 YESTERDAY
  MAXIMUM         49    427 PM  74    1920  58     -9       67
  MINIMUM         46   1159 PM   6    1979  32     14       47
  AVERAGE         48                        45      3       57

PRECIPITATION (IN)
  YESTERDAY        0.44          0.87 1980   0.05   0.39     0.00
  MONTH TO DATE    0.81                      0.98  -0.17     0.00
  SINCE OCT 1      2.94                      3.08  -0.14     0.88
  SINCE JAN 1      0.81                      0.98  -0.17     0.00

DEGREE DAYS
 HEATING
  YESTERDAY       17                        20     -3        8
  MONTH TO DATE  582                       635    -53      537
  SINCE DEC 1   1223                      1318    -95     1280
  SINCE JUL 1   1637                      1884   -247     1913

 COOLING
  YESTERDAY        0                         0      0        0
  MONTH TO DATE    0                         0      0        0
  SINCE DEC 1      0                         0      0        0
  SINCE JAN 1      0                         0      0        0
..................................................................


WIND (MPH)
  RESULTANT WIND SPEED   6   RESULTANT WIND DIRECTION   N (20)
  HIGHEST WIND SPEED    13   HIGHEST WIND DIRECTION     N (10)
  HIGHEST GUST SPEED    14   HIGHEST GUST DIRECTION     N (360)
  AVERAGE WIND SPEED     6.1


SKY COVER
  POSSIBLE SUNSHINE  MM
  AVERAGE SKY COVER 1.0


WEATHER CONDITIONS
 THE FOLLOWING WEATHER WAS RECORDED YESTERDAY.
  LIGHT RAIN
  FOG


RELATIVE HUMIDITY (PERCENT)
 HIGHEST   100           600 AM
 LOWEST     86           600 PM
 AVERAGE    93

..........................................................


THE KINGMAN AZ CLIMATE NORMALS FOR TODAY
                         NORMAL    RECORD    YEAR
 MAXIMUM TEMPERATURE (F)   58        75      2003
 MINIMUM TEMPERATURE (F)   32        10      1979


SUNRISE AND SUNSET
JANUARY 31 2015.......SUNRISE   736 AM MST   SUNSET   603 PM MST
FEBRUARY  1 2015......SUNRISE   735 AM MST   SUNSET   604 PM MST


-  INDICATES NEGATIVE NUMBERS.
R  INDICATES RECORD WAS SET OR TIED.
MM INDICATES DATA IS MISSING.
T  INDICATES TRACE AMOUNT.




$$





U.S. Dept. of Commerce
NOAA National Weather Service
1325 East West Highway
Silver Spring, MD 20910
E-mail: w-nws.webmaster@noaa.gov
Page last modified: May 16, 2007
NATIONAL WEATHER SERVICE: for Safety, for Work, for Fun - FOR LIFE