493
CDUS45 KIGM 250033
CLIIGM


CLIMATE REPORT
NATIONAL WEATHER SERVICE LAS VEGAS, NV
532 PM PDT THU APR 24 2014


...................................

...THE KINGMAN AZ CLIMATE SUMMARY FOR APRIL 24 2014...
VALID TODAY AS OF 0500 PM LOCAL TIME.

CLIMATE NORMAL PERIOD 1981 TO 2010
CLIMATE RECORD PERIOD 1901 TO 2014


WEATHER ITEM   OBSERVED TIME   RECORD YEAR NORMAL DEPARTURE LAST
                VALUE   (LST)  VALUE       VALUE  FROM      YEAR
                                                  NORMAL
..................................................................
TEMPERATURE (F)
 TODAY
  MAXIMUM         79    348 PM  95    1921  76      3       78
  MINIMUM         40    523 AM  27    1904  46     -6       34
  AVERAGE         60                        61     -1       56

PRECIPITATION (IN)
  TODAY            0.00          0.18 1990   0.01  -0.01     0.00
  MONTH TO DATE    0.02                      0.36  -0.34     0.05
  SINCE OCT 1      1.45                      5.38  -3.93     2.35
  SINCE JAN 1      0.57                      3.28  -2.71     1.18

DEGREE DAYS
 HEATING
  TODAY            5                         5      0        9
  MONTH TO DATE  121                       189    -68      154
  SINCE MAR 1    427                       607   -180      412
  SINCE JUL 1   2749                      3020   -271     2879

 COOLING
  TODAY            0                         1     -1        0
  MONTH TO DATE   33                        17     16        6
  SINCE MAR 1     33                        20     13       12
  SINCE JAN 1     33                        20     13       12
..................................................................


WIND (MPH)
  RESULTANT WIND SPEED   4   RESULTANT WIND DIRECTION  SW (210)
  HIGHEST WIND SPEED    22   HIGHEST WIND DIRECTION    SW (230)
  HIGHEST GUST SPEED    29   HIGHEST GUST DIRECTION    SW (220)
  AVERAGE WIND SPEED     8.2


SKY COVER
  POSSIBLE SUNSHINE  MM
  AVERAGE SKY COVER 0.0


WEATHER CONDITIONS
 THE FOLLOWING WEATHER WAS RECORDED TODAY.
  NO SIGNIFICANT WEATHER WAS OBSERVED.


RELATIVE HUMIDITY (PERCENT)
 HIGHEST    21           500 AM
 LOWEST      5           200 PM
 AVERAGE    13

..........................................................


THE KINGMAN AZ CLIMATE NORMALS FOR TOMORROW
                         NORMAL    RECORD    YEAR
 MAXIMUM TEMPERATURE (F)   77        93      1997
 MINIMUM TEMPERATURE (F)   47        29      1932


SUNRISE AND SUNSET
APRIL 24 2014.........SUNRISE   552 AM MST   SUNSET   716 PM MST
APRIL 25 2014.........SUNRISE   551 AM MST   SUNSET   717 PM MST


-  INDICATES NEGATIVE NUMBERS.
R  INDICATES RECORD WAS SET OR TIED.
MM INDICATES DATA IS MISSING.
T  INDICATES TRACE AMOUNT.




$$





U.S. Dept. of Commerce
NOAA National Weather Service
1325 East West Highway
Silver Spring, MD 20910
E-mail: w-nws.webmaster@noaa.gov
Page last modified: May 16, 2007
NATIONAL WEATHER SERVICE: for Safety, for Work, for Fun - FOR LIFE