904
CDUS43 KUNR 240833
CLIIEN


CLIMATE REPORT
NATIONAL WEATHER SERVICE RAPID CITY SD
232 AM MDT THU APR 24 2014


...................................

...THE PINE RIDGE SD CLIMATE SUMMARY FOR APRIL 23 2014...

CLIMATE NORMAL PERIOD 1981 TO 2010
CLIMATE RECORD PERIOD 9999 TO 9999


WEATHER ITEM   OBSERVED TIME   NORMAL DEPARTURE LAST
                VALUE   (LST)  VALUE  FROM      YEAR
                                      NORMAL
......................................................
TEMPERATURE (F)
 YESTERDAY
  MAXIMUM         69    218 PM  62      7       37
  MINIMUM         43   1159 PM  33     10       12
  AVERAGE         56            48      8       25

PRECIPITATION (IN)
  YESTERDAY        T             0.06  -0.06     0.00
  MONTH TO DATE    0.96          1.39  -0.43     1.11
  SINCE MAR 1      1.30          2.26  -0.96     1.42
  SINCE JAN 1      1.57          3.05  -1.48     2.36

DEGREE DAYS
 HEATING
  YESTERDAY        9            17     -8       40
  MONTH TO DATE  484           471     13      682
  SINCE MAR 1   1417          1359     58     1583
  SINCE JUL 1   6899          6709    190     6684

 COOLING
  YESTERDAY        0             0      0        0
  MONTH TO DATE    1             0      1        0
  SINCE MAR 1      1             0      1        0
  SINCE JAN 1      1             0      1        0
......................................................


WIND (MPH)
  HIGHEST WIND SPEED    31   HIGHEST WIND DIRECTION     W (270)
  HIGHEST GUST SPEED    41   HIGHEST GUST DIRECTION    SE (140)
  AVERAGE WIND SPEED    13.8


SKY COVER
  AVERAGE SKY COVER 0.2


WEATHER CONDITIONS
 THE FOLLOWING WEATHER WAS RECORDED YESTERDAY.
  THUNDERSTORM
  LIGHT RAIN


RELATIVE HUMIDITY (PERCENT)
 HIGHEST    72           600 AM
 LOWEST     18           200 PM
 AVERAGE    45

..........................................................




SUNRISE AND SUNSET
APRIL 24 2014.........SUNRISE   554 AM MDT   SUNSET   743 PM MDT
APRIL 25 2014.........SUNRISE   552 AM MDT   SUNSET   744 PM MDT


-  INDICATES NEGATIVE NUMBERS.
R  INDICATES RECORD WAS SET OR TIED.
MM INDICATES DATA IS MISSING.
T  INDICATES TRACE AMOUNT.




$$





U.S. Dept. of Commerce
NOAA National Weather Service
1325 East West Highway
Silver Spring, MD 20910
E-mail: w-nws.webmaster@noaa.gov
Page last modified: May 16, 2007
NATIONAL WEATHER SERVICE: for Safety, for Work, for Fun - FOR LIFE