742
CDUS43 KUNR 200831
CLIIEN


CLIMATE REPORT
NATIONAL WEATHER SERVICE RAPID CITY SD
231 AM MDT WED AUG 20 2014


...................................

...THE PINE RIDGE SD CLIMATE SUMMARY FOR AUGUST 19 2014...

CLIMATE NORMAL PERIOD 1981 TO 2010
CLIMATE RECORD PERIOD 9999 TO 9999


WEATHER ITEM   OBSERVED TIME   NORMAL DEPARTURE LAST
                VALUE   (LST)  VALUE  FROM      YEAR
                                      NORMAL
......................................................
TEMPERATURE (F)
 YESTERDAY
  MAXIMUM         93    332 PM  88      5       91
  MINIMUM         53    247 AM  56     -3       56
  AVERAGE         73            72      1       74

PRECIPITATION (IN)
  YESTERDAY        0.31          0.06   0.25     0.00
  MONTH TO DATE    0.79          1.25  -0.46     2.30
  SINCE JUN 1      7.89          6.95   0.94     6.23
  SINCE JAN 1     15.49         13.19   2.30    13.99

DEGREE DAYS
 HEATING
  YESTERDAY        0             1     -1        0
  MONTH TO DATE    0             7     -7        0
  SINCE JUN 1    136           106     30       80
  SINCE JUL 1     28            19      9        2

 COOLING
  YESTERDAY        8             7      1        9
  MONTH TO DATE  132           170    -38      129
  SINCE JUN 1    365           561   -196      496
  SINCE JAN 1    390           578   -188      513
......................................................


WIND (MPH)
  HIGHEST WIND SPEED    24   HIGHEST WIND DIRECTION    NW (330)
  HIGHEST GUST SPEED    32   HIGHEST GUST DIRECTION    NW (310)
  AVERAGE WIND SPEED     7.7


SKY COVER
  AVERAGE SKY COVER 0.0


WEATHER CONDITIONS
 THE FOLLOWING WEATHER WAS RECORDED YESTERDAY.
  THUNDERSTORM
  HEAVY RAIN
  LIGHT RAIN


RELATIVE HUMIDITY (PERCENT)
 HIGHEST   100           200 AM
 LOWEST     28           400 PM
 AVERAGE    64

..........................................................




SUNRISE AND SUNSET
AUGUST 20 2014........SUNRISE   601 AM MDT   SUNSET   745 PM MDT
AUGUST 21 2014........SUNRISE   602 AM MDT   SUNSET   743 PM MDT


-  INDICATES NEGATIVE NUMBERS.
R  INDICATES RECORD WAS SET OR TIED.
MM INDICATES DATA IS MISSING.
T  INDICATES TRACE AMOUNT.




$$





U.S. Dept. of Commerce
NOAA National Weather Service
1325 East West Highway
Silver Spring, MD 20910
E-mail: w-nws.webmaster@noaa.gov
Page last modified: May 16, 2007
NATIONAL WEATHER SERVICE: for Safety, for Work, for Fun - FOR LIFE