214
CDUS43 KUNR 240831
CLIIEN


CLIMATE REPORT
NATIONAL WEATHER SERVICE RAPID CITY SD
131 AM MST MON NOV 24 2014


...................................

...THE PINE RIDGE SD CLIMATE SUMMARY FOR NOVEMBER 23 2014...

CLIMATE NORMAL PERIOD 1981 TO 2010
CLIMATE RECORD PERIOD 9999 TO 9999


WEATHER ITEM   OBSERVED TIME   NORMAL DEPARTURE LAST
                VALUE   (LST)  VALUE  FROM      YEAR
                                      NORMAL
......................................................
TEMPERATURE (F)
 YESTERDAY
  MAXIMUM         44    103 PM  43      1       38
  MINIMUM         25    700 AM  16      9       -3
  AVERAGE         35            30      5       18

PRECIPITATION (IN)
  YESTERDAY        T             0.01  -0.01     0.00
  MONTH TO DATE    0.66          0.50   0.16     0.83
  SINCE SEP 1      3.83          3.31   0.52     5.69
  SINCE JAN 1     22.06         17.10   4.96    19.96

DEGREE DAYS
 HEATING
  YESTERDAY       30            35     -5       47
  MONTH TO DATE  869           676    193      708
  SINCE SEP 1   1514          1394    120     1483
  SINCE JUL 1   1558          1431    127     1485

 COOLING
  YESTERDAY        0             0      0        0
  MONTH TO DATE    0             0      0        0
  SINCE SEP 1     64            69     -5      152
  SINCE JAN 1    482           717   -235      804
......................................................


WIND (MPH)
  HIGHEST WIND SPEED    28   HIGHEST WIND DIRECTION    NW (300)
  HIGHEST GUST SPEED    35   HIGHEST GUST DIRECTION     W (290)
  AVERAGE WIND SPEED    10.3


SKY COVER
  AVERAGE SKY COVER 0.6


WEATHER CONDITIONS
 THE FOLLOWING WEATHER WAS RECORDED YESTERDAY.
  LIGHT SNOW


RELATIVE HUMIDITY (PERCENT)
 HIGHEST    96           300 AM
 LOWEST     39           100 PM
 AVERAGE    68

..........................................................




SUNRISE AND SUNSET
NOVEMBER 24 2014......SUNRISE   654 AM MST   SUNSET   420 PM MST
NOVEMBER 25 2014......SUNRISE   655 AM MST   SUNSET   419 PM MST


-  INDICATES NEGATIVE NUMBERS.
R  INDICATES RECORD WAS SET OR TIED.
MM INDICATES DATA IS MISSING.
T  INDICATES TRACE AMOUNT.




$$





U.S. Dept. of Commerce
NOAA National Weather Service
1325 East West Highway
Silver Spring, MD 20910
E-mail: w-nws.webmaster@noaa.gov
Page last modified: May 16, 2007
NATIONAL WEATHER SERVICE: for Safety, for Work, for Fun - FOR LIFE