861
CDUS43 KUNR 010832
CLIIEN


CLIMATE REPORT
NATIONAL WEATHER SERVICE RAPID CITY SD
232 AM MDT FRI AUG 1 2014


...................................

...THE PINE RIDGE SD CLIMATE SUMMARY FOR JULY 31 2014...

CLIMATE NORMAL PERIOD 1981 TO 2010
CLIMATE RECORD PERIOD 9999 TO 9999


WEATHER ITEM   OBSERVED TIME   NORMAL DEPARTURE LAST
                VALUE   (LST)  VALUE  FROM      YEAR
                                      NORMAL
......................................................
TEMPERATURE (F)
 YESTERDAY
  MAXIMUM         86    337 PM  91     -5       84
  MINIMUM         47    504 AM  59    -12       58
  AVERAGE         67            75     -8       71

PRECIPITATION (IN)
  YESTERDAY        0.00          0.10  -0.10     0.00
  MONTH TO DATE    2.56          2.27   0.29     1.82
  SINCE JUN 1      7.10          5.70   1.40     3.93
  SINCE JAN 1     14.70         11.94   2.76    11.69

DEGREE DAYS
 HEATING
  YESTERDAY        0             0      0        0
  MONTH TO DATE   28             4     24        2
  SINCE JUN 1    136            99     37       80
  SINCE JUL 1     28            12     16        2

 COOLING
  YESTERDAY        2            10     -8        6
  MONTH TO DATE  176           281   -105      284
  SINCE JUN 1    233           391   -158      367
  SINCE JAN 1    258           408   -150      384
......................................................


WIND (MPH)
  HIGHEST WIND SPEED    13   HIGHEST WIND DIRECTION     N (20)
  HIGHEST GUST SPEED    17   HIGHEST GUST DIRECTION     N (340)
  AVERAGE WIND SPEED     3.0


SKY COVER
  AVERAGE SKY COVER 0.0


WEATHER CONDITIONS
 THE FOLLOWING WEATHER WAS RECORDED YESTERDAY.
  HAZE


RELATIVE HUMIDITY (PERCENT)
 HIGHEST    93          1200 AM
 LOWEST     27           300 PM
 AVERAGE    60

..........................................................




SUNRISE AND SUNSET
AUGUST  1 2014........SUNRISE   541 AM MDT   SUNSET   811 PM MDT
AUGUST  2 2014........SUNRISE   542 AM MDT   SUNSET   810 PM MDT


-  INDICATES NEGATIVE NUMBERS.
R  INDICATES RECORD WAS SET OR TIED.
MM INDICATES DATA IS MISSING.
T  INDICATES TRACE AMOUNT.




$$





U.S. Dept. of Commerce
NOAA National Weather Service
1325 East West Highway
Silver Spring, MD 20910
E-mail: w-nws.webmaster@noaa.gov
Page last modified: May 16, 2007
NATIONAL WEATHER SERVICE: for Safety, for Work, for Fun - FOR LIFE