925
CDUS43 KUNR 220832
CLIIEN


CLIMATE REPORT
NATIONAL WEATHER SERVICE RAPID CITY SD
231 AM MDT MON SEP 22 2014


...................................

...THE PINE RIDGE SD CLIMATE SUMMARY FOR SEPTEMBER 21 2014...

CLIMATE NORMAL PERIOD 1981 TO 2010
CLIMATE RECORD PERIOD 9999 TO 9999


WEATHER ITEM   OBSERVED TIME   NORMAL DEPARTURE LAST
                VALUE   (LST)  VALUE  FROM      YEAR
                                      NORMAL
......................................................
TEMPERATURE (F)
 YESTERDAY
  MAXIMUM         74    339 PM  75     -1       93
  MINIMUM         33    543 AM  42     -9       43
  AVERAGE         54            59     -5       68

PRECIPITATION (IN)
  YESTERDAY        0.00          0.05  -0.05     0.00
  MONTH TO DATE    0.41          1.17  -0.76     0.06
  SINCE SEP 1      0.41          1.17  -0.76     0.06
  SINCE JAN 1     18.64         14.96   3.68    14.33

DEGREE DAYS
 HEATING
  YESTERDAY       11             8      3        0
  MONTH TO DATE  154           100     54       40
  SINCE SEP 1    154           100     54       40
  SINCE JUL 1    198           137     61       42

 COOLING
  YESTERDAY        0             1     -1        3
  MONTH TO DATE   32            60    -28      137
  SINCE SEP 1     32            60    -28      137
  SINCE JAN 1    450           708   -258      789
......................................................


WIND (MPH)
  HIGHEST WIND SPEED    22   HIGHEST WIND DIRECTION     S (170)
  HIGHEST GUST SPEED    28   HIGHEST GUST DIRECTION     S (170)
  AVERAGE WIND SPEED     3.7


SKY COVER
  AVERAGE SKY COVER 0.0


WEATHER CONDITIONS
 THE FOLLOWING WEATHER WAS RECORDED YESTERDAY.
  NO SIGNIFICANT WEATHER WAS OBSERVED.


RELATIVE HUMIDITY (PERCENT)
 HIGHEST    92           100 AM
 LOWEST     27           400 PM
 AVERAGE    60

..........................................................




SUNRISE AND SUNSET
SEPTEMBER 22 2014.....SUNRISE   637 AM MDT   SUNSET   647 PM MDT
SEPTEMBER 23 2014.....SUNRISE   638 AM MDT   SUNSET   646 PM MDT


-  INDICATES NEGATIVE NUMBERS.
R  INDICATES RECORD WAS SET OR TIED.
MM INDICATES DATA IS MISSING.
T  INDICATES TRACE AMOUNT.




$$






U.S. Dept. of Commerce
NOAA National Weather Service
1325 East West Highway
Silver Spring, MD 20910
E-mail: w-nws.webmaster@noaa.gov
Page last modified: May 16, 2007
NATIONAL WEATHER SERVICE: for Safety, for Work, for Fun - FOR LIFE