509
CDUS43 KUNR 180832
CLIIEN


CLIMATE REPORT
NATIONAL WEATHER SERVICE RAPID CITY SD
231 AM MDT FRI APR 18 2014


...................................

...THE PINE RIDGE SD CLIMATE SUMMARY FOR APRIL 17 2014...

CLIMATE NORMAL PERIOD 1981 TO 2010
CLIMATE RECORD PERIOD 9999 TO 9999


WEATHER ITEM   OBSERVED TIME   NORMAL DEPARTURE LAST
                VALUE   (LST)  VALUE  FROM      YEAR
                                      NORMAL
......................................................
TEMPERATURE (F)
 YESTERDAY
  MAXIMUM         52    406 PM  60     -8       28
  MINIMUM         30    301 AM  32     -2       25
  AVERAGE         41            46     -5       27

PRECIPITATION (IN)
  YESTERDAY        T             0.08  -0.08     0.26
  MONTH TO DATE    0.78          0.97  -0.19     0.29
  SINCE MAR 1      1.12          1.84  -0.72     0.60
  SINCE JAN 1      1.39          2.63  -1.24     1.54

DEGREE DAYS
 HEATING
  YESTERDAY       24            19      5       38
  MONTH TO DATE  438           362     76      493
  SINCE MAR 1   1371          1250    121     1394
  SINCE JUL 1   6853          6600    253     6495

 COOLING
  YESTERDAY        0             0      0        0
  MONTH TO DATE    0             0      0        0
  SINCE MAR 1      0             0      0        0
  SINCE JAN 1      0             0      0        0
......................................................


WIND (MPH)
  HIGHEST WIND SPEED    25   HIGHEST WIND DIRECTION     S (170)
  HIGHEST GUST SPEED    36   HIGHEST GUST DIRECTION     S (160)
  AVERAGE WIND SPEED    12.4


SKY COVER
  AVERAGE SKY COVER 0.6


WEATHER CONDITIONS
 THE FOLLOWING WEATHER WAS RECORDED YESTERDAY.
  NO SIGNIFICANT WEATHER WAS OBSERVED.


RELATIVE HUMIDITY (PERCENT)
 HIGHEST    85          1200 AM
 LOWEST     50           500 PM
 AVERAGE    68

..........................................................




SUNRISE AND SUNSET
APRIL 18 2014.........SUNRISE   603 AM MDT   SUNSET   736 PM MDT
APRIL 19 2014.........SUNRISE   602 AM MDT   SUNSET   737 PM MDT


-  INDICATES NEGATIVE NUMBERS.
R  INDICATES RECORD WAS SET OR TIED.
MM INDICATES DATA IS MISSING.
T  INDICATES TRACE AMOUNT.




$$





U.S. Dept. of Commerce
NOAA National Weather Service
1325 East West Highway
Silver Spring, MD 20910
E-mail: w-nws.webmaster@noaa.gov
Page last modified: May 16, 2007
NATIONAL WEATHER SERVICE: for Safety, for Work, for Fun - FOR LIFE