090
CDUS43 KUNR 280837
CLIIEN


CLIMATE REPORT
NATIONAL WEATHER SERVICE RAPID CITY SD
136 AM MST WED JAN 28 2015


...................................

...THE PINE RIDGE SD CLIMATE SUMMARY FOR JANUARY 27 2015...

CLIMATE NORMAL PERIOD 1981 TO 2010
CLIMATE RECORD PERIOD 9999 TO 9999


WEATHER ITEM   OBSERVED TIME   NORMAL DEPARTURE LAST
                VALUE   (LST)  VALUE  FROM      YEAR
                                      NORMAL
......................................................
TEMPERATURE (F)
 YESTERDAY
  MAXIMUM         67    231 PM  38     29       17
  MINIMUM         29   1132 PM  11     18       -3
  AVERAGE         48            24     24        7

PRECIPITATION (IN)
  YESTERDAY        0.00          0.01  -0.01     0.00
  MONTH TO DATE    0.17          0.26  -0.09     0.06
  SINCE DEC 1      0.72          0.61   0.11     0.29
  SINCE JAN 1      0.17          0.26  -0.09     0.06

DEGREE DAYS
 HEATING
  YESTERDAY       17            41    -24       58
  MONTH TO DATE 1089          1122    -33     1018
  SINCE DEC 1   2275          2422   -147     2294
  SINCE JUL 1   4074          4112    -38     4009

 COOLING
  YESTERDAY        0             0      0        0
  MONTH TO DATE    0             0      0        0
  SINCE DEC 1      0             0      0        0
  SINCE JAN 1      0             0      0        0
......................................................


WIND (MPH)
  HIGHEST WIND SPEED    14   HIGHEST WIND DIRECTION    SW (240)
  HIGHEST GUST SPEED    17   HIGHEST GUST DIRECTION     W (260)
  AVERAGE WIND SPEED     6.6


SKY COVER
  AVERAGE SKY COVER 0.0


WEATHER CONDITIONS
 THE FOLLOWING WEATHER WAS RECORDED YESTERDAY.
  NO SIGNIFICANT WEATHER WAS OBSERVED.


RELATIVE HUMIDITY (PERCENT)
 HIGHEST    78          1000 PM
 LOWEST     26           300 PM
 AVERAGE    52

..........................................................




SUNRISE AND SUNSET
JANUARY 28 2015.......SUNRISE   709 AM MST   SUNSET   457 PM MST
JANUARY 29 2015.......SUNRISE   708 AM MST   SUNSET   458 PM MST


-  INDICATES NEGATIVE NUMBERS.
R  INDICATES RECORD WAS SET OR TIED.
MM INDICATES DATA IS MISSING.
T  INDICATES TRACE AMOUNT.




$$





U.S. Dept. of Commerce
NOAA National Weather Service
1325 East West Highway
Silver Spring, MD 20910
E-mail: w-nws.webmaster@noaa.gov
Page last modified: May 16, 2007
NATIONAL WEATHER SERVICE: for Safety, for Work, for Fun - FOR LIFE