609
CDUS45 KPIH 270745
CLIIDA


CLIMATE REPORT
NATIONAL WEATHER SERVICE POCATELLO ID
136 AM MDT WED AUG 27 2014


...................................

...THE IDAHO FALLS ID CLIMATE SUMMARY FOR AUGUST 26 2014...

CLIMATE NORMAL PERIOD 1981 TO 2010
CLIMATE RECORD PERIOD 1948 TO 2014


WEATHER ITEM   OBSERVED TIME   RECORD YEAR NORMAL DEPARTURE LAST
                VALUE   (LST)  VALUE       VALUE  FROM      YEAR
                                                  NORMAL
..................................................................
TEMPERATURE (F)
 YESTERDAY
  MAXIMUM         78    452 PM  97    2011  83     -5       84
                                      2010
  MINIMUM         44    556 AM  28    1992  47     -3       57
  AVERAGE         61                        65     -4       71

PRECIPITATION (IN)
  YESTERDAY        0.00          0.23 2004   0.02  -0.02      T
  MONTH TO DATE    2.29                      0.43   1.86     0.24
  SINCE OCT 1      7.54                      9.44  -1.90     5.36
  SINCE JAN 1      6.24                      6.87  -0.63     2.67

SNOWFALL (IN)
  YESTERDAY       MM
  MONTH TO DATE   MM
  SINCE JUN 1     MM
  SINCE JUL 1     MM
  SNOW DEPTH      MM

DEGREE DAYS
 HEATING
  YESTERDAY        4                         2      2        0
  MONTH TO DATE   43                        23     20        0
  SINCE JUN 1    173                       203    -30      100
  SINCE JUL 1     45                        50     -5        0

 COOLING
  YESTERDAY        0                         2     -2        6
  MONTH TO DATE   76                        86    -10      142
  SINCE JUN 1    278                       239     39      429
  SINCE JAN 1    279                       241     38      433
..................................................................


WIND (MPH)
  HIGHEST WIND SPEED    10   HIGHEST WIND DIRECTION     W (290)
  HIGHEST GUST SPEED    17   HIGHEST GUST DIRECTION     S (200)
  AVERAGE WIND SPEED     3.6


SKY COVER
  POSSIBLE SUNSHINE  MM
  AVERAGE SKY COVER 0.2


WEATHER CONDITIONS
 THE FOLLOWING WEATHER WAS RECORDED YESTERDAY.
  NO SIGNIFICANT WEATHER WAS OBSERVED.


RELATIVE HUMIDITY (PERCENT)
 HIGHEST   100           400 AM
 LOWEST     28           600 PM
 AVERAGE    64

..........................................................


THE IDAHO FALLS ID CLIMATE NORMALS FOR TODAY
                         NORMAL    RECORD    YEAR
 MAXIMUM TEMPERATURE (F)   83        93      1981
 MINIMUM TEMPERATURE (F)   46        33      1993


SUNRISE AND SUNSET
AUGUST 27 2014........SUNRISE   647 AM MDT   SUNSET   812 PM MDT
AUGUST 28 2014........SUNRISE   648 AM MDT   SUNSET   810 PM MDT


-  INDICATES NEGATIVE NUMBERS.
R  INDICATES RECORD WAS SET OR TIED.
MM INDICATES DATA IS MISSING.
T  INDICATES TRACE AMOUNT.




$$






U.S. Dept. of Commerce
NOAA National Weather Service
1325 East West Highway
Silver Spring, MD 20910
E-mail: w-nws.webmaster@noaa.gov
Page last modified: May 16, 2007
NATIONAL WEATHER SERVICE: for Safety, for Work, for Fun - FOR LIFE