488
CDUS43 KICT 290632
CLIICT


CLIMATE REPORT
NATIONAL WEATHER SERVICE WICHITA KS
132 AM CDT TUE JUL 29 2014


...................................

...THE WICHITA MID CONTINENT KS CLIMATE SUMMARY FOR JULY 28 2014...

CLIMATE NORMAL PERIOD 1981 TO 2010
CLIMATE RECORD PERIOD 1888 TO 2014


WEATHER ITEM   OBSERVED TIME   RECORD YEAR NORMAL DEPARTURE LAST
                VALUE   (LST)  VALUE       VALUE  FROM      YEAR
                                                  NORMAL
..................................................................
TEMPERATURE (F)
 YESTERDAY
  MAXIMUM         87    532 PM 107    2012  93     -6       66
                                      2011
  MINIMUM         67    608 AM  56    2005  70     -3       61
  AVERAGE         77                        81     -4       64

PRECIPITATION (IN)
  YESTERDAY        0.00          1.65 2013   0.10  -0.10     1.65
  MONTH TO DATE    2.91                      3.03  -0.12     7.67
  SINCE JUN 1     13.37                      8.23   5.14     9.50
  SINCE JAN 1     19.44                     20.09  -0.65    23.52

SNOWFALL (IN)
  YESTERDAY        0.0           0.0  2007   0.0    0.0      0.0
  MONTH TO DATE    0.0                       0.0    0.0      0.0
  SINCE JUN 1      0.0                       0.0    0.0      0.0
  SINCE JUL 1      0.0                       0.0    0.0      0.0
  SNOW DEPTH       0

DEGREE DAYS
 HEATING
  YESTERDAY        0                         0      0        1
  MONTH TO DATE    1                         0      1        1
  SINCE JUN 1      1                         6     -5        4
  SINCE JUL 1      1                         0      1        1

 COOLING
  YESTERDAY       12                        16     -4        0
  MONTH TO DATE  360                       443    -83      423
  SINCE JUN 1    702                       772    -70      825
  SINCE JAN 1    969                       908     61      963
..................................................................


WIND (MPH)
  HIGHEST WIND SPEED    16   HIGHEST WIND DIRECTION     N (340)
  HIGHEST GUST SPEED    20   HIGHEST GUST DIRECTION    NW (330)
  AVERAGE WIND SPEED     7.4


SKY COVER
  POSSIBLE SUNSHINE  MM
  AVERAGE SKY COVER 0.3


WEATHER CONDITIONS
 THE FOLLOWING WEATHER WAS RECORDED YESTERDAY.
  NO SIGNIFICANT WEATHER WAS OBSERVED.


RELATIVE HUMIDITY (PERCENT)
 HIGHEST    68           500 AM
 LOWEST     36           500 PM
 AVERAGE    52

..........................................................


THE WICHITA MID CONTINENT KS CLIMATE NORMALS FOR TODAY
                         NORMAL    RECORD    YEAR
 MAXIMUM TEMPERATURE (F)   93       111      2012
 MINIMUM TEMPERATURE (F)   70        55      1971


SUNRISE AND SUNSET
JULY 29 2014..........SUNRISE   631 AM CDT   SUNSET   841 PM CDT
JULY 30 2014..........SUNRISE   632 AM CDT   SUNSET   840 PM CDT


-  INDICATES NEGATIVE NUMBERS.
R  INDICATES RECORD WAS SET OR TIED.
MM INDICATES DATA IS MISSING.
T  INDICATES TRACE AMOUNT.




$$





U.S. Dept. of Commerce
NOAA National Weather Service
1325 East West Highway
Silver Spring, MD 20910
E-mail: w-nws.webmaster@noaa.gov
Page last modified: May 16, 2007
NATIONAL WEATHER SERVICE: for Safety, for Work, for Fun - FOR LIFE