568
CDUS43 KICT 242210
CLIICT


CLIMATE REPORT
NATIONAL WEATHER SERVICE WICHITA KS
510 PM CDT FRI OCT 24 2014


...................................

...THE WICHITA MID CONTINENT CLIMATE SUMMARY FOR OCTOBER 24 2014...
VALID TODAY AS OF 0500 PM LOCAL TIME.

CLIMATE NORMAL PERIOD 1981 TO 2010
CLIMATE RECORD PERIOD 1888 TO 2014


WEATHER ITEM   OBSERVED TIME   RECORD YEAR NORMAL DEPARTURE LAST
                VALUE   (LST)  VALUE       VALUE  FROM      YEAR
                                                  NORMAL
..................................................................
TEMPERATURE (F)
 TODAY
  MAXIMUM         84    259 PM  89    1939  67     17       56
  MINIMUM         55    626 AM  29    1995  44     11       39
  AVERAGE         70                        55     15       48

PRECIPITATION (IN)
  TODAY            0.00          0.63 2000   0.08  -0.08     0.00
  MONTH TO DATE    1.41                      2.28  -0.87     1.01
  SINCE SEP 1      1.88                      5.42  -3.54     3.04
  SINCE JAN 1     23.86                     29.51  -5.65    37.21

SNOWFALL (IN)
  TODAY            0.0           0.0  2007   0.1   -0.1      0.0
  MONTH TO DATE    0.0                       0.1   -0.1       T
  SINCE SEP 1      0.0                       0.1   -0.1       T
  SINCE JUL 1      0.0                       0.1   -0.1       T
  SNOW DEPTH       0

DEGREE DAYS
 HEATING
  TODAY            0                        10    -10       17
  MONTH TO DATE   91                       163    -72      179
  SINCE SEP 1    111                       205    -94      183
  SINCE JUL 1    112                       206    -94      184

 COOLING
  TODAY            5                         0      5        0
  MONTH TO DATE   61                        35     26       51
  SINCE SEP 1    336                       257     79      365
  SINCE JAN 1   1832                      1684    148     1778
..................................................................


WIND (MPH)
  HIGHEST WIND SPEED    16   HIGHEST WIND DIRECTION     S (190)
  HIGHEST GUST SPEED    20   HIGHEST GUST DIRECTION     S (200)
  AVERAGE WIND SPEED     9.5


SKY COVER
  POSSIBLE SUNSHINE  MM
  AVERAGE SKY COVER 0.6


WEATHER CONDITIONS
 THE FOLLOWING WEATHER WAS RECORDED TODAY.
  FOG
  HAZE


RELATIVE HUMIDITY (PERCENT)
 HIGHEST    93           300 AM
 LOWEST     47           300 PM
 AVERAGE    70

..........................................................


THE WICHITA MID CONTINENT CLIMATE NORMALS FOR TOMORROW
                         NORMAL    RECORD    YEAR
 MAXIMUM TEMPERATURE (F)   66        87      1891
 MINIMUM TEMPERATURE (F)   44        24      1975


SUNRISE AND SUNSET
OCTOBER 24 2014.......SUNRISE   747 AM CDT   SUNSET   640 PM CDT
OCTOBER 25 2014.......SUNRISE   748 AM CDT   SUNSET   639 PM CDT


-  INDICATES NEGATIVE NUMBERS.
R  INDICATES RECORD WAS SET OR TIED.
MM INDICATES DATA IS MISSING.
T  INDICATES TRACE AMOUNT.




$$






U.S. Dept. of Commerce
NOAA National Weather Service
1325 East West Highway
Silver Spring, MD 20910
E-mail: w-nws.webmaster@noaa.gov
Page last modified: May 16, 2007
NATIONAL WEATHER SERVICE: for Safety, for Work, for Fun - FOR LIFE