767
CDUS43 KICT 302209
CLIICT


CLIMATE REPORT
NATIONAL WEATHER SERVICE WICHITA KS
508 PM CDT TUE SEP 30 2014


...................................

...THE WICHITA MID CONTINENT CLIMATE SUMMARY FOR SEPTEMBER 30 2014...
VALID TODAY AS OF 0500 PM LOCAL TIME.

CLIMATE NORMAL PERIOD 1981 TO 2010
CLIMATE RECORD PERIOD 1888 TO 2014


WEATHER ITEM   OBSERVED TIME   RECORD YEAR NORMAL DEPARTURE LAST
                VALUE   (LST)  VALUE       VALUE  FROM      YEAR
                                                  NORMAL
..................................................................
TEMPERATURE (F)
 TODAY
  MAXIMUM         88    359 PM  96    1938  76     12       81
  MINIMUM         62    614 AM  31    1984  53      9       50
  AVERAGE         75                        64     11       66

PRECIPITATION (IN)
  TODAY            0.00          1.53 1998   0.09  -0.09     0.00
  MONTH TO DATE    0.47                      3.14  -2.67     2.03
  SINCE SEP 1      0.47                      3.14  -2.67     2.03
  SINCE JAN 1     22.45                     27.23  -4.78    36.20

SNOWFALL (IN)
  TODAY            0.0           0.0  2007   0.0    0.0      0.0
  MONTH TO DATE    0.0                       0.0    0.0      0.0
  SINCE SEP 1      0.0                       0.0    0.0      0.0
  SINCE JUL 1      0.0                       0.0    0.0      0.0
  SNOW DEPTH       0

DEGREE DAYS
 HEATING
  TODAY            0                         4     -4        0
  MONTH TO DATE   20                        41    -21        4
  SINCE SEP 1     20                        42    -22        4
  SINCE JUL 1     21                        43    -22        5

 COOLING
  TODAY           10                         3      7        1
  MONTH TO DATE  275                       222     53      314
  SINCE SEP 1    275                       222     53      314
  SINCE JAN 1   1771                      1649    122     1727
..................................................................


WIND (MPH)
  HIGHEST WIND SPEED    26   HIGHEST WIND DIRECTION     S (160)
  HIGHEST GUST SPEED    33   HIGHEST GUST DIRECTION     S (170)
  AVERAGE WIND SPEED    14.0


SKY COVER
  POSSIBLE SUNSHINE  MM
  AVERAGE SKY COVER 0.7


WEATHER CONDITIONS
 THE FOLLOWING WEATHER WAS RECORDED TODAY.
  NO SIGNIFICANT WEATHER WAS OBSERVED.


RELATIVE HUMIDITY (PERCENT)
 HIGHEST    84           500 AM
 LOWEST     36           300 PM
 AVERAGE    60

..........................................................


THE WICHITA MID CONTINENT CLIMATE NORMALS FOR TOMORROW
                         NORMAL    RECORD    YEAR
 MAXIMUM TEMPERATURE (F)   76        97      2006
 MINIMUM TEMPERATURE (F)   53        31      1985


SUNRISE AND SUNSET
SEPTEMBER 30 2014.....SUNRISE   724 AM CDT   SUNSET   714 PM CDT
OCTOBER  1 2014.......SUNRISE   725 AM CDT   SUNSET   713 PM CDT


-  INDICATES NEGATIVE NUMBERS.
R  INDICATES RECORD WAS SET OR TIED.
MM INDICATES DATA IS MISSING.
T  INDICATES TRACE AMOUNT.




$$





U.S. Dept. of Commerce
NOAA National Weather Service
1325 East West Highway
Silver Spring, MD 20910
E-mail: w-nws.webmaster@noaa.gov
Page last modified: May 16, 2007
NATIONAL WEATHER SERVICE: for Safety, for Work, for Fun - FOR LIFE