374
CDUS43 KUNR 230833
CLIICR


CLIMATE REPORT
NATIONAL WEATHER SERVICE RAPID CITY SD
232 AM MDT WED APR 23 2014


...................................

...THE WINNER REGIONAL AIRPORT SD CLIMATE SUMMARY FOR APRIL 22 2014...

CLIMATE NORMAL PERIOD 1981 TO 2010
CLIMATE RECORD PERIOD 9999 TO 9999


WEATHER ITEM   OBSERVED TIME   NORMAL DEPARTURE LAST
                VALUE   (LST)  VALUE  FROM      YEAR
                                      NORMAL
......................................................
TEMPERATURE (F)
 YESTERDAY
  MAXIMUM         77    436 PM  62     15       35
  MINIMUM         41    455 AM  38      3       18
  AVERAGE         59            50      9       27

PRECIPITATION (IN)
  YESTERDAY        0.00          0.09  -0.09     0.12
  MONTH TO DATE    0.15          1.65  -1.50     0.85
  SINCE MAR 1      0.19          3.03  -2.84     1.45
  SINCE JAN 1      0.27          3.79  -3.52     1.45

DEGREE DAYS
 HEATING
  YESTERDAY        6            15     -9       38
  MONTH TO DATE  387           411    -24      628
  SINCE MAR 1   1337          1287     50     1640
  SINCE JUL 1   6670          6296    374     6303

 COOLING
  YESTERDAY        0             0      0        0
  MONTH TO DATE    2             0      2        0
  SINCE MAR 1      2             0      2        0
  SINCE JAN 1      2             0      2        0
......................................................


WIND (MPH)
  HIGHEST WIND SPEED    31   HIGHEST WIND DIRECTION    SE (140)
  HIGHEST GUST SPEED    44   HIGHEST GUST DIRECTION    SE (150)
  AVERAGE WIND SPEED    16.9


SKY COVER
  AVERAGE SKY COVER 0.1


WEATHER CONDITIONS
 THE FOLLOWING WEATHER WAS RECORDED YESTERDAY.
  NO SIGNIFICANT WEATHER WAS OBSERVED.


RELATIVE HUMIDITY (PERCENT)
 HIGHEST    62           400 AM
 LOWEST     21           400 PM
 AVERAGE    42

..........................................................




SUNRISE AND SUNSET
APRIL 23 2014.........SUNRISE   644 AM CDT   SUNSET   832 PM CDT
APRIL 24 2014.........SUNRISE   643 AM CDT   SUNSET   833 PM CDT


-  INDICATES NEGATIVE NUMBERS.
R  INDICATES RECORD WAS SET OR TIED.
MM INDICATES DATA IS MISSING.
T  INDICATES TRACE AMOUNT.




$$





U.S. Dept. of Commerce
NOAA National Weather Service
1325 East West Highway
Silver Spring, MD 20910
E-mail: w-nws.webmaster@noaa.gov
Page last modified: May 16, 2007
NATIONAL WEATHER SERVICE: for Safety, for Work, for Fun - FOR LIFE