248
CDUS43 KUNR 220840
CLIICR


CLIMATE REPORT
NATIONAL WEATHER SERVICE RAPID CITY SD
140 AM MST SAT NOV 22 2014


...................................

...THE WINNER REGIONAL AIRPORT SD CLIMATE SUMMARY FOR NOVEMBER 21 2014...

CLIMATE NORMAL PERIOD 1981 TO 2010
CLIMATE RECORD PERIOD 9999 TO 9999


WEATHER ITEM   OBSERVED TIME   NORMAL DEPARTURE LAST
                VALUE   (LST)  VALUE  FROM      YEAR
                                      NORMAL
......................................................
TEMPERATURE (F)
 YESTERDAY
  MAXIMUM         47    323 PM  43      4       24
  MINIMUM         28   1231 AM  23      5        9
  AVERAGE         38            33      5       17

PRECIPITATION (IN)
  YESTERDAY        0.00          0.01  -0.01      T
  MONTH TO DATE    0.18          0.48  -0.30     0.12
  SINCE SEP 1      1.51          4.11  -2.60     4.86
  SINCE JAN 1     14.58         21.11  -6.53    20.85

DEGREE DAYS
 HEATING
  YESTERDAY       27            32     -5       48
  MONTH TO DATE  737           561    176      519
  SINCE SEP 1   1161          1145     16     1109
  SINCE JUL 1   1174          1159     15     1116

 COOLING
  YESTERDAY        0             0      0        0
  MONTH TO DATE    0             0      0        0
  SINCE SEP 1    133           110     23      223
  SINCE JAN 1    863           916    -53     1014
......................................................


WIND (MPH)
  HIGHEST WIND SPEED    29   HIGHEST WIND DIRECTION    SW (210)
  HIGHEST GUST SPEED    38   HIGHEST GUST DIRECTION    SW (210)
  AVERAGE WIND SPEED    14.9


SKY COVER
  AVERAGE SKY COVER 0.1


WEATHER CONDITIONS
 THE FOLLOWING WEATHER WAS RECORDED YESTERDAY.
  NO SIGNIFICANT WEATHER WAS OBSERVED.


RELATIVE HUMIDITY (PERCENT)
 HIGHEST    69          1200 AM
 LOWEST     53           300 PM
 AVERAGE    61

..........................................................




SUNRISE AND SUNSET
NOVEMBER 22 2014......SUNRISE   742 AM CST   SUNSET   509 PM CST
NOVEMBER 23 2014......SUNRISE   743 AM CST   SUNSET   508 PM CST


-  INDICATES NEGATIVE NUMBERS.
R  INDICATES RECORD WAS SET OR TIED.
MM INDICATES DATA IS MISSING.
T  INDICATES TRACE AMOUNT.




$$





U.S. Dept. of Commerce
NOAA National Weather Service
1325 East West Highway
Silver Spring, MD 20910
E-mail: w-nws.webmaster@noaa.gov
Page last modified: May 16, 2007
NATIONAL WEATHER SERVICE: for Safety, for Work, for Fun - FOR LIFE