712
CDUS43 KUNR 280833
CLIICR


CLIMATE REPORT
NATIONAL WEATHER SERVICE RAPID CITY SD
231 AM MDT MON JUL 28 2014


...................................

...THE WINNER REGIONAL AIRPORT SD CLIMATE SUMMARY FOR JULY 27 2014...

CLIMATE NORMAL PERIOD 1981 TO 2010
CLIMATE RECORD PERIOD 9999 TO 9999


WEATHER ITEM   OBSERVED TIME   NORMAL DEPARTURE LAST
                VALUE   (LST)  VALUE  FROM      YEAR
                                      NORMAL
......................................................
TEMPERATURE (F)
 YESTERDAY
  MAXIMUM         84    323 PM  89     -5       73
  MINIMUM         56    530 AM  64     -8       49
  AVERAGE         70            77     -7       61

PRECIPITATION (IN)
  YESTERDAY        0.00          0.10  -0.10     0.00
  MONTH TO DATE    0.25          2.53  -2.28     2.53
  SINCE JUN 1      4.41          6.18  -1.77     6.04
  SINCE JAN 1      9.20         14.25  -5.05    13.43

DEGREE DAYS
 HEATING
  YESTERDAY        0             0      0        4
  MONTH TO DATE   12             0     12        6
  SINCE JUN 1     49            54     -5       59
  SINCE JUL 1     12             0     12        6

 COOLING
  YESTERDAY        5            12     -7        0
  MONTH TO DATE  267           284    -17      269
  SINCE JUN 1    384           429    -45      401
  SINCE JAN 1    465           459      6      440
......................................................


WIND (MPH)
  HIGHEST WIND SPEED    24   HIGHEST WIND DIRECTION     N (360)
  HIGHEST GUST SPEED    33   HIGHEST GUST DIRECTION     N (360)
  AVERAGE WIND SPEED    12.6


SKY COVER
  AVERAGE SKY COVER 0.1


WEATHER CONDITIONS
 THE FOLLOWING WEATHER WAS RECORDED YESTERDAY.
  NO SIGNIFICANT WEATHER WAS OBSERVED.


RELATIVE HUMIDITY (PERCENT)
 HIGHEST    78          1100 PM
 LOWEST     31           400 PM
 AVERAGE    55

..........................................................




SUNRISE AND SUNSET
JULY 28 2014..........SUNRISE   625 AM CDT   SUNSET   906 PM CDT
JULY 29 2014..........SUNRISE   626 AM CDT   SUNSET   905 PM CDT


-  INDICATES NEGATIVE NUMBERS.
R  INDICATES RECORD WAS SET OR TIED.
MM INDICATES DATA IS MISSING.
T  INDICATES TRACE AMOUNT.




$$





U.S. Dept. of Commerce
NOAA National Weather Service
1325 East West Highway
Silver Spring, MD 20910
E-mail: w-nws.webmaster@noaa.gov
Page last modified: May 16, 2007
NATIONAL WEATHER SERVICE: for Safety, for Work, for Fun - FOR LIFE