918
CDUS43 KUNR 220832
CLIICR


CLIMATE REPORT
NATIONAL WEATHER SERVICE RAPID CITY SD
231 AM MDT MON SEP 22 2014


...................................

...THE WINNER REGIONAL AIRPORT SD CLIMATE SUMMARY FOR SEPTEMBER 21 2014...

CLIMATE NORMAL PERIOD 1981 TO 2010
CLIMATE RECORD PERIOD 9999 TO 9999


WEATHER ITEM   OBSERVED TIME   NORMAL DEPARTURE LAST
                VALUE   (LST)  VALUE  FROM      YEAR
                                      NORMAL
......................................................
TEMPERATURE (F)
 YESTERDAY
  MAXIMUM         75    421 PM  75      0       89
  MINIMUM         46   1154 PM  48     -2       45
  AVERAGE         61            62     -1       67

PRECIPITATION (IN)
  YESTERDAY        0.00          0.08  -0.08     0.00
  MONTH TO DATE    0.91          1.43  -0.52     0.38
  SINCE SEP 1      0.91          1.43  -0.52     0.38
  SINCE JAN 1     13.98         18.43  -4.45    16.37

DEGREE DAYS
 HEATING
  YESTERDAY        4             5     -1        0
  MONTH TO DATE  102            65     37       28
  SINCE SEP 1    102            65     37       28
  SINCE JUL 1    115            79     36       35

 COOLING
  YESTERDAY        0             2     -2        2
  MONTH TO DATE   70            89    -19      185
  SINCE SEP 1     70            89    -19      185
  SINCE JAN 1    800           895    -95      976
......................................................


WIND (MPH)
  HIGHEST WIND SPEED    18   HIGHEST WIND DIRECTION     N (350)
  HIGHEST GUST SPEED    23   HIGHEST GUST DIRECTION    NW (310)
  AVERAGE WIND SPEED     7.5


SKY COVER
  AVERAGE SKY COVER 0.0


WEATHER CONDITIONS
 THE FOLLOWING WEATHER WAS RECORDED YESTERDAY.
  NO SIGNIFICANT WEATHER WAS OBSERVED.


RELATIVE HUMIDITY (PERCENT)
 HIGHEST    71           600 AM
 LOWEST     25           300 PM
 AVERAGE    48

..........................................................




SUNRISE AND SUNSET
SEPTEMBER 22 2014.....SUNRISE   727 AM CDT   SUNSET   737 PM CDT
SEPTEMBER 23 2014.....SUNRISE   728 AM CDT   SUNSET   735 PM CDT


-  INDICATES NEGATIVE NUMBERS.
R  INDICATES RECORD WAS SET OR TIED.
MM INDICATES DATA IS MISSING.
T  INDICATES TRACE AMOUNT.




$$






U.S. Dept. of Commerce
NOAA National Weather Service
1325 East West Highway
Silver Spring, MD 20910
E-mail: w-nws.webmaster@noaa.gov
Page last modified: May 16, 2007
NATIONAL WEATHER SERVICE: for Safety, for Work, for Fun - FOR LIFE