665
CDUS45 KTFX 221042
CLIHVR


CLIMATE REPORT
NATIONAL WEATHER SERVICE GREAT FALLS MT
442 AM MDT TUE JUL 22 2014


...................................

...THE HAVRE MT CLIMATE SUMMARY FOR JULY 21 2014...

CLIMATE NORMAL PERIOD 1981 TO 2010
CLIMATE RECORD PERIOD 1880 TO 2014


WEATHER ITEM   OBSERVED TIME   RECORD YEAR NORMAL DEPARTURE LAST
                VALUE   (LST)  VALUE       VALUE  FROM      YEAR
                                                  NORMAL
..................................................................
TEMPERATURE (F)
 YESTERDAY
  MAXIMUM         86    353 PM 103    1931  87     -1       86
  MINIMUM         58   1140 PM  42    1968  55      3       55
  AVERAGE         72                        71      1       71

PRECIPITATION (IN)
  YESTERDAY        T             0.31 1995   0.04  -0.04     0.00
  MONTH TO DATE    0.09                      1.26  -1.17     1.36
  SINCE OCT 1      8.48                      8.59  -0.11    15.05
  SINCE JAN 1      6.47                      7.18  -0.71    12.57

SNOWFALL (IN)
  YESTERDAY        0.0           T    1952   0.0    0.0      0.0
                                      2001
                                      1998
  MONTH TO DATE    0.0                       0.0    0.0      0.0
  SINCE JUN 1      0.0                       0.0    0.0      0.0
  SINCE JUL 1      0.0                       0.0    0.0      0.0
  SNOW DEPTH       0

DEGREE DAYS
 HEATING
  YESTERDAY        0                         1     -1        0
  MONTH TO DATE    0                        28    -28        5
  SINCE JUN 1    175                       161     14      118
  SINCE JUL 1      0                        28    -28        5

 COOLING
  YESTERDAY        7                         6      1        6
  MONTH TO DATE  129                        96     33      111
  SINCE JUN 1    135                       144     -9      154
  SINCE JAN 1    142                       155    -13      161
..................................................................


WIND (MPH)
  HIGHEST WIND SPEED    20   HIGHEST WIND DIRECTION     W (270)
  HIGHEST GUST SPEED    26   HIGHEST GUST DIRECTION     W (270)
  AVERAGE WIND SPEED     7.8


SKY COVER
  AVERAGE SKY COVER 0.5


WEATHER CONDITIONS
 THE FOLLOWING WEATHER WAS RECORDED YESTERDAY.
  LIGHT RAIN


RELATIVE HUMIDITY (PERCENT)
 HIGHEST    78          1100 PM
 LOWEST     23           500 PM
 AVERAGE    51

..........................................................


THE HAVRE MT CLIMATE NORMALS FOR TODAY
                         NORMAL    RECORD    YEAR
 MAXIMUM TEMPERATURE (F)   87       105      1960
                                             1936
 MINIMUM TEMPERATURE (F)   55        40      1984


SUNRISE AND SUNSET
JULY 22 2014..........SUNRISE   541 AM MDT   SUNSET   909 PM MDT
JULY 23 2014..........SUNRISE   542 AM MDT   SUNSET   908 PM MDT


-  INDICATES NEGATIVE NUMBERS.
R  INDICATES RECORD WAS SET OR TIED.
MM INDICATES DATA IS MISSING.
T  INDICATES TRACE AMOUNT.




$$





U.S. Dept. of Commerce
NOAA National Weather Service
1325 East West Highway
Silver Spring, MD 20910
E-mail: w-nws.webmaster@noaa.gov
Page last modified: May 16, 2007
NATIONAL WEATHER SERVICE: for Safety, for Work, for Fun - FOR LIFE