936
CDUS45 KTFX 301031
CLIHVR


CLIMATE REPORT
NATIONAL WEATHER SERVICE GREAT FALLS MT
431 AM MDT WED JUL 30 2014


...................................

...THE HAVRE MT CLIMATE SUMMARY FOR JULY 29 2014...

CLIMATE NORMAL PERIOD 1981 TO 2010
CLIMATE RECORD PERIOD 1880 TO 2014


WEATHER ITEM   OBSERVED TIME   RECORD YEAR NORMAL DEPARTURE LAST
                VALUE   (LST)  VALUE       VALUE  FROM      YEAR
                                                  NORMAL
..................................................................
TEMPERATURE (F)
 YESTERDAY
  MAXIMUM         96    343 PM 102    1999  88      8       73
                                      1936
  MINIMUM         56    457 AM  39    1892  55      1       55
  AVERAGE         76                        71      5       64

PRECIPITATION (IN)
  YESTERDAY        0.00          0.38 1915   0.04  -0.04     0.06
  MONTH TO DATE    0.26                      1.57  -1.31     2.75
  SINCE OCT 1      8.65                      8.90  -0.25    16.44
  SINCE JAN 1      6.64                      7.49  -0.85    13.96

SNOWFALL (IN)
  YESTERDAY        0.0           0.0  2000   0.0    0.0      0.0
                                      2001
                                      1998
  MONTH TO DATE    0.0                       0.0    0.0      0.0
  SINCE JUN 1      0.0                       0.0    0.0      0.0
  SINCE JUL 1      0.0                       0.0    0.0      0.0
  SNOW DEPTH       0

DEGREE DAYS
 HEATING
  YESTERDAY        0                         0      0        1
  MONTH TO DATE    0                        29    -29        6
  SINCE JUN 1    175                       162     13      119
  SINCE JUL 1      0                        29    -29        6

 COOLING
  YESTERDAY       11                         7      4        0
  MONTH TO DATE  174                       149     25      144
  SINCE JUN 1    180                       197    -17      187
  SINCE JAN 1    187                       208    -21      194
..................................................................


WIND (MPH)
  HIGHEST WIND SPEED    21   HIGHEST WIND DIRECTION     E (70)
  HIGHEST GUST SPEED    26   HIGHEST GUST DIRECTION     E (70)
  AVERAGE WIND SPEED     7.8


SKY COVER
  AVERAGE SKY COVER 0.0


WEATHER CONDITIONS
 THE FOLLOWING WEATHER WAS RECORDED YESTERDAY.
  NO SIGNIFICANT WEATHER WAS OBSERVED.


RELATIVE HUMIDITY (PERCENT)
 HIGHEST    72           500 AM
 LOWEST     15           500 PM
 AVERAGE    44

..........................................................


THE HAVRE MT CLIMATE NORMALS FOR TODAY
                         NORMAL    RECORD    YEAR
 MAXIMUM TEMPERATURE (F)   88       102      1926
 MINIMUM TEMPERATURE (F)   55        40      2009


SUNRISE AND SUNSET
JULY 30 2014..........SUNRISE   551 AM MDT   SUNSET   859 PM MDT
JULY 31 2014..........SUNRISE   552 AM MDT   SUNSET   858 PM MDT


-  INDICATES NEGATIVE NUMBERS.
R  INDICATES RECORD WAS SET OR TIED.
MM INDICATES DATA IS MISSING.
T  INDICATES TRACE AMOUNT.




$$





U.S. Dept. of Commerce
NOAA National Weather Service
1325 East West Highway
Silver Spring, MD 20910
E-mail: w-nws.webmaster@noaa.gov
Page last modified: May 16, 2007
NATIONAL WEATHER SERVICE: for Safety, for Work, for Fun - FOR LIFE