260
CDUS45 KTFX 190758
CLIHVR


CLIMATE REPORT
NATIONAL WEATHER SERVICE GREAT FALLS MT
156 AM MDT FRI SEP 19 2014


...................................

...THE HAVRE MT CLIMATE SUMMARY FOR SEPTEMBER 18 2014...

CLIMATE NORMAL PERIOD 1981 TO 2010
CLIMATE RECORD PERIOD 1880 TO 2014


WEATHER ITEM   OBSERVED TIME   RECORD YEAR NORMAL DEPARTURE LAST
                VALUE   (LST)  VALUE       VALUE  FROM      YEAR
                                                  NORMAL
..................................................................
TEMPERATURE (F)
 YESTERDAY
  MAXIMUM         80    308 PM  94    1981  70     10       65
  MINIMUM         49    616 AM  23    1991  41      8       46
  AVERAGE         65                        55     10       56

PRECIPITATION (IN)
  YESTERDAY        0.01          0.94 1947   0.04  -0.03     0.14
  MONTH TO DATE    0.74                      0.69   0.05     0.94
  SINCE OCT 1     13.07                     10.77   2.30    18.52
  SINCE JAN 1     11.06                      9.36   1.70    16.04

SNOWFALL (IN)
  YESTERDAY        0.0           0.7  1957   0.0    0.0      0.0
  MONTH TO DATE    T                         0.0    0.0      0.0
  SINCE SEP 1      T                         0.0    0.0      0.0
  SINCE JUL 1      T                         0.0    0.0      0.0
  SNOW DEPTH       0

DEGREE DAYS
 HEATING
  YESTERDAY        0                        10    -10        9
  MONTH TO DATE  179                       129     50       17
  SINCE SEP 1    179                       129     50       17
  SINCE JUL 1    223                       212     11       35

 COOLING
  YESTERDAY        0                         0      0        0
  MONTH TO DATE    0                        17    -17       70
  SINCE SEP 1      0                        17    -17       70
  SINCE JAN 1    390                       384      6      445
..................................................................


WIND (MPH)
  HIGHEST WIND SPEED    23   HIGHEST WIND DIRECTION    SW (220)
  HIGHEST GUST SPEED    28   HIGHEST GUST DIRECTION    SW (230)
  AVERAGE WIND SPEED     9.4


SKY COVER
  AVERAGE SKY COVER 0.0


WEATHER CONDITIONS
 THE FOLLOWING WEATHER WAS RECORDED YESTERDAY.
  LIGHT RAIN
  HAZE


RELATIVE HUMIDITY (PERCENT)
 HIGHEST    93           500 AM
 LOWEST     33           300 PM
 AVERAGE    63

..........................................................


THE HAVRE MT CLIMATE NORMALS FOR TODAY
                         NORMAL    RECORD    YEAR
 MAXIMUM TEMPERATURE (F)   70        96      2009
 MINIMUM TEMPERATURE (F)   40        24      1991


SUNRISE AND SUNSET
SEPTEMBER 19 2014.....SUNRISE   702 AM MDT   SUNSET   723 PM MDT
SEPTEMBER 20 2014.....SUNRISE   703 AM MDT   SUNSET   721 PM MDT


-  INDICATES NEGATIVE NUMBERS.
R  INDICATES RECORD WAS SET OR TIED.
MM INDICATES DATA IS MISSING.
T  INDICATES TRACE AMOUNT.




$$





U.S. Dept. of Commerce
NOAA National Weather Service
1325 East West Highway
Silver Spring, MD 20910
E-mail: w-nws.webmaster@noaa.gov
Page last modified: May 16, 2007
NATIONAL WEATHER SERVICE: for Safety, for Work, for Fun - FOR LIFE