507
CDUS45 KTFX 282321
CLIHVR


CLIMATE REPORT
NATIONAL WEATHER SERVICE GREAT FALLS MT
420 PM MST FRI NOV 28 2014


...................................

...THE HAVRE MT CLIMATE SUMMARY FOR NOVEMBER 28 2014...
VALID TODAY AS OF 0400 PM LOCAL TIME.

CLIMATE NORMAL PERIOD 1981 TO 2010
CLIMATE RECORD PERIOD 1880 TO 2014


WEATHER ITEM   OBSERVED TIME   RECORD YEAR NORMAL DEPARTURE LAST
                VALUE   (LST)  VALUE       VALUE  FROM      YEAR
                                                  NORMAL
..................................................................
TEMPERATURE (F)
 TODAY
  MAXIMUM         33    934 AM  62    1901  35     -2       34
  MINIMUM          9    359 PM -26    1985  14     -5       10
  AVERAGE         21                        24     -3       22

PRECIPITATION (IN)
  TODAY            T             0.39 1927   0.01  -0.01     0.00
  MONTH TO DATE    0.46                      0.40   0.06     0.35
  SINCE OCT 1      1.22                      0.98   0.24     0.67
  SINCE JAN 1     12.38                     10.77   1.61    17.82

SNOWFALL (IN)
  TODAY            T             3.5  1998   0.2   -0.2      0.0
  MONTH TO DATE    4.6                       4.8   -0.2      4.8
  SINCE SEP 1      4.6                       7.1   -2.5      5.8
  SINCE JUL 1      4.6                       7.1   -2.5      5.8
  SNOW DEPTH       T

DEGREE DAYS
 HEATING
  TODAY           44                        41      3       43
  MONTH TO DATE 1059                       962     97     1041
  SINCE SEP 1   1756                      1878   -122     1855
  SINCE JUL 1   1800                      1961   -161     1873

 COOLING
  TODAY            0                         0      0        0
  MONTH TO DATE    0                         0      0        0
  SINCE SEP 1     12                        20     -8       70
  SINCE JAN 1    402                       387     15      445
..................................................................


WIND (MPH)
  HIGHEST WIND SPEED    25   HIGHEST WIND DIRECTION    NW (320)
  HIGHEST GUST SPEED    29   HIGHEST GUST DIRECTION    NW (310)
  AVERAGE WIND SPEED     8.7


SKY COVER
  AVERAGE SKY COVER 0.9


WEATHER CONDITIONS
 THE FOLLOWING WEATHER WAS RECORDED TODAY.
  LIGHT SNOW
  FOG
  FOG W/VISIBILITY <= 1/4 MILE


RELATIVE HUMIDITY (PERCENT)
 HIGHEST   100          1200 AM
 LOWEST     83           300 PM
 AVERAGE    92

..........................................................


THE HAVRE MT CLIMATE NORMALS FOR TOMORROW
                         NORMAL    RECORD    YEAR
 MAXIMUM TEMPERATURE (F)   35        65      1909
 MINIMUM TEMPERATURE (F)   13       -30      1896


SUNRISE AND SUNSET
NOVEMBER 28 2014......SUNRISE   746 AM MST   SUNSET   428 PM MST
NOVEMBER 29 2014......SUNRISE   747 AM MST   SUNSET   427 PM MST


-  INDICATES NEGATIVE NUMBERS.
R  INDICATES RECORD WAS SET OR TIED.
MM INDICATES DATA IS MISSING.
T  INDICATES TRACE AMOUNT.




$$





U.S. Dept. of Commerce
NOAA National Weather Service
1325 East West Highway
Silver Spring, MD 20910
E-mail: w-nws.webmaster@noaa.gov
Page last modified: May 16, 2007
NATIONAL WEATHER SERVICE: for Safety, for Work, for Fun - FOR LIFE