389
CDUS45 KTFX 191014
CLIHVR


CLIMATE REPORT
NATIONAL WEATHER SERVICE GREAT FALLS MT
414 AM MDT SAT APR 19 2014


...................................

...THE HAVRE MT CLIMATE SUMMARY FOR APRIL 18 2014...

CLIMATE NORMAL PERIOD 1981 TO 2010
CLIMATE RECORD PERIOD 1880 TO 2014


WEATHER ITEM   OBSERVED TIME   RECORD YEAR NORMAL DEPARTURE LAST
                VALUE   (LST)  VALUE       VALUE  FROM      YEAR
                                                  NORMAL
..................................................................
TEMPERATURE (F)
 YESTERDAY
  MAXIMUM         63    207 PM  86    1936  59      4       57
  MINIMUM         42   1159 PM   8    1951  31     11       17
  AVERAGE         53                        45      8       37

PRECIPITATION (IN)
  YESTERDAY        0.04          0.35 1951   0.02   0.02     0.00
  MONTH TO DATE    0.11                      0.43  -0.32     0.62
  SINCE OCT 1      3.92                      2.99   0.93     5.02
  SINCE JAN 1      1.91                      1.58   0.33     2.54

SNOWFALL (IN)
  YESTERDAY        0.0           3.9  1951   0.1   -0.1      0.0
  MONTH TO DATE    T                         2.3   -2.3      3.5
  SINCE MAR 1      7.0                       8.6   -1.6      6.3
  SINCE JUL 1     44.4                      36.5    7.9     50.5
  SNOW DEPTH       0

DEGREE DAYS
 HEATING
  YESTERDAY       12                        20     -8       28
  MONTH TO DATE  409                       405      4      489
  SINCE MAR 1   1571                      1403    168     1536
  SINCE JUL 1   7812                      7523    289     7352

 COOLING
  YESTERDAY        0                         0      0        0
  MONTH TO DATE    0                         0      0        0
  SINCE MAR 1      0                         0      0        0
  SINCE JAN 1      0                         0      0        0
..................................................................


WIND (MPH)
  HIGHEST WIND SPEED    38   HIGHEST WIND DIRECTION     W (250)
  HIGHEST GUST SPEED    47   HIGHEST GUST DIRECTION     W (280)
  AVERAGE WIND SPEED    15.3


SKY COVER
  AVERAGE SKY COVER 0.8


WEATHER CONDITIONS
 THE FOLLOWING WEATHER WAS RECORDED YESTERDAY.
  LIGHT RAIN


RELATIVE HUMIDITY (PERCENT)
 HIGHEST    86           400 AM
 LOWEST     20           300 PM
 AVERAGE    53

..........................................................


THE HAVRE MT CLIMATE NORMALS FOR TODAY
                         NORMAL    RECORD    YEAR
 MAXIMUM TEMPERATURE (F)   60        89      1910
 MINIMUM TEMPERATURE (F)   32         8      1951


SUNRISE AND SUNSET
APRIL 19 2014.........SUNRISE   621 AM MDT   SUNSET   816 PM MDT
APRIL 20 2014.........SUNRISE   619 AM MDT   SUNSET   818 PM MDT


-  INDICATES NEGATIVE NUMBERS.
R  INDICATES RECORD WAS SET OR TIED.
MM INDICATES DATA IS MISSING.
T  INDICATES TRACE AMOUNT.




$$





U.S. Dept. of Commerce
NOAA National Weather Service
1325 East West Highway
Silver Spring, MD 20910
E-mail: w-nws.webmaster@noaa.gov
Page last modified: May 16, 2007
NATIONAL WEATHER SERVICE: for Safety, for Work, for Fun - FOR LIFE