988
CDUS41 KCAR 310526
CLIHUL


CLIMATE REPORT
NATIONAL WEATHER SERVICE CARIBOU, ME
126 AM EDT FRI OCT 31 2014


...................................

...THE HOULTON ME CLIMATE SUMMARY FOR OCTOBER 30 2014...

CLIMATE NORMAL PERIOD 1981 TO 2010
CLIMATE RECORD PERIOD 1948 TO 2014


WEATHER ITEM   OBSERVED TIME   RECORD YEAR NORMAL DEPARTURE LAST
                VALUE   (LST)  VALUE       VALUE  FROM      YEAR
                                                  NORMAL
..................................................................
TEMPERATURE (F)
 YESTERDAY
  MAXIMUM         53    152 PM  69    1989  48      5       42
  MINIMUM         37    827 PM  10    1978  30      7       15
  AVERAGE         45                        39      6       29

PRECIPITATION (IN)
  YESTERDAY        0.00          0.89 2012   0.12  -0.12     0.00
  MONTH TO DATE    5.82                      3.54   2.28     2.16
  SINCE SEP 1      7.12                      6.94   0.18     8.22
  SINCE JAN 1     34.78                     32.56   2.22    35.75

SNOWFALL (IN)
  YESTERDAY       MM             3.0  1963   0.1   MM       MM
  MONTH TO DATE   MM                         0.6   MM       MM
  SINCE SEP 1     MM                         0.7   MM       MM
  SINCE JUL 1     MM                         0.7   MM       MM
  SNOW DEPTH      MM

DEGREE DAYS
 HEATING
  YESTERDAY       20                        26     -6       36
  MONTH TO DATE  494                       642   -148      575
  SINCE SEP 1    785                       954   -169      852
  SINCE JUL 1    870                      1110   -240      985

 COOLING
  YESTERDAY        0                         0      0        0
  MONTH TO DATE    3                         0      3        0
  SINCE SEP 1     30                        13     17       19
  SINCE JAN 1    233                       191     42      198
..................................................................


WIND (MPH)
  HIGHEST WIND SPEED    13   HIGHEST WIND DIRECTION    NW (300)
  HIGHEST GUST SPEED    18   HIGHEST GUST DIRECTION    NW (310)
  AVERAGE WIND SPEED     4.7


SKY COVER
  POSSIBLE SUNSHINE  MM
  AVERAGE SKY COVER 0.5


WEATHER CONDITIONS
 THE FOLLOWING WEATHER WAS RECORDED YESTERDAY.
  NO SIGNIFICANT WEATHER WAS OBSERVED.


RELATIVE HUMIDITY (PERCENT)
 HIGHEST    85           400 AM
 LOWEST     50           200 PM
 AVERAGE    68

..........................................................


THE HOULTON ME CLIMATE NORMALS FOR TODAY
                         NORMAL    RECORD    YEAR
 MAXIMUM TEMPERATURE (F)   48        70      1956
 MINIMUM TEMPERATURE (F)   29        13      1972


SUNRISE AND SUNSET
OCTOBER 31 2014.......SUNRISE   710 AM EDT   SUNSET   518 PM EDT
NOVEMBER  1 2014......SUNRISE   712 AM EDT   SUNSET   517 PM EDT


-  INDICATES NEGATIVE NUMBERS.
R  INDICATES RECORD WAS SET OR TIED.
MM INDICATES DATA IS MISSING.
T  INDICATES TRACE AMOUNT.




$$





U.S. Dept. of Commerce
NOAA National Weather Service
1325 East West Highway
Silver Spring, MD 20910
E-mail: w-nws.webmaster@noaa.gov
Page last modified: May 16, 2007
NATIONAL WEATHER SERVICE: for Safety, for Work, for Fun - FOR LIFE