117
CDUS41 KCAR 300526
CLIHUL


CLIMATE REPORT
NATIONAL WEATHER SERVICE CARIBOU, ME
125 AM EDT TUE SEP 30 2014


...................................

...THE HOULTON ME CLIMATE SUMMARY FOR SEPTEMBER 29 2014...

CLIMATE NORMAL PERIOD 1981 TO 2010
CLIMATE RECORD PERIOD 1948 TO 2014


WEATHER ITEM   OBSERVED TIME   RECORD YEAR NORMAL DEPARTURE LAST
                VALUE   (LST)  VALUE       VALUE  FROM      YEAR
                                                  NORMAL
..................................................................
TEMPERATURE (F)
 YESTERDAY
  MAXIMUM         64   1239 AM  80    1987  61      3       73
  MINIMUM         43   1159 PM  20    1980  38      5       41
  AVERAGE         54                        50      4       57

PRECIPITATION (IN)
  YESTERDAY        0.00          1.12 1963   0.13  -0.13     0.00
  MONTH TO DATE    1.30                      3.28  -1.98     6.06
  SINCE SEP 1      1.30                      3.28  -1.98     6.06
  SINCE JAN 1     28.96                     28.90   0.06    33.59

SNOWFALL (IN)
  YESTERDAY       MM             1.0  1991   0.0   MM       MM
  MONTH TO DATE   MM                         0.1   MM       MM
  SINCE SEP 1     MM                         0.1   MM       MM
  SINCE JUL 1     MM                         0.1   MM       MM
  SNOW DEPTH      MM

DEGREE DAYS
 HEATING
  YESTERDAY       11                        15     -4        8
  MONTH TO DATE  277                       296    -19      266
  SINCE SEP 1    277                       296    -19      266
  SINCE JUL 1    362                       452    -90      399

 COOLING
  YESTERDAY        0                         0      0        0
  MONTH TO DATE   27                        12     15       19
  SINCE SEP 1     27                        12     15       19
  SINCE JAN 1    230                       190     40      198
..................................................................


WIND (MPH)
  HIGHEST WIND SPEED    16   HIGHEST WIND DIRECTION    NE (60)
  HIGHEST GUST SPEED    23   HIGHEST GUST DIRECTION    NE (50)
  AVERAGE WIND SPEED     7.6


SKY COVER
  POSSIBLE SUNSHINE  MM
  AVERAGE SKY COVER 0.8


WEATHER CONDITIONS
 THE FOLLOWING WEATHER WAS RECORDED YESTERDAY.
  FOG


RELATIVE HUMIDITY (PERCENT)
 HIGHEST    93           500 AM
 LOWEST     66           500 PM
 AVERAGE    80

..........................................................


THE HOULTON ME CLIMATE NORMALS FOR TODAY
                         NORMAL    RECORD    YEAR
 MAXIMUM TEMPERATURE (F)   61        78      1948
 MINIMUM TEMPERATURE (F)   38        23      1965


SUNRISE AND SUNSET
SEPTEMBER 30 2014.....SUNRISE   628 AM EDT   SUNSET   613 PM EDT
OCTOBER  1 2014.......SUNRISE   630 AM EDT   SUNSET   611 PM EDT


-  INDICATES NEGATIVE NUMBERS.
R  INDICATES RECORD WAS SET OR TIED.
MM INDICATES DATA IS MISSING.
T  INDICATES TRACE AMOUNT.




$$





U.S. Dept. of Commerce
NOAA National Weather Service
1325 East West Highway
Silver Spring, MD 20910
E-mail: w-nws.webmaster@noaa.gov
Page last modified: May 16, 2007
NATIONAL WEATHER SERVICE: for Safety, for Work, for Fun - FOR LIFE