842
CDUS41 KCAR 240528
CLIHUL


CLIMATE REPORT
NATIONAL WEATHER SERVICE CARIBOU, ME
127 AM EDT THU APR 24 2014


...................................

...THE HOULTON ME CLIMATE SUMMARY FOR APRIL 23 2014...

CLIMATE NORMAL PERIOD 1981 TO 2010
CLIMATE RECORD PERIOD 1948 TO 2014


WEATHER ITEM   OBSERVED TIME   RECORD YEAR NORMAL DEPARTURE LAST
                VALUE   (LST)  VALUE       VALUE  FROM      YEAR
                                                  NORMAL
..................................................................
TEMPERATURE (F)
 YESTERDAY
  MAXIMUM         50    103 PM  79    2007  54     -4       55
  MINIMUM         34   1159 PM  20    1985  31      3       24
  AVERAGE         42                        43     -1       40

PRECIPITATION (IN)
  YESTERDAY        0.54          1.32 2012   0.14   0.40     0.00
  MONTH TO DATE    2.96                      2.94   0.02     1.30
  SINCE MAR 1      5.44                      5.53  -0.09     3.07
  SINCE JAN 1     11.02                     10.39   0.63     5.47

SNOWFALL (IN)
  YESTERDAY       MM             3.2  1956   0.2   MM       MM
  MONTH TO DATE    0.0                       5.5   -5.5     MM
  SINCE MAR 1      0.0                      23.3  -23.3     MM
  SINCE JUL 1      0.0                      88.9  -88.9     MM
  SNOW DEPTH      MM

DEGREE DAYS
 HEATING
  YESTERDAY       23                        22      1       25
  MONTH TO DATE  623                       633    -10      668
  SINCE MAR 1   2124                      1856    268     1743
  SINCE JUL 1   8714                      8429    285     7848

 COOLING
  YESTERDAY        0                         0      0        0
  MONTH TO DATE    0                         0      0        0
  SINCE MAR 1      0                         0      0        0
  SINCE JAN 1      0                         0      0        0
..................................................................


WIND (MPH)
  HIGHEST WIND SPEED    15   HIGHEST WIND DIRECTION     N (340)
  HIGHEST GUST SPEED    20   HIGHEST GUST DIRECTION     N (360)
  AVERAGE WIND SPEED     7.1


SKY COVER
  POSSIBLE SUNSHINE  MM
  AVERAGE SKY COVER 1.0


WEATHER CONDITIONS
 THE FOLLOWING WEATHER WAS RECORDED YESTERDAY.
  RAIN
  LIGHT RAIN
  FOG


RELATIVE HUMIDITY (PERCENT)
 HIGHEST   100           700 AM
 LOWEST     86           100 PM
 AVERAGE    93

..........................................................


THE HOULTON ME CLIMATE NORMALS FOR TODAY
                         NORMAL    RECORD    YEAR
 MAXIMUM TEMPERATURE (F)   55        82      1942
 MINIMUM TEMPERATURE (F)   32        17      1985


SUNRISE AND SUNSET
APRIL 24 2014.........SUNRISE   529 AM EDT   SUNSET   730 PM EDT
APRIL 25 2014.........SUNRISE   528 AM EDT   SUNSET   732 PM EDT


-  INDICATES NEGATIVE NUMBERS.
R  INDICATES RECORD WAS SET OR TIED.
MM INDICATES DATA IS MISSING.
T  INDICATES TRACE AMOUNT.




$$





U.S. Dept. of Commerce
NOAA National Weather Service
1325 East West Highway
Silver Spring, MD 20910
E-mail: w-nws.webmaster@noaa.gov
Page last modified: May 16, 2007
NATIONAL WEATHER SERVICE: for Safety, for Work, for Fun - FOR LIFE