206
CDUS41 KCAR 270532
CLIHUL


CLIMATE REPORT
NATIONAL WEATHER SERVICE CARIBOU, ME
1232 AM EST TUE JAN 27 2015


...................................

...THE HOULTON ME CLIMATE SUMMARY FOR JANUARY 26 2015...

CLIMATE NORMAL PERIOD 1981 TO 2010
CLIMATE RECORD PERIOD 1948 TO 2015


WEATHER ITEM   OBSERVED TIME   RECORD YEAR NORMAL DEPARTURE LAST
                VALUE   (LST)  VALUE       VALUE  FROM      YEAR
                                                  NORMAL
..................................................................
TEMPERATURE (F)
 YESTERDAY
  MAXIMUM         11    314 PM  51    1950  22    -11       32
  MINIMUM         -4    749 AM -36    2009   0     -4       -7
  AVERAGE          4                        11     -7       13

PRECIPITATION (IN)
  YESTERDAY        0.00          1.20 1988   0.09  -0.09     0.06
  MONTH TO DATE    1.21                      2.42  -1.21     3.89
  SINCE DEC 1      6.71                      5.71   1.00     6.26
  SINCE JAN 1      1.21                      2.42  -1.21     3.89

SNOWFALL (IN)
  YESTERDAY       MM             9.8  1988   0.7   MM       MM
  MONTH TO DATE   MM                        19.7   MM       MM
  SINCE DEC 1     MM                        36.1   MM       MM
  SINCE JUL 1     MM                        44.2   MM       MM
  SNOW DEPTH      MM

DEGREE DAYS
 HEATING
  YESTERDAY       61                        54      7       52
  MONTH TO DATE 1415                      1386     29     1300
  SINCE DEC 1   2659                      2798   -139     2861
  SINCE JUL 1   4556                      4906   -350     4862

 COOLING
  YESTERDAY        0                         0      0        0
  MONTH TO DATE    0                         0      0        0
  SINCE DEC 1      0                         0      0        0
  SINCE JAN 1      0                         0      0        0
..................................................................


WIND (MPH)
  HIGHEST WIND SPEED    15   HIGHEST WIND DIRECTION     W (290)
  HIGHEST GUST SPEED    23   HIGHEST GUST DIRECTION     W (290)
  AVERAGE WIND SPEED     5.9


SKY COVER
  POSSIBLE SUNSHINE  MM
  AVERAGE SKY COVER 0.0


WEATHER CONDITIONS
 THE FOLLOWING WEATHER WAS RECORDED YESTERDAY.
  NO SIGNIFICANT WEATHER WAS OBSERVED.


RELATIVE HUMIDITY (PERCENT)
 HIGHEST    71           800 PM
 LOWEST     41           100 PM
 AVERAGE    56

..........................................................


THE HOULTON ME CLIMATE NORMALS FOR TODAY
                         NORMAL    RECORD    YEAR
 MAXIMUM TEMPERATURE (F)   22        49      1976
 MINIMUM TEMPERATURE (F)    0       -21      2009
                                             2008


SUNRISE AND SUNSET
JANUARY 27 2015.......SUNRISE   700 AM EST   SUNSET   429 PM EST
JANUARY 28 2015.......SUNRISE   659 AM EST   SUNSET   430 PM EST


-  INDICATES NEGATIVE NUMBERS.
R  INDICATES RECORD WAS SET OR TIED.
MM INDICATES DATA IS MISSING.
T  INDICATES TRACE AMOUNT.




$$





U.S. Dept. of Commerce
NOAA National Weather Service
1325 East West Highway
Silver Spring, MD 20910
E-mail: w-nws.webmaster@noaa.gov
Page last modified: May 16, 2007
NATIONAL WEATHER SERVICE: for Safety, for Work, for Fun - FOR LIFE