941
CDUS41 KCAR 230528
CLIHUL


CLIMATE REPORT
NATIONAL WEATHER SERVICE CARIBOU, ME
1228 AM EST SUN NOV 23 2014


...................................

...THE HOULTON ME CLIMATE SUMMARY FOR NOVEMBER 22 2014...

CLIMATE NORMAL PERIOD 1981 TO 2010
CLIMATE RECORD PERIOD 1948 TO 2014


WEATHER ITEM   OBSERVED TIME   RECORD YEAR NORMAL DEPARTURE LAST
                VALUE   (LST)  VALUE       VALUE  FROM      YEAR
                                                  NORMAL
..................................................................
TEMPERATURE (F)
 YESTERDAY
  MAXIMUM         30   1159 PM  57    2005  38     -8       38
  MINIMUM         13    732 AM  -5    1978  22     -9       18
  AVERAGE         22                        30     -8       28

PRECIPITATION (IN)
  YESTERDAY        T             2.12 2005   0.13  -0.13      T
  MONTH TO DATE    1.52                      2.97  -1.45     1.84
  SINCE SEP 1      8.64                     10.03  -1.39    10.47
  SINCE JAN 1     36.30                     35.65   0.65    38.00

SNOWFALL (IN)
  YESTERDAY       MM            MM      MM   0.3   MM       MM
  MONTH TO DATE   MM                         4.0   MM       MM
  SINCE SEP 1     MM                         4.7   MM       MM
  SINCE JUL 1     MM                         4.7   MM       MM
  SNOW DEPTH      MM

DEGREE DAYS
 HEATING
  YESTERDAY       43                        35      8       37
  MONTH TO DATE  722                       676     46      659
  SINCE SEP 1   1531                      1656   -125     1537
  SINCE JUL 1   1616                      1812   -196     1670

 COOLING
  YESTERDAY        0                         0      0        0
  MONTH TO DATE    0                         0      0        0
  SINCE SEP 1     30                        13     17       19
  SINCE JAN 1    233                       191     42      198
..................................................................


WIND (MPH)
  HIGHEST WIND SPEED    16   HIGHEST WIND DIRECTION    SW (210)
  HIGHEST GUST SPEED    24   HIGHEST GUST DIRECTION    SW (210)
  AVERAGE WIND SPEED     8.9


SKY COVER
  POSSIBLE SUNSHINE  MM
  AVERAGE SKY COVER 0.6


WEATHER CONDITIONS
 THE FOLLOWING WEATHER WAS RECORDED YESTERDAY.
  LIGHT SNOW


RELATIVE HUMIDITY (PERCENT)
 HIGHEST    70           400 AM
 LOWEST     55           300 PM
 AVERAGE    63

..........................................................


THE HOULTON ME CLIMATE NORMALS FOR TODAY
                         NORMAL    RECORD    YEAR
 MAXIMUM TEMPERATURE (F)   37        60      1953
 MINIMUM TEMPERATURE (F)   22        -8      1989


SUNRISE AND SUNSET
NOVEMBER 23 2014......SUNRISE   643 AM EST   SUNSET   352 PM EST
NOVEMBER 24 2014......SUNRISE   644 AM EST   SUNSET   351 PM EST


-  INDICATES NEGATIVE NUMBERS.
R  INDICATES RECORD WAS SET OR TIED.
MM INDICATES DATA IS MISSING.
T  INDICATES TRACE AMOUNT.




$$





U.S. Dept. of Commerce
NOAA National Weather Service
1325 East West Highway
Silver Spring, MD 20910
E-mail: w-nws.webmaster@noaa.gov
Page last modified: May 16, 2007
NATIONAL WEATHER SERVICE: for Safety, for Work, for Fun - FOR LIFE