644
CDUS41 KCAR 270527
CLIHUL


CLIMATE REPORT
NATIONAL WEATHER SERVICE CARIBOU, ME
1226 AM EST THU NOV 27 2014


...................................

...THE HOULTON ME CLIMATE SUMMARY FOR NOVEMBER 26 2014...

CLIMATE NORMAL PERIOD 1981 TO 2010
CLIMATE RECORD PERIOD 1948 TO 2014


WEATHER ITEM   OBSERVED TIME   RECORD YEAR NORMAL DEPARTURE LAST
                VALUE   (LST)  VALUE       VALUE  FROM      YEAR
                                                  NORMAL
..................................................................
TEMPERATURE (F)
 YESTERDAY
  MAXIMUM         44    158 AM  62    1953  36      8       33
  MINIMUM         28   1159 PM  -3    1938  20      8       19
  AVERAGE         36                        28      8       26

PRECIPITATION (IN)
  YESTERDAY        0.15          2.75 1974   0.13   0.02     0.03
  MONTH TO DATE    2.01                      3.50  -1.49     1.92
  SINCE SEP 1      9.13                     10.56  -1.43    10.55
  SINCE JAN 1     36.79                     36.18   0.61    38.08

SNOWFALL (IN)
  YESTERDAY       MM            22.3  1974   0.4   MM       MM
  MONTH TO DATE   MM                         5.7   MM       MM
  SINCE SEP 1     MM                         6.4   MM       MM
  SINCE JUL 1     MM                         6.4   MM       MM
  SNOW DEPTH      MM

DEGREE DAYS
 HEATING
  YESTERDAY       29                        37     -8       39
  MONTH TO DATE  813                       820     -7      830
  SINCE SEP 1   1622                      1800   -178     1708
  SINCE JUL 1   1707                      1956   -249     1841

 COOLING
  YESTERDAY        0                         0      0        0
  MONTH TO DATE    0                         0      0        0
  SINCE SEP 1     30                        13     17       19
  SINCE JAN 1    233                       191     42      198
..................................................................


WIND (MPH)
  HIGHEST WIND SPEED    25   HIGHEST WIND DIRECTION     W (260)
  HIGHEST GUST SPEED    34   HIGHEST GUST DIRECTION     W (250)
  AVERAGE WIND SPEED     8.6


SKY COVER
  POSSIBLE SUNSHINE  MM
  AVERAGE SKY COVER 0.5


WEATHER CONDITIONS
 THE FOLLOWING WEATHER WAS RECORDED YESTERDAY.
  SNOW
  LIGHT SNOW
  FOG


RELATIVE HUMIDITY (PERCENT)
 HIGHEST    92           700 PM
 LOWEST     44           400 AM
 AVERAGE    68

..........................................................


THE HOULTON ME CLIMATE NORMALS FOR TODAY
                         NORMAL    RECORD    YEAR
 MAXIMUM TEMPERATURE (F)   36        60      1999
 MINIMUM TEMPERATURE (F)   20        -8      1975


SUNRISE AND SUNSET
NOVEMBER 27 2014......SUNRISE   648 AM EST   SUNSET   349 PM EST
NOVEMBER 28 2014......SUNRISE   649 AM EST   SUNSET   349 PM EST


-  INDICATES NEGATIVE NUMBERS.
R  INDICATES RECORD WAS SET OR TIED.
MM INDICATES DATA IS MISSING.
T  INDICATES TRACE AMOUNT.




$$





U.S. Dept. of Commerce
NOAA National Weather Service
1325 East West Highway
Silver Spring, MD 20910
E-mail: w-nws.webmaster@noaa.gov
Page last modified: May 16, 2007
NATIONAL WEATHER SERVICE: for Safety, for Work, for Fun - FOR LIFE