920
CDUS41 KCAR 180528
CLIHUL


CLIMATE REPORT
NATIONAL WEATHER SERVICE CARIBOU, ME
127 AM EDT FRI APR 18 2014


...................................

...THE HOULTON ME CLIMATE SUMMARY FOR APRIL 17 2014...

CLIMATE NORMAL PERIOD 1981 TO 2010
CLIMATE RECORD PERIOD 1948 TO 2014


WEATHER ITEM   OBSERVED TIME   RECORD YEAR NORMAL DEPARTURE LAST
                VALUE   (LST)  VALUE       VALUE  FROM      YEAR
                                                  NORMAL
..................................................................
TEMPERATURE (F)
 YESTERDAY
  MAXIMUM         41    404 PM  80    2012  51    -10       55
  MINIMUM         10    506 AM   8    2003  29    -19       25
  AVERAGE         26                        40    -14       40

PRECIPITATION (IN)
  YESTERDAY        0.00          0.99 1954   0.12  -0.12     0.00
  MONTH TO DATE    2.29                      2.17   0.12     0.92
  SINCE MAR 1      4.77                      4.76   0.01     2.69
  SINCE JAN 1     10.35                      9.62   0.73     5.09

SNOWFALL (IN)
  YESTERDAY        0.0           4.9  1953   0.3   -0.3     MM
  MONTH TO DATE    0.0                       4.6   -4.6     MM
  SINCE MAR 1      0.0                      22.4  -22.4     MM
  SINCE JUL 1      0.0                      88.0  -88.0     MM
  SNOW DEPTH      MM

DEGREE DAYS
 HEATING
  YESTERDAY       39                        25     14       25
  MONTH TO DATE  476                       492    -16      530
  SINCE MAR 1   1977                      1715    262     1605
  SINCE JUL 1   8567                      8288    279     7710

 COOLING
  YESTERDAY        0                         0      0        0
  MONTH TO DATE    0                         0      0        0
  SINCE MAR 1      0                         0      0        0
  SINCE JAN 1      0                         0      0        0
..................................................................


WIND (MPH)
  HIGHEST WIND SPEED     9   HIGHEST WIND DIRECTION    SE (140)
  HIGHEST GUST SPEED    13   HIGHEST GUST DIRECTION    SE (150)
  AVERAGE WIND SPEED     2.7


SKY COVER
  POSSIBLE SUNSHINE  MM
  AVERAGE SKY COVER 0.0


WEATHER CONDITIONS
 THE FOLLOWING WEATHER WAS RECORDED YESTERDAY.
  NO SIGNIFICANT WEATHER WAS OBSERVED.


RELATIVE HUMIDITY (PERCENT)
 HIGHEST    88           200 AM
 LOWEST     25           300 PM
 AVERAGE    57

..........................................................


THE HOULTON ME CLIMATE NORMALS FOR TODAY
                         NORMAL    RECORD    YEAR
 MAXIMUM TEMPERATURE (F)   51        68      1973
 MINIMUM TEMPERATURE (F)   30         6      2003


SUNRISE AND SUNSET
APRIL 18 2014.........SUNRISE   540 AM EDT   SUNSET   722 PM EDT
APRIL 19 2014.........SUNRISE   538 AM EDT   SUNSET   724 PM EDT


-  INDICATES NEGATIVE NUMBERS.
R  INDICATES RECORD WAS SET OR TIED.
MM INDICATES DATA IS MISSING.
T  INDICATES TRACE AMOUNT.




$$





U.S. Dept. of Commerce
NOAA National Weather Service
1325 East West Highway
Silver Spring, MD 20910
E-mail: w-nws.webmaster@noaa.gov
Page last modified: May 16, 2007
NATIONAL WEATHER SERVICE: for Safety, for Work, for Fun - FOR LIFE