004
CDUS43 KIND 230536
CLIHUF


CLIMATE REPORT
NATIONAL WEATHER SERVICE INDIANAPOLIS IN
136 AM EDT WED APR 23 2014


...................................

...THE TERRE HAUTE IN CLIMATE SUMMARY FOR APRIL 22 2014...

CLIMATE NORMAL PERIOD 1981 TO 2010
CLIMATE RECORD PERIOD 9999 TO 9999


WEATHER ITEM   OBSERVED TIME   NORMAL DEPARTURE LAST
                VALUE   (LST)  VALUE  FROM      YEAR
                                      NORMAL
......................................................
TEMPERATURE (F)
 YESTERDAY
  MAXIMUM         65    511 PM  66     -1       69
  MINIMUM         44   1133 PM  44      0       34
  AVERAGE         55            55      0       52

PRECIPITATION (IN)
  YESTERDAY        0.00          0.15  -0.15     0.00
  MONTH TO DATE    4.69          2.48   2.21     5.15
  SINCE MAR 1      6.44          5.85   0.59     6.68
  SINCE JAN 1     10.47         10.14   0.33    14.33

DEGREE DAYS
 HEATING
  YESTERDAY       10            10      0       13
  MONTH TO DATE  274           295    -21      286
  SINCE MAR 1   1136           986    150     1170
  SINCE JUL 1   5871          5149    722     5091

 COOLING
  YESTERDAY        0             1     -1        0
  MONTH TO DATE    3             8     -5        5
  SINCE MAR 1      3             9     -6        5
  SINCE JAN 1      3             9     -6        5
......................................................


WIND (MPH)
  HIGHEST WIND SPEED    22   HIGHEST WIND DIRECTION     N (360)
  HIGHEST GUST SPEED    29   HIGHEST GUST DIRECTION     N (10)
  AVERAGE WIND SPEED    10.2


SKY COVER
  AVERAGE SKY COVER 0.2


WEATHER CONDITIONS
 THE FOLLOWING WEATHER WAS RECORDED YESTERDAY.
  FOG


RELATIVE HUMIDITY (PERCENT)
 HIGHEST    93           200 AM
 LOWEST     34           400 PM
 AVERAGE    64

..........................................................


THE TERRE HAUTE IN CLIMATE NORMALS FOR TODAY
                         NORMAL
 MAXIMUM TEMPERATURE (F)   67
 MINIMUM TEMPERATURE (F)   45


SUNRISE AND SUNSET
APRIL 23 2014.........SUNRISE   701 AM EDT   SUNSET   835 PM EDT
APRIL 24 2014.........SUNRISE   659 AM EDT   SUNSET   836 PM EDT


-  INDICATES NEGATIVE NUMBERS.
R  INDICATES RECORD WAS SET OR TIED.
MM INDICATES DATA IS MISSING.
T  INDICATES TRACE AMOUNT.




$$






U.S. Dept. of Commerce
NOAA National Weather Service
1325 East West Highway
Silver Spring, MD 20910
E-mail: w-nws.webmaster@noaa.gov
Page last modified: May 16, 2007
NATIONAL WEATHER SERVICE: for Safety, for Work, for Fun - FOR LIFE