308
CDUS43 KIND 300530
CLIHUF


CLIMATE REPORT
NATIONAL WEATHER SERVICE INDIANAPOLIS IN
130 AM EDT THU OCT 30 2014


...................................

...THE TERRE HAUTE IN CLIMATE SUMMARY FOR OCTOBER 29 2014...

CLIMATE NORMAL PERIOD 1981 TO 2010
CLIMATE RECORD PERIOD 9999 TO 9999


WEATHER ITEM   OBSERVED TIME   NORMAL DEPARTURE LAST
                VALUE   (LST)  VALUE  FROM      YEAR
                                      NORMAL
......................................................
TEMPERATURE (F)
 YESTERDAY
  MAXIMUM         53    334 PM  61     -8       56
  MINIMUM         37   1153 PM  39     -2       32
  AVERAGE         45            50     -5       44

PRECIPITATION (IN)
  YESTERDAY        0.00          0.10  -0.10     0.13
  MONTH TO DATE    7.19          3.37   3.82     1.79
  SINCE SEP 1     10.18          6.79   3.39     2.99
  SINCE JAN 1     38.31         38.07   0.24    36.02

DEGREE DAYS
 HEATING
  YESTERDAY       20            15      5       21
  MONTH TO DATE  292           318    -26      334
  SINCE SEP 1    386           391     -5      387
  SINCE JUL 1    397           396      1      397

 COOLING
  YESTERDAY        0             0      0        0
  MONTH TO DATE   12            12      0       33
  SINCE SEP 1     88           111    -23      181
  SINCE JAN 1    939           990    -51     1056
......................................................


WIND (MPH)
  HIGHEST WIND SPEED    18   HIGHEST WIND DIRECTION     W (260)
  HIGHEST GUST SPEED    25   HIGHEST GUST DIRECTION     W (260)
  AVERAGE WIND SPEED     7.0


SKY COVER
  AVERAGE SKY COVER 0.3


WEATHER CONDITIONS
 THE FOLLOWING WEATHER WAS RECORDED YESTERDAY.
  NO SIGNIFICANT WEATHER WAS OBSERVED.


RELATIVE HUMIDITY (PERCENT)
 HIGHEST    79           700 AM
 LOWEST     54          1200 PM
 AVERAGE    67

..........................................................


THE TERRE HAUTE IN CLIMATE NORMALS FOR TODAY
                         NORMAL
 MAXIMUM TEMPERATURE (F)   60
 MINIMUM TEMPERATURE (F)   39


SUNRISE AND SUNSET
OCTOBER 30 2014.......SUNRISE   815 AM EDT   SUNSET   650 PM EDT
OCTOBER 31 2014.......SUNRISE   816 AM EDT   SUNSET   649 PM EDT


-  INDICATES NEGATIVE NUMBERS.
R  INDICATES RECORD WAS SET OR TIED.
MM INDICATES DATA IS MISSING.
T  INDICATES TRACE AMOUNT.




$$





U.S. Dept. of Commerce
NOAA National Weather Service
1325 East West Highway
Silver Spring, MD 20910
E-mail: w-nws.webmaster@noaa.gov
Page last modified: May 16, 2007
NATIONAL WEATHER SERVICE: for Safety, for Work, for Fun - FOR LIFE