749
CDUS43 KIND 200531
CLIHUF


CLIMATE REPORT
NATIONAL WEATHER SERVICE INDIANAPOLIS IN
130 AM EDT SUN APR 20 2014


...................................

...THE TERRE HAUTE IN CLIMATE SUMMARY FOR APRIL 19 2014...

CLIMATE NORMAL PERIOD 1981 TO 2010
CLIMATE RECORD PERIOD 9999 TO 9999


WEATHER ITEM   OBSERVED TIME   NORMAL DEPARTURE LAST
                VALUE   (LST)  VALUE  FROM      YEAR
                                      NORMAL
......................................................
TEMPERATURE (F)
 YESTERDAY
  MAXIMUM         72    419 PM  65      7       49
  MINIMUM         39    507 AM  43     -4       34
  AVERAGE         56            54      2       42

PRECIPITATION (IN)
  YESTERDAY        0.00          0.13  -0.13     0.41
  MONTH TO DATE    4.65          2.07   2.58     5.15
  SINCE MAR 1      6.40          5.44   0.96     6.68
  SINCE JAN 1     10.43          9.73   0.70    14.33

DEGREE DAYS
 HEATING
  YESTERDAY        9            11     -2       23
  MONTH TO DATE  255           263     -8      229
  SINCE MAR 1   1117           954    163     1113
  SINCE JUL 1   5852          5117    735     5034

 COOLING
  YESTERDAY        0             1     -1        0
  MONTH TO DATE    3             5     -2        5
  SINCE MAR 1      3             6     -3        5
  SINCE JAN 1      3             6     -3        5
......................................................


WIND (MPH)
  HIGHEST WIND SPEED    16   HIGHEST WIND DIRECTION    NE (60)
  HIGHEST GUST SPEED    25   HIGHEST GUST DIRECTION     E (70)
  AVERAGE WIND SPEED     7.4


SKY COVER
  AVERAGE SKY COVER 0.0


WEATHER CONDITIONS
 THE FOLLOWING WEATHER WAS RECORDED YESTERDAY.
  NO SIGNIFICANT WEATHER WAS OBSERVED.


RELATIVE HUMIDITY (PERCENT)
 HIGHEST    76           700 AM
 LOWEST     27           300 PM
 AVERAGE    52

..........................................................


THE TERRE HAUTE IN CLIMATE NORMALS FOR TODAY
                         NORMAL
 MAXIMUM TEMPERATURE (F)   66
 MINIMUM TEMPERATURE (F)   44


SUNRISE AND SUNSET
APRIL 20 2014.........SUNRISE   705 AM EDT   SUNSET   832 PM EDT
APRIL 21 2014.........SUNRISE   703 AM EDT   SUNSET   833 PM EDT


-  INDICATES NEGATIVE NUMBERS.
R  INDICATES RECORD WAS SET OR TIED.
MM INDICATES DATA IS MISSING.
T  INDICATES TRACE AMOUNT.




$$





U.S. Dept. of Commerce
NOAA National Weather Service
1325 East West Highway
Silver Spring, MD 20910
E-mail: w-nws.webmaster@noaa.gov
Page last modified: May 16, 2007
NATIONAL WEATHER SERVICE: for Safety, for Work, for Fun - FOR LIFE