159
CDUS41 KRLX 190716
CLIHTS


CLIMATE REPORT
NATIONAL WEATHER SERVICE CHARLESTON WV
316 AM EDT SAT APR 19 2014


...................................

...THE HUNTINGTON WV CLIMATE SUMMARY FOR APRIL 18 2014...

CLIMATE NORMAL PERIOD 1981 TO 2010
CLIMATE RECORD PERIOD 1897 TO 2014


WEATHER ITEM   OBSERVED TIME   RECORD YEAR NORMAL DEPARTURE LAST
                VALUE   (LST)  VALUE       VALUE  FROM      YEAR
                                                  NORMAL
..................................................................
TEMPERATURE (F)
 YESTERDAY
  MAXIMUM         73    357 PM  89    1955  69      4       86
  MINIMUM         50    534 AM  27    1905  45      5       57
  AVERAGE         62                        57      5       72

PRECIPITATION (IN)
  YESTERDAY        0.00          1.39 1938   0.11  -0.11     0.00
  MONTH TO DATE    1.27                      2.00  -0.73     1.74
  SINCE JAN 1     11.74                     11.94  -0.20    11.31

SNOWFALL (IN)
  YESTERDAY        0.0
  MONTH TO DATE    T
  SINCE SEP 1     36.8
  SNOW DEPTH       0

DEGREE DAYS
 HEATING
  YESTERDAY        3                         9     -6        0
  MONTH TO DATE  148                       204    -56      149
  SINCE MAR 1    888                       800     88      910
  SINCE JUL 1   4649                      4301    348     4325

 COOLING
  YESTERDAY        0                         1     -1        7
  MONTH TO DATE   14                        17     -3       43
  SINCE MAR 1     14                        22     -8       43
  SINCE JAN 1     14                        22     -8       43
..................................................................


WIND (MPH)
  HIGHEST WIND SPEED    13   HIGHEST WIND DIRECTION     N (350)
  HIGHEST GUST SPEED    17   HIGHEST GUST DIRECTION     S (190)
  AVERAGE WIND SPEED     5.0


SKY COVER
  POSSIBLE SUNSHINE  MM


WEATHER CONDITIONS
 THE FOLLOWING WEATHER WAS RECORDED YESTERDAY.
  NO SIGNIFICANT WEATHER WAS OBSERVED.


RELATIVE HUMIDITY (PERCENT)
 HIGHEST    40          1100 PM
 LOWEST     24           400 PM
 AVERAGE    32

..........................................................


THE HUNTINGTON WV CLIMATE NORMALS FOR TODAY
                         NORMAL    RECORD    YEAR
 MAXIMUM TEMPERATURE (F)   69        89      2002
                                             1955
                                             1941
 MINIMUM TEMPERATURE (F)   46        27      1983


SUNRISE AND SUNSET
APRIL 19 2014.........SUNRISE   649 AM EDT   SUNSET   810 PM EDT
APRIL 20 2014.........SUNRISE   647 AM EDT   SUNSET   811 PM EDT


-  INDICATES NEGATIVE NUMBERS.
R  INDICATES RECORD WAS SET OR TIED.
MM INDICATES DATA IS MISSING.
T  INDICATES TRACE AMOUNT.




$$





U.S. Dept. of Commerce
NOAA National Weather Service
1325 East West Highway
Silver Spring, MD 20910
E-mail: w-nws.webmaster@noaa.gov
Page last modified: May 16, 2007
NATIONAL WEATHER SERVICE: for Safety, for Work, for Fun - FOR LIFE