559
CDUS41 KRLX 232228
CLIHTS


CLIMATE REPORT
NATIONAL WEATHER SERVICE CHARLESTON WV
524 PM EST SUN NOV 23 2014


...................................

...THE HUNTINGTON WV CLIMATE SUMMARY FOR NOVEMBER 23 2014...
VALID TODAY AS OF 0500 PM LOCAL TIME.

CLIMATE NORMAL PERIOD 1981 TO 2010
CLIMATE RECORD PERIOD 1897 TO 2014


WEATHER ITEM   OBSERVED TIME   RECORD YEAR NORMAL DEPARTURE LAST
                VALUE   (LST)  VALUE       VALUE  FROM      YEAR
                                                  NORMAL
..................................................................
TEMPERATURE (F)
 TODAY
  MAXIMUM         66    137 PM  78    1931  53     13       44
  MINIMUM         42    400 AM  12    1956  35      7       27
  AVERAGE         54                        44     10       36

PRECIPITATION (IN)
  TODAY            T             0.97 1942   0.12  -0.12      T
  MONTH TO DATE    1.89                      2.62  -0.73     2.12
  SINCE SEP 1     10.44                      8.21   2.23     5.94
  SINCE JAN 1     44.78                     38.46   6.32    38.36

DEGREE DAYS
 HEATING
  TODAY           11                        21    -10       29
  MONTH TO DATE  571                       392    179      405
  SINCE SEP 1    928                       729    199      704
  SINCE JUL 1    931                       731    200      708

 COOLING
  TODAY            0                         0      0        0
  MONTH TO DATE    0                         0      0        1
  SINCE SEP 1    130                       155    -25      183
  SINCE JAN 1    971                      1132   -161     1215
..................................................................


WIND (MPH)
  HIGHEST WIND SPEED    15   HIGHEST WIND DIRECTION    SE (130)
  HIGHEST GUST SPEED    23   HIGHEST GUST DIRECTION    SE (140)
  AVERAGE WIND SPEED     5.6


SKY COVER
  POSSIBLE SUNSHINE  MM
  AVERAGE SKY COVER 0.7


WEATHER CONDITIONS
 THE FOLLOWING WEATHER WAS RECORDED TODAY.
  LIGHT RAIN


RELATIVE HUMIDITY (PERCENT)
 HIGHEST    80           500 PM
 LOWEST     36          1200 AM
 AVERAGE    58

..........................................................


THE HUNTINGTON WV CLIMATE NORMALS FOR TOMORROW
                         NORMAL    RECORD    YEAR
 MAXIMUM TEMPERATURE (F)   53        76      1931
 MINIMUM TEMPERATURE (F)   34         9      1950


SUNRISE AND SUNSET
NOVEMBER 23 2014......SUNRISE   720 AM EST   SUNSET   513 PM EST
NOVEMBER 24 2014......SUNRISE   721 AM EST   SUNSET   512 PM EST


-  INDICATES NEGATIVE NUMBERS.
R  INDICATES RECORD WAS SET OR TIED.
MM INDICATES DATA IS MISSING.
T  INDICATES TRACE AMOUNT.




$$






U.S. Dept. of Commerce
NOAA National Weather Service
1325 East West Highway
Silver Spring, MD 20910
E-mail: w-nws.webmaster@noaa.gov
Page last modified: May 16, 2007
NATIONAL WEATHER SERVICE: for Safety, for Work, for Fun - FOR LIFE