542
CDUS41 KRLX 010718
CLIHTS


CLIMATE REPORT
NATIONAL WEATHER SERVICE CHARLESTON WV
316 AM EDT SAT NOV 1 2014


...................................

...THE HUNTINGTON WV CLIMATE SUMMARY FOR OCTOBER 31 2014...

CLIMATE NORMAL PERIOD 1981 TO 2010
CLIMATE RECORD PERIOD 1897 TO 2014


WEATHER ITEM   OBSERVED TIME   RECORD YEAR NORMAL DEPARTURE LAST
                VALUE   (LST)  VALUE       VALUE  FROM      YEAR
                                                  NORMAL
..................................................................
TEMPERATURE (F)
 YESTERDAY
  MAXIMUM         48   1140 AM  84    1950  63    -15       72
  MINIMUM         35    532 AM  23    1906  41     -6       61
  AVERAGE         42                        52    -10       67

PRECIPITATION (IN)
  YESTERDAY        0.26          1.19 1942   0.10   0.16     0.02
  MONTH TO DATE    5.29                      2.81   2.48     2.10
  SINCE JAN 1     42.89                     35.84   7.05    36.24

SNOWFALL (IN)
  YESTERDAY        0.0
  MONTH TO DATE    0.0
  SINCE SEP 1      0.0
  SNOW DEPTH       0

DEGREE DAYS
 HEATING
  YESTERDAY       23                        13     10        0
  MONTH TO DATE  303                       280     23      265
  SINCE SEP 1    357                       337     20      299
  SINCE JUL 1    360                       339     21      303

 COOLING
  YESTERDAY        0                         0      0        2
  MONTH TO DATE   10                        21    -11       49
  SINCE SEP 1    130                       155    -25      182
  SINCE JAN 1    971                      1132   -161     1214
..................................................................


WIND (MPH)
  HIGHEST WIND SPEED    13   HIGHEST WIND DIRECTION    NW (300)
  HIGHEST GUST SPEED    19   HIGHEST GUST DIRECTION    NW (310)
  AVERAGE WIND SPEED     3.4


SKY COVER
  POSSIBLE SUNSHINE  MM


WEATHER CONDITIONS
 THE FOLLOWING WEATHER WAS RECORDED YESTERDAY.
  RAIN
  LIGHT RAIN
  FOG
  HAZE


RELATIVE HUMIDITY (PERCENT)
 HIGHEST   100           200 AM
 LOWEST     76          1100 AM
 AVERAGE    88

..........................................................


THE HUNTINGTON WV CLIMATE NORMALS FOR TODAY
                         NORMAL    RECORD    YEAR
 MAXIMUM TEMPERATURE (F)   63        84      1950
 MINIMUM TEMPERATURE (F)   41        22      1906


SUNRISE AND SUNSET
NOVEMBER  1 2014......SUNRISE   756 AM EDT   SUNSET   631 PM EDT
NOVEMBER  2 2014......SUNRISE   658 AM EST   SUNSET   529 PM EST


-  INDICATES NEGATIVE NUMBERS.
R  INDICATES RECORD WAS SET OR TIED.
MM INDICATES DATA IS MISSING.
T  INDICATES TRACE AMOUNT.




$$





U.S. Dept. of Commerce
NOAA National Weather Service
1325 East West Highway
Silver Spring, MD 20910
E-mail: w-nws.webmaster@noaa.gov
Page last modified: May 16, 2007
NATIONAL WEATHER SERVICE: for Safety, for Work, for Fun - FOR LIFE