398
CDUS41 KRLX 230729
CLIHTS


CLIMATE REPORT
NATIONAL WEATHER SERVICE CHARLESTON WV
321 AM EDT TUE SEP 23 2014


...................................

...THE HUNTINGTON WV CLIMATE SUMMARY FOR SEPTEMBER 22 2014...

CLIMATE NORMAL PERIOD 1981 TO 2010
CLIMATE RECORD PERIOD 1897 TO 2014


WEATHER ITEM   OBSERVED TIME   RECORD YEAR NORMAL DEPARTURE LAST
                VALUE   (LST)  VALUE       VALUE  FROM      YEAR
                                                  NORMAL
..................................................................
TEMPERATURE (F)
 YESTERDAY
  MAXIMUM         68    347 PM  96    1936  76     -8       68
                                      1931
  MINIMUM         50   1009 PM  38    1983  54     -4       51
  AVERAGE         59                        65     -6       60

PRECIPITATION (IN)
  YESTERDAY        0.00          1.36 1906   0.09  -0.09     0.00
  MONTH TO DATE    3.26                      2.09   1.17     1.70
  SINCE JAN 1     37.60                     32.34   5.26    34.12

SNOWFALL (IN)
  YESTERDAY        0.0
  MONTH TO DATE    0.0
  SINCE SEP 1      0.0
  SNOW DEPTH       0

DEGREE DAYS
 HEATING
  YESTERDAY        6                         3      3        5
  MONTH TO DATE   41                        23     18       22
  SINCE SEP 1     41                        23     18       22
  SINCE JUL 1     44                        25     19       26

 COOLING
  YESTERDAY        0                         3     -3        0
  MONTH TO DATE  108                       115     -7      126
  SINCE SEP 1    108                       115     -7      126
  SINCE JAN 1    949                      1092   -143     1158
..................................................................


WIND (MPH)
  HIGHEST WIND SPEED    13   HIGHEST WIND DIRECTION    NW (330)
  HIGHEST GUST SPEED    17   HIGHEST GUST DIRECTION    NW (320)
  AVERAGE WIND SPEED     3.8


SKY COVER
  POSSIBLE SUNSHINE  MM


WEATHER CONDITIONS
 THE FOLLOWING WEATHER WAS RECORDED YESTERDAY.
  HAZE


RELATIVE HUMIDITY (PERCENT)
 HIGHEST    89           600 AM
 LOWEST     45           400 PM
 AVERAGE    67

..........................................................


THE HUNTINGTON WV CLIMATE NORMALS FOR TODAY
                         NORMAL    RECORD    YEAR
 MAXIMUM TEMPERATURE (F)   76        96      1930
 MINIMUM TEMPERATURE (F)   53        36      1947


SUNRISE AND SUNSET
SEPTEMBER 23 2014.....SUNRISE   719 AM EDT   SUNSET   726 PM EDT
SEPTEMBER 24 2014.....SUNRISE   720 AM EDT   SUNSET   724 PM EDT


-  INDICATES NEGATIVE NUMBERS.
R  INDICATES RECORD WAS SET OR TIED.
MM INDICATES DATA IS MISSING.
T  INDICATES TRACE AMOUNT.




$$





U.S. Dept. of Commerce
NOAA National Weather Service
1325 East West Highway
Silver Spring, MD 20910
E-mail: w-nws.webmaster@noaa.gov
Page last modified: May 16, 2007
NATIONAL WEATHER SERVICE: for Safety, for Work, for Fun - FOR LIFE