541
CDUS43 KAPX 180543
CLIHTL


CLIMATE REPORT
NATIONAL WEATHER SERVICE GAYLORD MI
1242 AM EST THU DEC 18 2014


...................................

...THE HOUGHTON LAKE MI CLIMATE SUMMARY FOR DECEMBER 17 2014...

CLIMATE NORMAL PERIOD 1981 TO 2010
CLIMATE RECORD PERIOD 1913 TO 2014


WEATHER ITEM   OBSERVED TIME   RECORD YEAR NORMAL DEPARTURE LAST
                VALUE   (LST)  VALUE       VALUE  FROM      YEAR
                                                  NORMAL
..................................................................
TEMPERATURE (F)
 YESTERDAY
  MAXIMUM         33    114 AM  44    2006  30      3       24
                                      1959
  MINIMUM         25    517 PM -17    1919  17      8       11
  AVERAGE         29                        23      6       18

PRECIPITATION (IN)
  YESTERDAY        0.12          0.43 1921   0.05   0.07     0.06
  MONTH TO DATE    0.44                      0.98  -0.54     1.39
  SINCE DEC 1      0.44                      0.98  -0.54     1.39
  SINCE JAN 1     29.80                     28.08   1.72    29.89

SNOWFALL (IN)
  YESTERDAY        3.6 R         2.5  1961   0.5    3.1      1.3
  MONTH TO DATE    4.6                       8.7   -4.1     11.4
  SINCE OCT 1     17.5                      17.8   -0.3     15.2
  SINCE JUL 1     17.5                      17.8   -0.3     15.2
  SNOW DEPTH       T

DEGREE DAYS
 HEATING
  YESTERDAY       36                        42     -6       47
  MONTH TO DATE  623                       663    -40      785
  SINCE DEC 1    623                       663    -40      785
  SINCE JUL 1   2626                      2546     80     2650
..................................................................


WIND (MPH)
  HIGHEST WIND SPEED    21   HIGHEST WIND DIRECTION     W (290)
  HIGHEST GUST SPEED    27   HIGHEST GUST DIRECTION     W (290)
  AVERAGE WIND SPEED    12.7




RELATIVE HUMIDITY (PERCENT)
 HIGHEST    92
 LOWEST     75
 AVERAGE    84

..........................................................


THE HOUGHTON LAKE MI CLIMATE NORMALS FOR TODAY
                         NORMAL    RECORD    YEAR
 MAXIMUM TEMPERATURE (F)   30        51      1931
 MINIMUM TEMPERATURE (F)   17       -28      1926


SUNRISE AND SUNSET
DECEMBER 18 2014......SUNRISE   810 AM EST   SUNSET   501 PM EST
DECEMBER 19 2014......SUNRISE   810 AM EST   SUNSET   501 PM EST


-  INDICATES NEGATIVE NUMBERS.
R  INDICATES RECORD WAS SET OR TIED.
MM INDICATES DATA IS MISSING.
T  INDICATES TRACE AMOUNT.




$$





U.S. Dept. of Commerce
NOAA National Weather Service
1325 East West Highway
Silver Spring, MD 20910
E-mail: w-nws.webmaster@noaa.gov
Page last modified: May 16, 2007
NATIONAL WEATHER SERVICE: for Safety, for Work, for Fun - FOR LIFE