255
CDUS43 KAPX 020537
CLIHTL


CLIMATE REPORT
NATIONAL WEATHER SERVICE GAYLORD MI
136 AM EDT SAT AUG 2 2014


...................................

...THE HOUGHTON LAKE MI CLIMATE SUMMARY FOR AUGUST 1 2014...

CLIMATE NORMAL PERIOD 1981 TO 2010
CLIMATE RECORD PERIOD 1913 TO 2014


WEATHER ITEM   OBSERVED TIME   RECORD YEAR NORMAL DEPARTURE LAST
                VALUE   (LST)  VALUE       VALUE  FROM      YEAR
                                                  NORMAL
..................................................................
TEMPERATURE (F)
 YESTERDAY
  MAXIMUM         80    300 PM  98    1955  79      1       78
  MINIMUM         48    602 AM  32    1947  55     -7       53
                                      1918
  AVERAGE         64                        67     -3       66

PRECIPITATION (IN)
  YESTERDAY        0.00          0.81 2009   0.12  -0.12     0.01
  MONTH TO DATE    0.00                      0.12  -0.12     0.01
  SINCE JUN 1      5.29                      5.98  -0.69     2.44
  SINCE JAN 1     17.77                     15.84   1.93    18.38

DEGREE DAYS
 HEATING
  YESTERDAY        1                         2     -1        0
  MONTH TO DATE    1                         2     -1        0
  SINCE JUN 1    179                       173      6      147
  SINCE JUL 1    105                        49     56       45

 COOLING
  YESTERDAY        0                         3     -3        1
  MONTH TO DATE    0                         3     -3        1
  SINCE JUN 1    120                       174    -54      226
  SINCE JAN 1    135                       190    -55      266
..................................................................


WIND (MPH)
  HIGHEST WIND SPEED     8   HIGHEST WIND DIRECTION    SW (230)
  HIGHEST GUST SPEED    10   HIGHEST GUST DIRECTION     S (200)
  AVERAGE WIND SPEED     2.7




RELATIVE HUMIDITY (PERCENT)
 HIGHEST   100
 LOWEST     36
 AVERAGE    68

..........................................................


THE HOUGHTON LAKE MI CLIMATE NORMALS FOR TODAY
                         NORMAL    RECORD    YEAR
 MAXIMUM TEMPERATURE (F)   79        97      1938
 MINIMUM TEMPERATURE (F)   55        30      1927


SUNRISE AND SUNSET
AUGUST  2 2014........SUNRISE   627 AM EDT   SUNSET   902 PM EDT
AUGUST  3 2014........SUNRISE   628 AM EDT   SUNSET   901 PM EDT


-  INDICATES NEGATIVE NUMBERS.
R  INDICATES RECORD WAS SET OR TIED.
MM INDICATES DATA IS MISSING.
T  INDICATES TRACE AMOUNT.




$$





U.S. Dept. of Commerce
NOAA National Weather Service
1325 East West Highway
Silver Spring, MD 20910
E-mail: w-nws.webmaster@noaa.gov
Page last modified: May 16, 2007
NATIONAL WEATHER SERVICE: for Safety, for Work, for Fun - FOR LIFE