379
CDUS43 KAPX 300541
CLIHTL


CLIMATE REPORT
NATIONAL WEATHER SERVICE GAYLORD MI
1241 AM EST FRI JAN 30 2015


...................................

...THE HOUGHTON LAKE MI CLIMATE SUMMARY FOR JANUARY 29 2015...

CLIMATE NORMAL PERIOD 1981 TO 2010
CLIMATE RECORD PERIOD 1913 TO 2015


WEATHER ITEM   OBSERVED TIME   RECORD YEAR NORMAL DEPARTURE LAST
                VALUE   (LST)  VALUE       VALUE  FROM      YEAR
                                                  NORMAL
..................................................................
TEMPERATURE (F)
 YESTERDAY
  MAXIMUM         29    443 PM  48    2013  26      3       15
  MINIMUM         17   1159 PM -20    1925   9      8        2
  AVERAGE         23                        18      5        9

PRECIPITATION (IN)
  YESTERDAY        0.24          1.21 2013   0.04   0.20     0.01
  MONTH TO DATE    1.19                      1.42  -0.23     1.49
  SINCE DEC 1      2.62                      3.07  -0.45     3.69
  SINCE JAN 1      1.19                      1.42  -0.23     1.49

SNOWFALL (IN)
  YESTERDAY        2.6           4.3  2011   0.6    2.0       T
  MONTH TO DATE   11.8                      16.0   -4.2     13.7
  SINCE OCT 1     30.7                      41.0  -10.3     38.6
  SINCE JUL 1     30.7                      41.0  -10.3     38.6
  SNOW DEPTH       7

DEGREE DAYS
 HEATING
  YESTERDAY       42                        47     -5       56
  MONTH TO DATE 1439                      1360     79     1532
  SINCE DEC 1   2610                      2634    -24     2971
  SINCE JUL 1   4613                      4517     96     4836
..................................................................


WIND (MPH)
  HIGHEST WIND SPEED    28   HIGHEST WIND DIRECTION    NW (330)
  HIGHEST GUST SPEED    41   HIGHEST GUST DIRECTION    NW (330)
  AVERAGE WIND SPEED    10.9




RELATIVE HUMIDITY (PERCENT)
 HIGHEST    96
 LOWEST     50
 AVERAGE    73

..........................................................


THE HOUGHTON LAKE MI CLIMATE NORMALS FOR TODAY
                         NORMAL    RECORD    YEAR
 MAXIMUM TEMPERATURE (F)   26        46      1988
                                             1974
 MINIMUM TEMPERATURE (F)    9       -32      1951


SUNRISE AND SUNSET
JANUARY 30 2015.......SUNRISE   759 AM EST   SUNSET   545 PM EST
JANUARY 31 2015.......SUNRISE   758 AM EST   SUNSET   546 PM EST


-  INDICATES NEGATIVE NUMBERS.
R  INDICATES RECORD WAS SET OR TIED.
MM INDICATES DATA IS MISSING.
T  INDICATES TRACE AMOUNT.




$$





U.S. Dept. of Commerce
NOAA National Weather Service
1325 East West Highway
Silver Spring, MD 20910
E-mail: w-nws.webmaster@noaa.gov
Page last modified: May 16, 2007
NATIONAL WEATHER SERVICE: for Safety, for Work, for Fun - FOR LIFE