492
CDUS43 KAPX 200528
CLIHTL


CLIMATE REPORT
NATIONAL WEATHER SERVICE GAYLORD MI
128 AM EDT SAT SEP 20 2014


...................................

...THE HOUGHTON LAKE MI CLIMATE SUMMARY FOR SEPTEMBER 19 2014...

CLIMATE NORMAL PERIOD 1981 TO 2010
CLIMATE RECORD PERIOD 1913 TO 2014


WEATHER ITEM   OBSERVED TIME   RECORD YEAR NORMAL DEPARTURE LAST
                VALUE   (LST)  VALUE       VALUE  FROM      YEAR
                                                  NORMAL
..................................................................
TEMPERATURE (F)
 YESTERDAY
  MAXIMUM         65    328 PM  88    1932  68     -3       78
  MINIMUM         37    550 AM  20    1929  44     -7       59
  AVERAGE         51                        56     -5       69

PRECIPITATION (IN)
  YESTERDAY        0.00          1.43 1997   0.11  -0.11     0.31
  MONTH TO DATE    2.63                      1.95   0.68     0.83
  SINCE SEP 1      2.63                      1.95   0.68     0.83
  SINCE JAN 1     22.51                     21.07   1.44    20.93

DEGREE DAYS
 HEATING
  YESTERDAY       14                         9      5        0
  MONTH TO DATE  164                       126     38      129
  SINCE SEP 1    164                       126     38      129
  SINCE JUL 1    320                       253     67      254

 COOLING
  YESTERDAY        0                         0      0        4
  MONTH TO DATE   15                        18     -3       34
  SINCE SEP 1     15                        18     -3       34
  SINCE JAN 1    210                       283    -73      380
..................................................................


WIND (MPH)
  HIGHEST WIND SPEED    15   HIGHEST WIND DIRECTION     S (180)
  HIGHEST GUST SPEED    22   HIGHEST GUST DIRECTION     S (190)
  AVERAGE WIND SPEED     8.9




RELATIVE HUMIDITY (PERCENT)
 HIGHEST    92
 LOWEST     60
 AVERAGE    76

..........................................................


THE HOUGHTON LAKE MI CLIMATE NORMALS FOR TODAY
                         NORMAL    RECORD    YEAR
 MAXIMUM TEMPERATURE (F)   67        86      1998
                                             1940
                                             1931
 MINIMUM TEMPERATURE (F)   44        25      1937
                                             1929


SUNRISE AND SUNSET
SEPTEMBER 20 2014.....SUNRISE   723 AM EDT   SUNSET   740 PM EDT
SEPTEMBER 21 2014.....SUNRISE   725 AM EDT   SUNSET   738 PM EDT


-  INDICATES NEGATIVE NUMBERS.
R  INDICATES RECORD WAS SET OR TIED.
MM INDICATES DATA IS MISSING.
T  INDICATES TRACE AMOUNT.




$$





U.S. Dept. of Commerce
NOAA National Weather Service
1325 East West Highway
Silver Spring, MD 20910
E-mail: w-nws.webmaster@noaa.gov
Page last modified: May 16, 2007
NATIONAL WEATHER SERVICE: for Safety, for Work, for Fun - FOR LIFE