723
CDUS43 KAPX 212138
CLIHTL


CLIMATE REPORT
NATIONAL WEATHER SERVICE GAYLORD MI
536 PM EDT TUE OCT 21 2014


...................................

...THE HOUGHTON LAKE MI CLIMATE SUMMARY FOR OCTOBER 21 2014...
VALID TODAY AS OF 0500 PM LOCAL TIME.

CLIMATE NORMAL PERIOD 1981 TO 2010
CLIMATE RECORD PERIOD 1913 TO 2014


WEATHER ITEM   OBSERVED TIME   RECORD YEAR NORMAL DEPARTURE LAST
                VALUE   (LST)  VALUE       VALUE  FROM      YEAR
                                                  NORMAL
..................................................................
TEMPERATURE (F)
 TODAY
  MAXIMUM         52    234 PM  82    1947  54     -2       48
  MINIMUM         41   1008 AM  16    1918  34      7       35
  AVERAGE         47                        44      3       42

PRECIPITATION (IN)
  TODAY            T             1.15 1933   0.07  -0.07      T
  MONTH TO DATE    2.53                      1.77   0.76     2.26
  SINCE SEP 1      5.76                      4.87   0.89     4.07
  SINCE JAN 1     25.64                     23.99   1.65    24.17

SNOWFALL (IN)
  TODAY            0.0           1.9  1969   0.0              T
  MONTH TO DATE    0.0                       0.2              T
  SINCE OCT 1      0.0                       0.2              T
  SINCE JUL 1      0.0                       0.2              T

DEGREE DAYS
 HEATING
  TODAY           18                        21     -3       23
  MONTH TO DATE  333                       369    -36      278
  SINCE SEP 1    584                       623    -39      540
  SINCE JUL 1    740                       750    -10      665

 COOLING
  TODAY            0                         0      0        0
  MONTH TO DATE    0                         0      0        0
  SINCE SEP 1     15                        20     -5       35
  SINCE JAN 1    210                       285    -75      381
..................................................................


WIND (MPH)
  RESULTANT WIND SPEED   9   RESULTANT WIND DIRECTION   N (10)
  HIGHEST WIND SPEED    17   HIGHEST WIND DIRECTION     N (20)
  HIGHEST GUST SPEED    25   HIGHEST GUST DIRECTION     N (20)
  AVERAGE WIND SPEED     9.6


SKY COVER
  POSSIBLE SUNSHINE  MM
  AVERAGE SKY COVER 0.8


WEATHER CONDITIONS
 THE FOLLOWING WEATHER WAS RECORDED TODAY.
  LIGHT RAIN
  FOG


RELATIVE HUMIDITY (PERCENT)
 HIGHEST    92          1200 AM
 LOWEST     38           300 PM
 AVERAGE    65

..........................................................


THE HOUGHTON LAKE MI CLIMATE NORMALS FOR TOMORROW
                         NORMAL    RECORD    YEAR
 MAXIMUM TEMPERATURE (F)   53        81      1947
 MINIMUM TEMPERATURE (F)   34        14      1930
                                             1924


SUNRISE AND SUNSET
OCTOBER 21 2014.......SUNRISE   801 AM EDT   SUNSET   645 PM EDT
OCTOBER 22 2014.......SUNRISE   803 AM EDT   SUNSET   643 PM EDT


-  INDICATES NEGATIVE NUMBERS.
R  INDICATES RECORD WAS SET OR TIED.
MM INDICATES DATA IS MISSING.
T  INDICATES TRACE AMOUNT.




$$






U.S. Dept. of Commerce
NOAA National Weather Service
1325 East West Highway
Silver Spring, MD 20910
E-mail: w-nws.webmaster@noaa.gov
Page last modified: May 16, 2007
NATIONAL WEATHER SERVICE: for Safety, for Work, for Fun - FOR LIFE