041
CDUS44 KHUN 222122
CLIHSV


CLIMATE REPORT
NATIONAL WEATHER SERVICE HUNTSVILLE AL
422 PM CDT WED OCT 22 2014


...................................

...THE HUNTSVILLE CLIMATE SUMMARY FOR OCTOBER 22 2014...
VALID TODAY AS OF 0400 PM LOCAL TIME.

CLIMATE NORMAL PERIOD 1981 TO 2010
CLIMATE RECORD PERIOD 1894 TO 2014


WEATHER ITEM   OBSERVED TIME   RECORD YEAR NORMAL DEPARTURE LAST
                VALUE   (LST)  VALUE       VALUE  FROM      YEAR
                                                  NORMAL
..................................................................
TEMPERATURE (F)
 TODAY
  MAXIMUM         70    234 PM  88    1963  73     -3       69
  MINIMUM         46    608 AM  27    1952  49     -3       45
  AVERAGE         58                        61     -3       57

PRECIPITATION (IN)
  TODAY            0.00          2.75 1935   0.12  -0.12     0.00
  MONTH TO DATE    5.98                      2.47   3.51     0.57
  SINCE SEP 1      6.47                      6.19   0.28     4.92
  SINCE JAN 1     44.62                     42.51   2.11    48.54

SNOWFALL (IN)
  TODAY            0.0
  MONTH TO DATE    0.0
  SINCE SEP 1      0.0
  SINCE JUL 1      0.0
  SNOW DEPTH       0

DEGREE DAYS
 HEATING
  TODAY            7                         6      1        8
  MONTH TO DATE   51                        77    -26       56
  SINCE SEP 1     51                        90    -39       56
  SINCE JUL 1     51                        90    -39       56

 COOLING
  TODAY            0                         1     -1        0
  MONTH TO DATE   94                        61     33       85
  SINCE SEP 1    464                       336    128      356
  SINCE JAN 1   2016                      1931     85     1822
..................................................................


WIND (MPH)
  HIGHEST WIND SPEED    16   HIGHEST WIND DIRECTION     N (20)
  HIGHEST GUST SPEED    21   HIGHEST GUST DIRECTION     N (20)
  AVERAGE WIND SPEED     7.7


SKY COVER
  POSSIBLE SUNSHINE  MM
  AVERAGE SKY COVER 0.0


WEATHER CONDITIONS
 THE FOLLOWING WEATHER WAS RECORDED TODAY.
  NO SIGNIFICANT WEATHER WAS OBSERVED.


RELATIVE HUMIDITY (PERCENT)
 HIGHEST    82           600 AM
 LOWEST     33           200 PM
 AVERAGE    58

..........................................................


THE HUNTSVILLE CLIMATE NORMALS FOR TOMORROW
                         NORMAL    RECORD    YEAR
 MAXIMUM TEMPERATURE (F)   72        89      1927
 MINIMUM TEMPERATURE (F)   49        27      1937


SUNRISE AND SUNSET
OCTOBER 22 2014.......SUNRISE   659 AM CDT   SUNSET   604 PM CDT
OCTOBER 23 2014.......SUNRISE   659 AM CDT   SUNSET   603 PM CDT


-  INDICATES NEGATIVE NUMBERS.
R  INDICATES RECORD WAS SET OR TIED.
MM INDICATES DATA IS MISSING.
T  INDICATES TRACE AMOUNT.




$$





U.S. Dept. of Commerce
NOAA National Weather Service
1325 East West Highway
Silver Spring, MD 20910
E-mail: w-nws.webmaster@noaa.gov
Page last modified: May 16, 2007
NATIONAL WEATHER SERVICE: for Safety, for Work, for Fun - FOR LIFE