385
CDUS44 KHUN 230802
CLIHSV


CLIMATE REPORT
NATIONAL WEATHER SERVICE HUNTSVILLE AL
202 AM CST SUN NOV 23 2014


...................................

...THE HUNTSVILLE CLIMATE SUMMARY FOR NOVEMBER 22 2014...

CLIMATE NORMAL PERIOD 1981 TO 2010
CLIMATE RECORD PERIOD 1894 TO 2014


WEATHER ITEM   OBSERVED TIME   RECORD YEAR NORMAL DEPARTURE LAST
                VALUE   (LST)  VALUE       VALUE  FROM      YEAR
                                                  NORMAL
..................................................................
TEMPERATURE (F)
 YESTERDAY
  MAXIMUM         66    159 PM  79    1940  61      5       64
  MINIMUM         44    635 AM  17    1964  40      4       50
  AVERAGE         55                        50      5       57

PRECIPITATION (IN)
  YESTERDAY        0.00          1.85 1899   0.18  -0.18     0.05
  MONTH TO DATE    2.36                      3.43  -1.07     1.01
  SINCE SEP 1      9.28                     10.74  -1.46     6.03
  SINCE JAN 1     47.43                     47.06   0.37    49.65

SNOWFALL (IN)
  YESTERDAY        0.0
  MONTH TO DATE    T
  SINCE SEP 1      T
  SINCE JUL 1      T
  SNOW DEPTH       0

DEGREE DAYS
 HEATING
  YESTERDAY       10                        15     -5        8
  MONTH TO DATE  392                       247    145      280
  SINCE SEP 1    489                       398     91      411
  SINCE JUL 1    489                       398     91      411

 COOLING
  YESTERDAY        0                         0      0        0
  MONTH TO DATE    0                         7     -7        1
  SINCE SEP 1    480                       352    128      368
  SINCE JAN 1   2032                      1947     85     1834
..................................................................


WIND (MPH)
  HIGHEST WIND SPEED    17   HIGHEST WIND DIRECTION     S (170)
  HIGHEST GUST SPEED    23   HIGHEST GUST DIRECTION    SE (130)
  AVERAGE WIND SPEED    10.9


SKY COVER
  POSSIBLE SUNSHINE  MM
  AVERAGE SKY COVER 0.6


WEATHER CONDITIONS
 THE FOLLOWING WEATHER WAS RECORDED YESTERDAY.
  NO SIGNIFICANT WEATHER WAS OBSERVED.


RELATIVE HUMIDITY (PERCENT)
 HIGHEST    58           700 AM
 LOWEST     36          1200 PM
 AVERAGE    47

..........................................................


THE HUNTSVILLE CLIMATE NORMALS FOR TODAY
                         NORMAL    RECORD    YEAR
 MAXIMUM TEMPERATURE (F)   61        79      1921
 MINIMUM TEMPERATURE (F)   40        15      1976


SUNRISE AND SUNSET
NOVEMBER 23 2014......SUNRISE   628 AM CST   SUNSET   438 PM CST
NOVEMBER 24 2014......SUNRISE   629 AM CST   SUNSET   438 PM CST


-  INDICATES NEGATIVE NUMBERS.
R  INDICATES RECORD WAS SET OR TIED.
MM INDICATES DATA IS MISSING.
T  INDICATES TRACE AMOUNT.




$$





U.S. Dept. of Commerce
NOAA National Weather Service
1325 East West Highway
Silver Spring, MD 20910
E-mail: w-nws.webmaster@noaa.gov
Page last modified: May 16, 2007
NATIONAL WEATHER SERVICE: for Safety, for Work, for Fun - FOR LIFE