891
CDUS44 KHUN 252222
CLIHSV


CLIMATE REPORT
NATIONAL WEATHER SERVICE HUNTSVILLE AL
422 PM CST TUE NOV 25 2014


...................................

...THE HUNTSVILLE CLIMATE SUMMARY FOR NOVEMBER 25 2014...
VALID TODAY AS OF 0400 PM LOCAL TIME.

CLIMATE NORMAL PERIOD 1981 TO 2010
CLIMATE RECORD PERIOD 1894 TO 2014


WEATHER ITEM   OBSERVED TIME   RECORD YEAR NORMAL DEPARTURE LAST
                VALUE   (LST)  VALUE       VALUE  FROM      YEAR
                                                  NORMAL
..................................................................
TEMPERATURE (F)
 TODAY
  MAXIMUM         57    133 PM  75    1958  60     -3       43
  MINIMUM         35    710 AM   1    1950  39     -4       28
  AVERAGE         46                        49     -3       36

PRECIPITATION (IN)
  TODAY            0.00          3.10 1902   0.18  -0.18     0.53
  MONTH TO DATE    2.67                      3.97  -1.30     1.54
  SINCE SEP 1      9.59                     11.28  -1.69     6.56
  SINCE JAN 1     47.74                     47.60   0.14    50.18

SNOWFALL (IN)
  TODAY            0.0
  MONTH TO DATE    T
  SINCE SEP 1      T
  SINCE JUL 1      T
  SNOW DEPTH       0

DEGREE DAYS
 HEATING
  TODAY           19                        16      3       29
  MONTH TO DATE  426                       293    133      365
  SINCE SEP 1    523                       444     79      496
  SINCE JUL 1    523                       444     79      496

 COOLING
  TODAY            0                         0      0        0
  MONTH TO DATE    0                         7     -7        1
  SINCE SEP 1    480                       352    128      368
  SINCE JAN 1   2032                      1947     85     1834
..................................................................


WIND (MPH)
  HIGHEST WIND SPEED    13   HIGHEST WIND DIRECTION     W (290)
  HIGHEST GUST SPEED    16   HIGHEST GUST DIRECTION     W (290)
  AVERAGE WIND SPEED     2.2


SKY COVER
  POSSIBLE SUNSHINE  MM
  AVERAGE SKY COVER 0.4


WEATHER CONDITIONS
 THE FOLLOWING WEATHER WAS RECORDED TODAY.
  FOG


RELATIVE HUMIDITY (PERCENT)
 HIGHEST    92           600 AM
 LOWEST     40           100 PM
 AVERAGE    66

..........................................................


THE HUNTSVILLE CLIMATE NORMALS FOR TOMORROW
                         NORMAL    RECORD    YEAR
 MAXIMUM TEMPERATURE (F)   59        78      1965
                                             1910
 MINIMUM TEMPERATURE (F)   39        16      1950


SUNRISE AND SUNSET
NOVEMBER 25 2014......SUNRISE   630 AM CST   SUNSET   438 PM CST
NOVEMBER 26 2014......SUNRISE   631 AM CST   SUNSET   437 PM CST


-  INDICATES NEGATIVE NUMBERS.
R  INDICATES RECORD WAS SET OR TIED.
MM INDICATES DATA IS MISSING.
T  INDICATES TRACE AMOUNT.




$$





U.S. Dept. of Commerce
NOAA National Weather Service
1325 East West Highway
Silver Spring, MD 20910
E-mail: w-nws.webmaster@noaa.gov
Page last modified: May 16, 2007
NATIONAL WEATHER SERVICE: for Safety, for Work, for Fun - FOR LIFE