583
CDUS44 KHUN 302124
CLIHSV


CLIMATE REPORT
NATIONAL WEATHER SERVICE HUNTSVILLE AL
424 PM CDT THU OCT 30 2014


...................................

...THE HUNTSVILLE CLIMATE SUMMARY FOR OCTOBER 30 2014...
VALID TODAY AS OF 0400 PM LOCAL TIME.

CLIMATE NORMAL PERIOD 1981 TO 2010
CLIMATE RECORD PERIOD 1894 TO 2014


WEATHER ITEM   OBSERVED TIME   RECORD YEAR NORMAL DEPARTURE LAST
                VALUE   (LST)  VALUE       VALUE  FROM      YEAR
                                                  NORMAL
..................................................................
TEMPERATURE (F)
 TODAY
  MAXIMUM         68    305 PM  86    1927  70     -2       82
  MINIMUM         42    616 AM  23    1952  47     -5       58
  AVERAGE         55                        58     -3       70

PRECIPITATION (IN)
  TODAY            0.00          1.76 1949   0.13  -0.13     0.00
  MONTH TO DATE    6.43                      3.46   2.97     0.59
  SINCE SEP 1      6.92                      7.18  -0.26     4.94
  SINCE JAN 1     45.07                     43.50   1.57    48.56

SNOWFALL (IN)
  TODAY            0.0
  MONTH TO DATE    0.0
  SINCE SEP 1      0.0
  SINCE JUL 1      0.0
  SNOW DEPTH       0

DEGREE DAYS
 HEATING
  TODAY           10                         8      2        0
  MONTH TO DATE   81                       131    -50      131
  SINCE SEP 1     81                       144    -63      131
  SINCE JUL 1     81                       144    -63      131

 COOLING
  TODAY            0                         1     -1        5
  MONTH TO DATE  110                        69     41       91
  SINCE SEP 1    480                       344    136      362
  SINCE JAN 1   2032                      1939     93     1828
..................................................................


WIND (MPH)
  HIGHEST WIND SPEED    12   HIGHEST WIND DIRECTION     N (340)
  HIGHEST GUST SPEED    14   HIGHEST GUST DIRECTION     N (340)
  AVERAGE WIND SPEED     2.9


SKY COVER
  POSSIBLE SUNSHINE  MM
  AVERAGE SKY COVER 0.0


WEATHER CONDITIONS
 THE FOLLOWING WEATHER WAS RECORDED TODAY.
  NO SIGNIFICANT WEATHER WAS OBSERVED.


RELATIVE HUMIDITY (PERCENT)
 HIGHEST    89           400 AM
 LOWEST     32           200 PM
 AVERAGE    61

..........................................................


THE HUNTSVILLE CLIMATE NORMALS FOR TOMORROW
                         NORMAL    RECORD    YEAR
 MAXIMUM TEMPERATURE (F)   70        87      1937
 MINIMUM TEMPERATURE (F)   46        25      1930
                                             1917


SUNRISE AND SUNSET
OCTOBER 30 2014.......SUNRISE   706 AM CDT   SUNSET   555 PM CDT
OCTOBER 31 2014.......SUNRISE   707 AM CDT   SUNSET   554 PM CDT


-  INDICATES NEGATIVE NUMBERS.
R  INDICATES RECORD WAS SET OR TIED.
MM INDICATES DATA IS MISSING.
T  INDICATES TRACE AMOUNT.


$$






U.S. Dept. of Commerce
NOAA National Weather Service
1325 East West Highway
Silver Spring, MD 20910
E-mail: w-nws.webmaster@noaa.gov
Page last modified: May 16, 2007
NATIONAL WEATHER SERVICE: for Safety, for Work, for Fun - FOR LIFE