968
CDUS43 KGID 250630
CLIHSI


CLIMATE REPORT
NATIONAL WEATHER SERVICE HASTINGS NE
129 AM CDT SAT OCT 25 2014


...................................

...THE HASTINGS NE CLIMATE SUMMARY FOR OCTOBER 24 2014...

CLIMATE NORMAL PERIOD 1981 TO 2010
CLIMATE RECORD PERIOD 1894 TO 2014


WEATHER ITEM   OBSERVED TIME   RECORD YEAR NORMAL DEPARTURE LAST
                VALUE   (LST)  VALUE       VALUE  FROM      YEAR
                                                  NORMAL
..................................................................
TEMPERATURE (F)
 YESTERDAY
  MAXIMUM         80    414 PM  88    1927  61     19       45
  MINIMUM         50   1159 PM  16    1917  37     13       36
  AVERAGE         65                        49     16       41

PRECIPITATION (IN)
  YESTERDAY        0.00          1.07 1997   0.06  -0.06      T
  MONTH TO DATE    1.76                      1.65   0.11     4.65
  SINCE SEP 1      3.54                      4.21  -0.67     5.91
  SINCE JAN 1     28.44                     24.87   3.57    23.97

SNOWFALL (IN)
  YESTERDAY        0.0           0.8  1995   0.0    0.0      0.0
  MONTH TO DATE    0.0                       0.6   -0.6      0.0
  SINCE SEP 1      0.0                       0.8   -0.8      0.0
  SINCE JUL 1      0.0                       0.8   -0.8      0.0
  SNOW DEPTH       0

DEGREE DAYS
 HEATING
  YESTERDAY        0                        16    -16       24
  MONTH TO DATE  215                       273    -58      276
  SINCE SEP 1    324                       363    -39      305
  SINCE JUL 1    330                       369    -39      311

 COOLING
  YESTERDAY        0                         0      0        0
  MONTH TO DATE    3                        11     -8       15
  SINCE SEP 1     98                       121    -23      200
  SINCE JAN 1   1018                      1074    -56     1158
..................................................................


WIND (MPH)
  HIGHEST WIND SPEED    12   HIGHEST WIND DIRECTION     W (260)
  HIGHEST GUST SPEED    16   HIGHEST GUST DIRECTION    SW (210)
  AVERAGE WIND SPEED     5.8


SKY COVER
  AVERAGE SKY COVER 0.0


WEATHER CONDITIONS
 THE FOLLOWING WEATHER WAS RECORDED YESTERDAY.
  FOG
  HAZE


RELATIVE HUMIDITY (PERCENT)
 HIGHEST    93           400 AM
 LOWEST     23           400 PM
 AVERAGE    58

..........................................................


THE HASTINGS NE CLIMATE NORMALS FOR TODAY
                         NORMAL    RECORD    YEAR
 MAXIMUM TEMPERATURE (F)   60        89      1927
 MINIMUM TEMPERATURE (F)   37        19      1975


SUNRISE AND SUNSET
OCTOBER 25 2014.......SUNRISE   756 AM CDT   SUNSET   639 PM CDT
OCTOBER 26 2014.......SUNRISE   757 AM CDT   SUNSET   638 PM CDT


-  INDICATES NEGATIVE NUMBERS.
R  INDICATES RECORD WAS SET OR TIED.
MM INDICATES DATA IS MISSING.
T  INDICATES TRACE AMOUNT.




$$





U.S. Dept. of Commerce
NOAA National Weather Service
1325 East West Highway
Silver Spring, MD 20910
E-mail: w-nws.webmaster@noaa.gov
Page last modified: May 16, 2007
NATIONAL WEATHER SERVICE: for Safety, for Work, for Fun - FOR LIFE