565
CDUS43 KGID 220634
CLIHSI


CLIMATE REPORT
NATIONAL WEATHER SERVICE HASTINGS NE
1233 AM CST MON DEC 22 2014


...................................

...THE HASTINGS NE CLIMATE SUMMARY FOR DECEMBER 21 2014...

CLIMATE NORMAL PERIOD 1981 TO 2010
CLIMATE RECORD PERIOD 1894 TO 2014


WEATHER ITEM   OBSERVED TIME   RECORD YEAR NORMAL DEPARTURE LAST
                VALUE   (LST)  VALUE       VALUE  FROM      YEAR
                                                  NORMAL
..................................................................
TEMPERATURE (F)
 YESTERDAY
  MAXIMUM         42   1118 PM  65    1933  36      6       27
  MINIMUM         29   1220 AM -20    1916  17     12       15
  AVERAGE         36                        26     10       21

PRECIPITATION (IN)
  YESTERDAY        0.00          0.67 1913   0.02  -0.02     0.00
  MONTH TO DATE    0.32                      0.48  -0.16     0.13
  SINCE DEC 1      0.32                      0.48  -0.16     0.13
  SINCE JAN 1     28.99                     26.98   2.01    25.20

SNOWFALL (IN)
  YESTERDAY        0.0           6.0  1914   0.2   -0.2      0.0
  MONTH TO DATE    0.2                       4.0   -3.8      4.6
  SINCE DEC 1      0.2                       4.0   -3.8      4.6
  SINCE JUL 1      1.9                       7.8   -5.9      5.0
  SNOW DEPTH       0

DEGREE DAYS
 HEATING
  YESTERDAY       29                        39    -10       44
  MONTH TO DATE  651                       767   -116      875
  SINCE DEC 1    651                       767   -116      875
  SINCE JUL 1   1989                      2048    -59     2140

 COOLING
  YESTERDAY        0                         0      0        0
  MONTH TO DATE    0                         0      0        0
  SINCE DEC 1      0                         0      0        0
  SINCE JAN 1   1018                      1077    -59     1158
..................................................................


WIND (MPH)
  HIGHEST WIND SPEED    20   HIGHEST WIND DIRECTION     S (200)
  HIGHEST GUST SPEED    29   HIGHEST GUST DIRECTION     S (200)
  AVERAGE WIND SPEED    10.6


SKY COVER
  AVERAGE SKY COVER 0.7


WEATHER CONDITIONS
 THE FOLLOWING WEATHER WAS RECORDED YESTERDAY.
  FOG
  FOG W/VISIBILITY <= 1/4 MILE


RELATIVE HUMIDITY (PERCENT)
 HIGHEST   100          1000 AM
 LOWEST     86           200 PM
 AVERAGE    93

..........................................................


THE HASTINGS NE CLIMATE NORMALS FOR TODAY
                         NORMAL    RECORD    YEAR
 MAXIMUM TEMPERATURE (F)   35        69      1933
 MINIMUM TEMPERATURE (F)   17       -23      1989


SUNRISE AND SUNSET
DECEMBER 22 2014......SUNRISE   754 AM CST   SUNSET   510 PM CST
DECEMBER 23 2014......SUNRISE   755 AM CST   SUNSET   511 PM CST


-  INDICATES NEGATIVE NUMBERS.
R  INDICATES RECORD WAS SET OR TIED.
MM INDICATES DATA IS MISSING.
T  INDICATES TRACE AMOUNT.




$$

BRYANT




U.S. Dept. of Commerce
NOAA National Weather Service
1325 East West Highway
Silver Spring, MD 20910
E-mail: w-nws.webmaster@noaa.gov
Page last modified: May 16, 2007
NATIONAL WEATHER SERVICE: for Safety, for Work, for Fun - FOR LIFE