283
CDUS42 KMHX 210525
CLIHSE


CLIMATE REPORT
NATIONAL WEATHER SERVICE NEWPORT/MOREHEAD CITY NC
125 AM EDT MON APR 21 2014


...................................

...THE CAPE HATTERAS NC CLIMATE SUMMARY FOR APRIL 20 2014...

CLIMATE NORMAL PERIOD 1981 TO 2010
CLIMATE RECORD PERIOD 1874 TO 2014


WEATHER ITEM   OBSERVED TIME   RECORD YEAR NORMAL DEPARTURE LAST
                VALUE   (LST)  VALUE       VALUE  FROM      YEAR
                                                  NORMAL
..................................................................
TEMPERATURE (F)
 YESTERDAY
  MAXIMUM         57   1102 AM  81    1992  67    -10       68
  MINIMUM         49   1159 PM  33    1979  54     -5       50
  AVERAGE         53                        61     -8       59

PRECIPITATION (IN)
  YESTERDAY        0.76          1.97 2008   0.12   0.64     1.14
  MONTH TO DATE    4.31                      2.52   1.79     3.08
  SINCE MAR 1      9.79                      7.29   2.50     5.30
  SINCE JAN 1     19.88                     16.55   3.33    15.03

SNOWFALL (IN)
  YESTERDAY        0.0
  MONTH TO DATE    0.0
  SINCE NOV 1      5.7
  SINCE JUL 1      5.7
  SNOW DEPTH       0

DEGREE DAYS
 HEATING
  YESTERDAY       12                         5      7        6
  MONTH TO DATE  137                       148    -11      113
  SINCE MAR 1    640                       567     73      600
  SINCE JUL 1   2473                      2491    -18     2332

 COOLING
  YESTERDAY        0                         1     -1        0
  MONTH TO DATE   11                        11      0        9
  SINCE MAR 1     11                        14     -3        9
  SINCE JAN 1     11                        14     -3        9
..................................................................


WIND (MPH)
  HIGHEST WIND SPEED    22   HIGHEST WIND DIRECTION    NE (30)
  HIGHEST GUST SPEED    40   HIGHEST GUST DIRECTION    NE (30)
  AVERAGE WIND SPEED    14.9


SKY COVER
  POSSIBLE SUNSHINE  MM
  AVERAGE SKY COVER 0.8


WEATHER CONDITIONS
 THE FOLLOWING WEATHER WAS RECORDED YESTERDAY.
  RAIN
  LIGHT RAIN
  FOG


RELATIVE HUMIDITY (PERCENT)
 HIGHEST   100           400 AM
 LOWEST    100           400 AM
 AVERAGE   100

..........................................................


THE CAPE HATTERAS NC CLIMATE NORMALS FOR TODAY
                         NORMAL    RECORD    YEAR
 MAXIMUM TEMPERATURE (F)   68        85      1985
 MINIMUM TEMPERATURE (F)   54        34      1983


SUNRISE AND SUNSET
APRIL 21 2014.........SUNRISE   623 AM EDT   SUNSET   740 PM EDT
APRIL 22 2014.........SUNRISE   622 AM EDT   SUNSET   741 PM EDT


-  INDICATES NEGATIVE NUMBERS.
R  INDICATES RECORD WAS SET OR TIED.
MM INDICATES DATA IS MISSING.
T  INDICATES TRACE AMOUNT.




$$





U.S. Dept. of Commerce
NOAA National Weather Service
1325 East West Highway
Silver Spring, MD 20910
E-mail: w-nws.webmaster@noaa.gov
Page last modified: May 16, 2007
NATIONAL WEATHER SERVICE: for Safety, for Work, for Fun - FOR LIFE