312
CDUS44 KLZK 222209
CLIHRO


CLIMATE REPORT
NATIONAL WEATHER SERVICE LITTLE ROCK AR
408 PM CST MON DEC 22 2014


...................................

...THE HARRISON CLIMATE SUMMARY FOR DECEMBER 22 2014...
VALID TODAY AS OF 0400 PM LOCAL TIME.

CLIMATE NORMAL PERIOD 1981 TO 2010
CLIMATE RECORD PERIOD 1891 TO 2014


WEATHER ITEM   OBSERVED TIME   RECORD YEAR NORMAL DEPARTURE LAST
                VALUE   (LST)  VALUE       VALUE  FROM      YEAR
                                                  NORMAL
..................................................................
TEMPERATURE (F)
 TODAY
  MAXIMUM         48    402 PM  72    1933  46      2       40
  MINIMUM         43    242 AM  -9    1989  27     16       27
  AVERAGE         46                        37      9       34

PRECIPITATION (IN)
  TODAY            0.04          1.45 1941   0.10  -0.06      T
  MONTH TO DATE    2.01                      2.35  -0.34     3.73
  SINCE DEC 1      2.01                      2.35  -0.34     3.73
  SINCE JAN 1     40.96                     43.29  -2.33    45.24

SNOWFALL (IN)
  TODAY            0.0           9.0  1966   0.1   -0.1       T
  MONTH TO DATE    T                         0.4   -0.4      9.0
  SINCE DEC 1      T                         0.4   -0.4      9.0
  SINCE JUL 1      0.6                       0.9   -0.3      9.0
  SNOW DEPTH       0

DEGREE DAYS
 HEATING
  TODAY           19                        28     -9       31
  MONTH TO DATE  520                       574    -54      607
  SINCE DEC 1    520                       574    -54      607
  SINCE JUL 1   1374                      1338     36     1420

 COOLING
  TODAY            0                         0      0        0
  MONTH TO DATE    0                         0      0        0
  SINCE DEC 1      0                         0      0        0
  SINCE JAN 1   1354                      1416    -62     1414
..................................................................


WIND (MPH)
  HIGHEST WIND SPEED    17   HIGHEST WIND DIRECTION     S (160)
  HIGHEST GUST SPEED    20   HIGHEST GUST DIRECTION     S (160)
  AVERAGE WIND SPEED     9.0


SKY COVER
  POSSIBLE SUNSHINE  MM
  AVERAGE SKY COVER 1.0


WEATHER CONDITIONS
 THE FOLLOWING WEATHER WAS RECORDED TODAY.
  LIGHT RAIN
  FOG


RELATIVE HUMIDITY (PERCENT)
 HIGHEST   100           900 AM
 LOWEST     76          1200 AM
 AVERAGE    88

..........................................................


THE HARRISON CLIMATE NORMALS FOR TOMORROW
                         NORMAL    RECORD    YEAR
 MAXIMUM TEMPERATURE (F)   46        72      1964
 MINIMUM TEMPERATURE (F)   27       -11      1989


SUNRISE AND SUNSET
DECEMBER 22 2014......SUNRISE   721 AM CST   SUNSET   502 PM CST
DECEMBER 23 2014......SUNRISE   721 AM CST   SUNSET   503 PM CST


-  INDICATES NEGATIVE NUMBERS.
R  INDICATES RECORD WAS SET OR TIED.
MM INDICATES DATA IS MISSING.
T  INDICATES TRACE AMOUNT.




$$





U.S. Dept. of Commerce
NOAA National Weather Service
1325 East West Highway
Silver Spring, MD 20910
E-mail: w-nws.webmaster@noaa.gov
Page last modified: May 16, 2007
NATIONAL WEATHER SERVICE: for Safety, for Work, for Fun - FOR LIFE