454
CDUS44 KLZK 240909
CLIHRO


CLIMATE REPORT
NATIONAL WEATHER SERVICE LITTLE ROCK AR
409 AM CDT THU APR 24 2014


...................................

...THE HARRISON CLIMATE SUMMARY FOR APRIL 23 2014...

CLIMATE NORMAL PERIOD 1981 TO 2010
CLIMATE RECORD PERIOD 1891 TO 2014


WEATHER ITEM   OBSERVED TIME   RECORD YEAR NORMAL DEPARTURE LAST
                VALUE   (LST)  VALUE       VALUE  FROM      YEAR
                                                  NORMAL
..................................................................
TEMPERATURE (F)
 YESTERDAY
  MAXIMUM         79    312 PM  90    1965  71      8       70
                                      1926
  MINIMUM         46    532 AM  25    1951  49     -3       36
  AVERAGE         63                        60      3       53

PRECIPITATION (IN)
  YESTERDAY        0.00          3.42 2011   0.16  -0.16     0.48
  MONTH TO DATE    2.55                      3.17  -0.62     2.10
  SINCE MAR 1      6.99                      6.96   0.03     4.70
  SINCE JAN 1      8.94                     12.16  -3.22    11.32

SNOWFALL (IN)
  YESTERDAY        0.0          MM      MM   0.0    0.0      0.0
  MONTH TO DATE    0.0                       0.3   -0.3       T
  SINCE MAR 1     10.0                       2.3    7.7      1.8
  SINCE JUL 1     25.8                      11.5   14.3      4.6
  SNOW DEPTH       0

DEGREE DAYS
 HEATING
  YESTERDAY        2                         6     -4       12
  MONTH TO DATE  183                       204    -21      219
  SINCE MAR 1    800                       712     88      868
  SINCE JUL 1   4335                      3884    451     3772

 COOLING
  YESTERDAY        0                         1     -1        0
  MONTH TO DATE   14                        23     -9       20
  SINCE MAR 1     14                        29    -15       26
  SINCE JAN 1     14                        29    -15       27
..................................................................


WIND (MPH)
  HIGHEST WIND SPEED    17   HIGHEST WIND DIRECTION    SE (120)
  HIGHEST GUST SPEED    24   HIGHEST GUST DIRECTION    SE (120)
  AVERAGE WIND SPEED     8.8


SKY COVER
  POSSIBLE SUNSHINE  MM
  AVERAGE SKY COVER 0.0


WEATHER CONDITIONS
 THE FOLLOWING WEATHER WAS RECORDED YESTERDAY.
  NO SIGNIFICANT WEATHER WAS OBSERVED.


RELATIVE HUMIDITY (PERCENT)
 HIGHEST    66           400 AM
 LOWEST     27           300 PM
 AVERAGE    47

..........................................................


THE HARRISON CLIMATE NORMALS FOR TODAY
                         NORMAL    RECORD    YEAR
 MAXIMUM TEMPERATURE (F)   71        89      1989
 MINIMUM TEMPERATURE (F)   50        27      1910


SUNRISE AND SUNSET
APRIL 24 2014.........SUNRISE   628 AM CDT   SUNSET   754 PM CDT
APRIL 25 2014.........SUNRISE   626 AM CDT   SUNSET   755 PM CDT


-  INDICATES NEGATIVE NUMBERS.
R  INDICATES RECORD WAS SET OR TIED.
MM INDICATES DATA IS MISSING.
T  INDICATES TRACE AMOUNT.




$$





U.S. Dept. of Commerce
NOAA National Weather Service
1325 East West Highway
Silver Spring, MD 20910
E-mail: w-nws.webmaster@noaa.gov
Page last modified: May 16, 2007
NATIONAL WEATHER SERVICE: for Safety, for Work, for Fun - FOR LIFE