769
CDUS44 KLZK 302113
CLIHRO


CLIMATE REPORT
NATIONAL WEATHER SERVICE LITTLE ROCK AR
413 PM CDT SAT AUG 30 2014


...................................

...THE HARRISON CLIMATE SUMMARY FOR AUGUST 30 2014...
VALID TODAY AS OF 0400 PM LOCAL TIME.

CLIMATE NORMAL PERIOD 1981 TO 2010
CLIMATE RECORD PERIOD 1891 TO 2014


WEATHER ITEM   OBSERVED TIME   RECORD YEAR NORMAL DEPARTURE LAST
                VALUE   (LST)  VALUE       VALUE  FROM      YEAR
                                                  NORMAL
..................................................................
TEMPERATURE (F)
 TODAY
  MAXIMUM         88    249 PM 102    2000  87      1       94
  MINIMUM         69    128 AM  46    1917  64      5       71
  AVERAGE         79                        75      4       83

PRECIPITATION (IN)
  TODAY            T             2.21 1962   0.11  -0.11     0.00
  MONTH TO DATE    1.15                      3.46  -2.31     7.45
  SINCE JUN 1     11.37                     10.84   0.53    14.70
  SINCE JAN 1     26.68                     28.84  -2.16    32.82

SNOWFALL (IN)
  TODAY            0.0          MM      MM   0.0    0.0      0.0
  MONTH TO DATE    0.0                       0.0    0.0      0.0
  SINCE JUN 1      0.0                       0.0    0.0      0.0
  SINCE JUL 1      0.0                       0.0    0.0      0.0
  SNOW DEPTH       0

DEGREE DAYS
 HEATING
  TODAY            0                         0      0        0
  MONTH TO DATE    0                         0      0        1
  SINCE JUN 1      1                         6     -5        6
  SINCE JUL 1      1                         0      1        1

 COOLING
  TODAY           14                        10      4       18
  MONTH TO DATE  386                       386      0      316
  SINCE JUN 1    930                      1065   -135      980
  SINCE JAN 1   1117                      1204    -87     1126
..................................................................


WIND (MPH)
  HIGHEST WIND SPEED    13   HIGHEST WIND DIRECTION     W (250)
  HIGHEST GUST SPEED    18   HIGHEST GUST DIRECTION     W (260)
  AVERAGE WIND SPEED     7.1


SKY COVER
  POSSIBLE SUNSHINE  MM
  AVERAGE SKY COVER 0.4


WEATHER CONDITIONS
 THE FOLLOWING WEATHER WAS RECORDED TODAY.
  FOG


RELATIVE HUMIDITY (PERCENT)
 HIGHEST   100           300 AM
 LOWEST     55           200 PM
 AVERAGE    78

..........................................................


THE HARRISON CLIMATE NORMALS FOR TOMORROW
                         NORMAL    RECORD    YEAR
 MAXIMUM TEMPERATURE (F)   86       106      1913
 MINIMUM TEMPERATURE (F)   64        41      1915


SUNRISE AND SUNSET
AUGUST 30 2014........SUNRISE   643 AM CDT   SUNSET   743 PM CDT
AUGUST 31 2014........SUNRISE   643 AM CDT   SUNSET   742 PM CDT


-  INDICATES NEGATIVE NUMBERS.
R  INDICATES RECORD WAS SET OR TIED.
MM INDICATES DATA IS MISSING.
T  INDICATES TRACE AMOUNT.




$$





U.S. Dept. of Commerce
NOAA National Weather Service
1325 East West Highway
Silver Spring, MD 20910
E-mail: w-nws.webmaster@noaa.gov
Page last modified: May 16, 2007
NATIONAL WEATHER SERVICE: for Safety, for Work, for Fun - FOR LIFE