960
CDUS44 KLZK 252057
CLIHRO


CLIMATE REPORT
NATIONAL WEATHER SERVICE LITTLE ROCK AR
356 PM CDT SAT OCT 25 2014


...................................

...THE HARRISON CLIMATE SUMMARY FOR OCTOBER 25 2014...
VALID TODAY AS OF 0300 PM LOCAL TIME.

CLIMATE NORMAL PERIOD 1981 TO 2010
CLIMATE RECORD PERIOD 1891 TO 2014


WEATHER ITEM   OBSERVED TIME   RECORD YEAR NORMAL DEPARTURE LAST
                VALUE   (LST)  VALUE       VALUE  FROM      YEAR
                                                  NORMAL
..................................................................
TEMPERATURE (F)
 TODAY
  MAXIMUM         85    155 PM  90    1927  68     17       55
  MINIMUM         59   1253 AM  24    1923  45     14       30
  AVERAGE         72                        56     16       43

PRECIPITATION (IN)
  TODAY            0.00          1.54 1936   0.12  -0.12     0.00
  MONTH TO DATE    4.91                      2.83   2.08     3.76
  SINCE SEP 1     10.06                      7.03   3.03     5.11
  SINCE JAN 1     36.74                     35.99   0.75    37.93

SNOWFALL (IN)
  TODAY            0.0           T    1898   0.0    0.0      0.0
  MONTH TO DATE    0.0                       0.0    0.0      0.0
  SINCE SEP 1      0.0                       0.0    0.0      0.0
  SINCE JUL 1      0.0                       0.0    0.0      0.0
  SNOW DEPTH       0

DEGREE DAYS
 HEATING
  TODAY            0                         9     -9       22
  MONTH TO DATE  111                       160    -49      194
  SINCE SEP 1    144                       202    -58      201
  SINCE JUL 1    145                       203    -58      202

 COOLING
  TODAY            7                         1      6        0
  MONTH TO DATE   46                        31     15       47
  SINCE SEP 1    212                       199     13      270
  SINCE JAN 1   1342                      1410    -68     1414
..................................................................


WIND (MPH)
  HIGHEST WIND SPEED    14   HIGHEST WIND DIRECTION     W (290)
  HIGHEST GUST SPEED    20   HIGHEST GUST DIRECTION     W (290)
  AVERAGE WIND SPEED     6.2


SKY COVER
  POSSIBLE SUNSHINE  MM
  AVERAGE SKY COVER 0.0


WEATHER CONDITIONS
 THE FOLLOWING WEATHER WAS RECORDED TODAY.
  HAZE


RELATIVE HUMIDITY (PERCENT)
 HIGHEST    93           100 AM
 LOWEST     48           200 PM
 AVERAGE    71

..........................................................


THE HARRISON CLIMATE NORMALS FOR TOMORROW
                         NORMAL    RECORD    YEAR
 MAXIMUM TEMPERATURE (F)   67        92      1927
 MINIMUM TEMPERATURE (F)   45        22      1942


SUNRISE AND SUNSET
OCTOBER 25 2014.......SUNRISE   729 AM CDT   SUNSET   624 PM CDT
OCTOBER 26 2014.......SUNRISE   730 AM CDT   SUNSET   623 PM CDT


-  INDICATES NEGATIVE NUMBERS.
R  INDICATES RECORD WAS SET OR TIED.
MM INDICATES DATA IS MISSING.
T  INDICATES TRACE AMOUNT.




$$





U.S. Dept. of Commerce
NOAA National Weather Service
1325 East West Highway
Silver Spring, MD 20910
E-mail: w-nws.webmaster@noaa.gov
Page last modified: May 16, 2007
NATIONAL WEATHER SERVICE: for Safety, for Work, for Fun - FOR LIFE