714
CDUS44 KLZK 230906
CLIHRO


CLIMATE REPORT
NATIONAL WEATHER SERVICE LITTLE ROCK AR
406 AM CDT THU OCT 23 2014


...................................

...THE HARRISON CLIMATE SUMMARY FOR OCTOBER 22 2014...

CLIMATE NORMAL PERIOD 1981 TO 2010
CLIMATE RECORD PERIOD 1891 TO 2014


WEATHER ITEM   OBSERVED TIME   RECORD YEAR NORMAL DEPARTURE LAST
                VALUE   (LST)  VALUE       VALUE  FROM      YEAR
                                                  NORMAL
..................................................................
TEMPERATURE (F)
 YESTERDAY
  MAXIMUM         70    220 PM  93    1927  68      2       67
  MINIMUM         46    609 AM  23    1952  46      0       33
  AVERAGE         58                        57      1       50

PRECIPITATION (IN)
  YESTERDAY        0.00          2.05 1951   0.13  -0.13     0.00
  MONTH TO DATE    4.91                      2.47   2.44     3.76
  SINCE SEP 1     10.06                      6.67   3.39     5.11
  SINCE JAN 1     36.74                     35.63   1.11    37.93

SNOWFALL (IN)
  YESTERDAY        0.0          MM      MM   0.0    0.0      0.0
  MONTH TO DATE    0.0                       0.0    0.0      0.0
  SINCE SEP 1      0.0                       0.0    0.0      0.0
  SINCE JUL 1      0.0                       0.0    0.0      0.0
  SNOW DEPTH       0

DEGREE DAYS
 HEATING
  YESTERDAY        7                         8     -1       15
  MONTH TO DATE  100                       133    -33      136
  SINCE SEP 1    133                       175    -42      143
  SINCE JUL 1    134                       176    -42      144

 COOLING
  YESTERDAY        0                         1     -1        0
  MONTH TO DATE   39                        28     11       47
  SINCE SEP 1    205                       196      9      270
  SINCE JAN 1   1335                      1407    -72     1414
..................................................................


WIND (MPH)
  HIGHEST WIND SPEED    13   HIGHEST WIND DIRECTION    SE (120)
  HIGHEST GUST SPEED    18   HIGHEST GUST DIRECTION     E (110)
  AVERAGE WIND SPEED     6.8


SKY COVER
  POSSIBLE SUNSHINE  MM
  AVERAGE SKY COVER 0.0


WEATHER CONDITIONS
 THE FOLLOWING WEATHER WAS RECORDED YESTERDAY.
  NO SIGNIFICANT WEATHER WAS OBSERVED.


RELATIVE HUMIDITY (PERCENT)
 HIGHEST   100           600 AM
 LOWEST     49           400 PM
 AVERAGE    75

..........................................................


THE HARRISON CLIMATE NORMALS FOR TODAY
                         NORMAL    RECORD    YEAR
 MAXIMUM TEMPERATURE (F)   68        88      1939
 MINIMUM TEMPERATURE (F)   46        21      1937


SUNRISE AND SUNSET
OCTOBER 23 2014.......SUNRISE   727 AM CDT   SUNSET   626 PM CDT
OCTOBER 24 2014.......SUNRISE   728 AM CDT   SUNSET   625 PM CDT


-  INDICATES NEGATIVE NUMBERS.
R  INDICATES RECORD WAS SET OR TIED.
MM INDICATES DATA IS MISSING.
T  INDICATES TRACE AMOUNT.




$$





U.S. Dept. of Commerce
NOAA National Weather Service
1325 East West Highway
Silver Spring, MD 20910
E-mail: w-nws.webmaster@noaa.gov
Page last modified: May 16, 2007
NATIONAL WEATHER SERVICE: for Safety, for Work, for Fun - FOR LIFE