735
CDUS44 KLZK 311012
CLIHRO


CLIMATE REPORT
NATIONAL WEATHER SERVICE LITTLE ROCK AR
412 AM CST SAT JAN 31 2015


...................................

...THE HARRISON CLIMATE SUMMARY FOR JANUARY 30 2015...

CLIMATE NORMAL PERIOD 1981 TO 2010
CLIMATE RECORD PERIOD 1891 TO 2015


WEATHER ITEM   OBSERVED TIME   RECORD YEAR NORMAL DEPARTURE LAST
                VALUE   (LST)  VALUE       VALUE  FROM      YEAR
                                                  NORMAL
..................................................................
TEMPERATURE (F)
 YESTERDAY
  MAXIMUM         47    421 PM  75    1917  48     -1       47
  MINIMUM         25    702 AM  -1    1966  27     -2       25
  AVERAGE         36                        38     -2       36

PRECIPITATION (IN)
  YESTERDAY        0.00          3.41 1982   0.08  -0.08     0.00
  MONTH TO DATE    1.82                      2.48  -0.66     1.03
  SINCE DEC 1      4.07                      5.68  -1.61     4.78
  SINCE JAN 1      1.82                      2.48  -0.66     1.03

SNOWFALL (IN)
  YESTERDAY        0.0           3.0  1914   0.1   -0.1      0.0
  MONTH TO DATE    T                         4.1   -4.1      1.0
  SINCE DEC 1      T                         5.4   -5.4     10.0
  SINCE JUL 1      0.6                       5.9   -5.3     10.0
  SNOW DEPTH       0

DEGREE DAYS
 HEATING
  YESTERDAY       29                        27      2       29
  MONTH TO DATE  819                       859    -40      965
  SINCE DEC 1   1598                      1694    -96     1843
  SINCE JUL 1   2452                      2458     -6     2656

 COOLING
  YESTERDAY        0                         0      0        0
  MONTH TO DATE    0                         0      0        0
  SINCE DEC 1      0                         0      0        0
  SINCE JAN 1      0                         0      0        0
..................................................................


WIND (MPH)
  HIGHEST WIND SPEED     9   HIGHEST WIND DIRECTION    NE (50)
  HIGHEST GUST SPEED    12   HIGHEST GUST DIRECTION    NW (310)
  AVERAGE WIND SPEED     4.7


SKY COVER
  POSSIBLE SUNSHINE  MM
  AVERAGE SKY COVER 0.0


WEATHER CONDITIONS
 THE FOLLOWING WEATHER WAS RECORDED YESTERDAY.
  NO SIGNIFICANT WEATHER WAS OBSERVED.


RELATIVE HUMIDITY (PERCENT)
 HIGHEST    85           100 AM
 LOWEST     33           300 PM
 AVERAGE    59

..........................................................


THE HARRISON CLIMATE NORMALS FOR TODAY
                         NORMAL    RECORD    YEAR
 MAXIMUM TEMPERATURE (F)   48        74      1927
 MINIMUM TEMPERATURE (F)   28         0      1899


SUNRISE AND SUNSET
JANUARY 31 2015.......SUNRISE   715 AM CST   SUNSET   538 PM CST
FEBRUARY  1 2015......SUNRISE   714 AM CST   SUNSET   539 PM CST


-  INDICATES NEGATIVE NUMBERS.
R  INDICATES RECORD WAS SET OR TIED.
MM INDICATES DATA IS MISSING.
T  INDICATES TRACE AMOUNT.




$$





U.S. Dept. of Commerce
NOAA National Weather Service
1325 East West Highway
Silver Spring, MD 20910
E-mail: w-nws.webmaster@noaa.gov
Page last modified: May 16, 2007
NATIONAL WEATHER SERVICE: for Safety, for Work, for Fun - FOR LIFE