624
CDUS44 KBRO 300626
CLIHRL


CLIMATE REPORT
NATIONAL WEATHER SERVICE BROWNSVILLE TX
125 AM CDT SAT AUG 30 2014


...................................

...THE HARLINGEN CLIMATE SUMMARY FOR AUGUST 29 2014...

CLIMATE NORMAL PERIOD 1981 TO 2010
CLIMATE RECORD PERIOD 1912 TO 2014


WEATHER ITEM   OBSERVED TIME   RECORD YEAR NORMAL DEPARTURE LAST
                VALUE   (LST)  VALUE       VALUE  FROM      YEAR
                                                  NORMAL
..................................................................
TEMPERATURE (F)
 YESTERDAY
  MAXIMUM         92    331 PM 104    2012  95     -3       93
  MINIMUM         76    727 PM  63    1958  75      1       75
  AVERAGE         84                        85     -1       84

PRECIPITATION (IN)
  YESTERDAY        0.15          5.55 1936   0.13   0.02     0.21
  MONTH TO DATE    0.60                      1.59  -0.99     2.25
  SINCE JUN 1      1.48                      6.02  -4.54     4.67
  SINCE JAN 1      6.32                     13.94  -7.62    11.84

DEGREE DAYS
 HEATING
  YESTERDAY        0                         0      0        0
  MONTH TO DATE    0                         0      0        0
  SINCE JUN 1      0                         0      0        0
  SINCE JUL 1      0                         0      0        0

 COOLING
  YESTERDAY       19                        20     -1       19
  MONTH TO DATE  649                       598     51      607
  SINCE JUN 1   1921                      1789    132     1883
  SINCE JAN 1   2857                      2890    -33     2978
..................................................................


WIND (MPH)
  HIGHEST WIND SPEED    20   HIGHEST WIND DIRECTION     E (80)
  HIGHEST GUST SPEED    24   HIGHEST GUST DIRECTION     E (80)
  AVERAGE WIND SPEED     9.2



WEATHER CONDITIONS
 THE FOLLOWING WEATHER WAS RECORDED YESTERDAY.
  THUNDERSTORM
  HEAVY RAIN
  RAIN
  LIGHT RAIN
  FOG


RELATIVE HUMIDITY (PERCENT)
 HIGHEST   100
 LOWEST     70
 AVERAGE    85

..........................................................


THE HARLINGEN CLIMATE NORMALS FOR TODAY
                         NORMAL    RECORD    YEAR
 MAXIMUM TEMPERATURE (F)   95       105      2005
 MINIMUM TEMPERATURE (F)   75        65      1970


SUNRISE AND SUNSET
AUGUST 30 2014........SUNRISE   710 AM CDT   SUNSET   752 PM CDT
AUGUST 31 2014........SUNRISE   710 AM CDT   SUNSET   751 PM CDT


-  INDICATES NEGATIVE NUMBERS.
R  INDICATES RECORD WAS SET OR TIED.
MM INDICATES DATA IS MISSING.
T  INDICATES TRACE AMOUNT.

$$






U.S. Dept. of Commerce
NOAA National Weather Service
1325 East West Highway
Silver Spring, MD 20910
E-mail: w-nws.webmaster@noaa.gov
Page last modified: May 16, 2007
NATIONAL WEATHER SERVICE: for Safety, for Work, for Fun - FOR LIFE