680
CDUS44 KBRO 310729
CLIHRL


CLIMATE REPORT
NATIONAL WEATHER SERVICE BROWNSVILLE TX
128 AM CST SAT JAN 31 2015


...................................

...THE HARLINGEN CLIMATE SUMMARY FOR JANUARY 30 2015...

CLIMATE NORMAL PERIOD 1981 TO 2010
CLIMATE RECORD PERIOD 1912 TO 2015


WEATHER ITEM   OBSERVED TIME   RECORD YEAR NORMAL DEPARTURE LAST
                VALUE   (LST)  VALUE       VALUE  FROM      YEAR
                                                  NORMAL
..................................................................
TEMPERATURE (F)
 YESTERDAY
  MAXIMUM         73    231 PM  88    2006  72      1       71
                                      1957
  MINIMUM         55    316 AM  25    1951  51      4       43
  AVERAGE         64                        61      3       57

PRECIPITATION (IN)
  YESTERDAY        0.00          3.17 1924   0.05  -0.05     0.00
  MONTH TO DATE    1.91                      1.02   0.89     0.84
  SINCE DEC 1      4.22                      2.28   1.94     4.56
  SINCE JAN 1      1.91                      1.02   0.89     0.84

SNOWFALL (IN)
  YESTERDAY        0.0
  MONTH TO DATE    0.0
  SINCE DEC 1      0.0
  SINCE JUL 1      0.0

DEGREE DAYS
 HEATING
  YESTERDAY        1                         5     -4        8
  MONTH TO DATE  311                       194    117      259
  SINCE DEC 1    399                       385     14      501
  SINCE JUL 1    534                       442     92      633

 COOLING
  YESTERDAY        0                         2     -2        0
  MONTH TO DATE   11                        56    -45       16
  SINCE DEC 1    102                       114    -12       79
  SINCE JAN 1     11                        56    -45       16
..................................................................


WIND (MPH)
  HIGHEST WIND SPEED    23   HIGHEST WIND DIRECTION    NE (60)
  HIGHEST GUST SPEED    29   HIGHEST GUST DIRECTION    NE (50)
  AVERAGE WIND SPEED    10.8



WEATHER CONDITIONS
 THE FOLLOWING WEATHER WAS RECORDED YESTERDAY.
  FOG
  FOG W/VISIBILITY <= 1/4 MILE


RELATIVE HUMIDITY (PERCENT)
 HIGHEST   100
 LOWEST     68
 AVERAGE    84

..........................................................


THE HARLINGEN CLIMATE NORMALS FOR TODAY
                         NORMAL    RECORD    YEAR
 MAXIMUM TEMPERATURE (F)   72        89      2001
 MINIMUM TEMPERATURE (F)   51        21      1949


SUNRISE AND SUNSET
JANUARY 31 2015.......SUNRISE   716 AM CST   SUNSET   613 PM CST
FEBRUARY  1 2015......SUNRISE   715 AM CST   SUNSET   614 PM CST


-  INDICATES NEGATIVE NUMBERS.
R  INDICATES RECORD WAS SET OR TIED.
MM INDICATES DATA IS MISSING.
T  INDICATES TRACE AMOUNT.




$$





U.S. Dept. of Commerce
NOAA National Weather Service
1325 East West Highway
Silver Spring, MD 20910
E-mail: w-nws.webmaster@noaa.gov
Page last modified: May 16, 2007
NATIONAL WEATHER SERVICE: for Safety, for Work, for Fun - FOR LIFE