430
CDUS44 KBRO 210625
CLIHRL


CLIMATE REPORT
NATIONAL WEATHER SERVICE BROWNSVILLE TX
125 AM CDT MON APR 21 2014


...................................

...THE HARLINGEN CLIMATE SUMMARY FOR APRIL 20 2014...

CLIMATE NORMAL PERIOD 1981 TO 2010
CLIMATE RECORD PERIOD 1912 TO 2014


WEATHER ITEM   OBSERVED TIME   RECORD YEAR NORMAL DEPARTURE LAST
                VALUE   (LST)  VALUE       VALUE  FROM      YEAR
                                                  NORMAL
..................................................................
TEMPERATURE (F)
 YESTERDAY
  MAXIMUM         83   1242 PM  97    1951  87     -4       79
  MINIMUM         66   1159 PM  46    2013  66      0       46
  AVERAGE         75                        76     -1       63

PRECIPITATION (IN)
  YESTERDAY        0.00          1.04 2012   0.05  -0.05     0.00
  MONTH TO DATE    0.17                      1.16  -0.99     0.04
  SINCE MAR 1      1.95                      2.45  -0.50     0.10
  SINCE JAN 1      2.95                      4.92  -1.97     2.84

SNOWFALL (IN)
  YESTERDAY        0.0
  MONTH TO DATE    0.0
  SINCE MAR 1      0.0
  SINCE JUL 1      0.0

DEGREE DAYS
 HEATING
  YESTERDAY        0                         0      0        2
  MONTH TO DATE   12                         7      5        9
  SINCE MAR 1    119                        53     66       52
  SINCE JUL 1    930                       621    309      400

 COOLING
  YESTERDAY       10                        11     -1        0
  MONTH TO DATE  145                       195    -50      206
  SINCE MAR 1    257                       365   -108      367
  SINCE JAN 1    368                       490   -122      561
..................................................................


WIND (MPH)
  HIGHEST WIND SPEED    23   HIGHEST WIND DIRECTION     E (110)
  HIGHEST GUST SPEED    30   HIGHEST GUST DIRECTION     E (110)
  AVERAGE WIND SPEED    12.9



WEATHER CONDITIONS
 THE FOLLOWING WEATHER WAS RECORDED YESTERDAY.
  NO SIGNIFICANT WEATHER WAS OBSERVED.


RELATIVE HUMIDITY (PERCENT)
 HIGHEST    90
 LOWEST     55
 AVERAGE    73

..........................................................


THE HARLINGEN CLIMATE NORMALS FOR TODAY
                         NORMAL    RECORD    YEAR
 MAXIMUM TEMPERATURE (F)   87       102      1928
 MINIMUM TEMPERATURE (F)   66        53      1980


SUNRISE AND SUNSET
APRIL 21 2014.........SUNRISE   702 AM CDT   SUNSET   757 PM CDT
APRIL 22 2014.........SUNRISE   701 AM CDT   SUNSET   758 PM CDT


-  INDICATES NEGATIVE NUMBERS.
R  INDICATES RECORD WAS SET OR TIED.
MM INDICATES DATA IS MISSING.
T  INDICATES TRACE AMOUNT.




$$





U.S. Dept. of Commerce
NOAA National Weather Service
1325 East West Highway
Silver Spring, MD 20910
E-mail: w-nws.webmaster@noaa.gov
Page last modified: May 16, 2007
NATIONAL WEATHER SERVICE: for Safety, for Work, for Fun - FOR LIFE