571
CDUS46 KSEW 300828
CLIHQM


CLIMATE REPORT
NATIONAL WEATHER SERVICE SEATTLE WA
1228 AM PST FRI JAN 30 2015


...................................

...THE HOQUIAM WA AIRPORT CLIMATE SUMMARY FOR JANUARY 29 2015...

CLIMATE NORMAL PERIOD 1981 TO 2010
CLIMATE RECORD PERIOD 1953 TO 2015


WEATHER ITEM   OBSERVED TIME   RECORD YEAR NORMAL DEPARTURE LAST
                VALUE   (LST)  VALUE       VALUE  FROM      YEAR
                                                  NORMAL
..................................................................
TEMPERATURE (F)
 YESTERDAY
  MAXIMUM         57R   427 PM  56    1992  48      9       50
                                      1962
                                      1960
  MINIMUM         40   1143 PM  17    1980  38      2       45
  AVERAGE         49                        43      6       48

PRECIPITATION (IN)
  YESTERDAY        0.00          2.92 2006   0.29  -0.29     0.38
  MONTH TO DATE   11.00                      9.73   1.27     6.23
  SINCE OCT 1     42.42                     37.39   5.03    18.34
  SINCE JAN 1     11.00                      9.73   1.27     6.23

DEGREE DAYS
 HEATING
  YESTERDAY       16                        22     -6       17
  MONTH TO DATE  535                       649   -114      612
  SINCE DEC 1   1128                      1376   -248     1438

 COOLING
  YESTERDAY        0                         0      0        0
  MONTH TO DATE    0                         0      0        0
  SINCE DEC 1      0                         0      0        0
  SINCE JAN 1      0                         0      0        0
..................................................................


WIND (MPH)
  RESULTANT WIND SPEED   8   RESULTANT WIND DIRECTION   E (70)
  HIGHEST WIND SPEED    15   HIGHEST WIND DIRECTION     E (80)
  HIGHEST GUST SPEED    17   HIGHEST GUST DIRECTION     E (80)
  AVERAGE WIND SPEED     8.4


SKY COVER
  AVERAGE SKY COVER 0.0


WEATHER CONDITIONS
 THE FOLLOWING WEATHER WAS RECORDED YESTERDAY.
  FOG


RELATIVE HUMIDITY (PERCENT)
 HIGHEST   100           500 AM
 LOWEST     55           500 PM
 AVERAGE    78

..........................................................


THE HOQUIAM WA AIRPORT CLIMATE NORMALS FOR TODAY
                         NORMAL    RECORD    YEAR
 MAXIMUM TEMPERATURE (F)   48        59      1962
 MINIMUM TEMPERATURE (F)   38        18      1969


SUNRISE AND SUNSET
JANUARY 30 2015.......SUNRISE   743 AM PST   SUNSET   515 PM PST
JANUARY 31 2015.......SUNRISE   742 AM PST   SUNSET   517 PM PST


-  INDICATES NEGATIVE NUMBERS.
R  INDICATES RECORD WAS SET OR TIED.
MM INDICATES DATA IS MISSING.
T  INDICATES TRACE AMOUNT.




$$





U.S. Dept. of Commerce
NOAA National Weather Service
1325 East West Highway
Silver Spring, MD 20910
E-mail: w-nws.webmaster@noaa.gov
Page last modified: May 16, 2007
NATIONAL WEATHER SERVICE: for Safety, for Work, for Fun - FOR LIFE