890
CDUS46 KSEW 240127
CLIHQM


CLIMATE REPORT
NATIONAL WEATHER SERVICE SEATTLE WA
626 PM PDT TUE SEP 23 2014


...................................

...THE HOQUIAM WA AIRPORT CLIMATE SUMMARY FOR SEPTEMBER 23 2014...
VALID TODAY AS OF 0600 PM LOCAL TIME.

CLIMATE NORMAL PERIOD 1981 TO 2010
CLIMATE RECORD PERIOD 1953 TO 2014


WEATHER ITEM   OBSERVED TIME   RECORD YEAR NORMAL DEPARTURE LAST
                VALUE   (LST)  VALUE       VALUE  FROM      YEAR
                                                  NORMAL
..................................................................
TEMPERATURE (F)
 TODAY
  MAXIMUM         64    418 PM  85    1974  66     -2       63
  MINIMUM         58    145 AM  38    2008  50      8       49
                                      2005
  AVERAGE         61                        58      3       56

PRECIPITATION (IN)
  TODAY            0.25          0.98 1986   0.09   0.16     0.15
  MONTH TO DATE    0.82                      1.61  -0.79     3.41
  SINCE OCT 1     56.58                     66.88 -10.30    51.36
  SINCE JAN 1     44.47                     39.22   5.25    37.75

DEGREE DAYS
 HEATING
  TODAY            4                         7     -3        9
  MONTH TO DATE   58                       131    -73       73
  SINCE SEP 1     58                       131    -73       73

 COOLING
  TODAY            0                         0      0        0
  MONTH TO DATE   18                         0     18        7
  SINCE SEP 1     18                         0     18        7
  SINCE JAN 1     48                        16     32       20
..................................................................


WIND (MPH)
  RESULTANT WIND SPEED   6   RESULTANT WIND DIRECTION   E (80)
  HIGHEST WIND SPEED    13   HIGHEST WIND DIRECTION     E (70)
  HIGHEST GUST SPEED    16   HIGHEST GUST DIRECTION    SE (120)
  AVERAGE WIND SPEED     6.0


SKY COVER
  AVERAGE SKY COVER 1.0


WEATHER CONDITIONS
 THE FOLLOWING WEATHER WAS RECORDED TODAY.
  THUNDERSTORM
  RAIN
  LIGHT RAIN
  FOG


RELATIVE HUMIDITY (PERCENT)
 HIGHEST   100          1000 AM
 LOWEST     90           100 AM
 AVERAGE    95

..........................................................


THE HOQUIAM WA AIRPORT CLIMATE NORMALS FOR TOMORROW
                         NORMAL    RECORD    YEAR
 MAXIMUM TEMPERATURE (F)   65        85      1974
 MINIMUM TEMPERATURE (F)   49        38      2005


SUNRISE AND SUNSET
SEPTEMBER 23 2014.....SUNRISE   704 AM PDT   SUNSET   711 PM PDT
SEPTEMBER 24 2014.....SUNRISE   705 AM PDT   SUNSET   709 PM PDT


-  INDICATES NEGATIVE NUMBERS.
R  INDICATES RECORD WAS SET OR TIED.
MM INDICATES DATA IS MISSING.
T  INDICATES TRACE AMOUNT.




$$





U.S. Dept. of Commerce
NOAA National Weather Service
1325 East West Highway
Silver Spring, MD 20910
E-mail: w-nws.webmaster@noaa.gov
Page last modified: May 16, 2007
NATIONAL WEATHER SERVICE: for Safety, for Work, for Fun - FOR LIFE