638
CDUS46 KSEW 230828
CLIHQM


CLIMATE REPORT
NATIONAL WEATHER SERVICE SEATTLE WA
1228 AM PST SUN NOV 23 2014


...................................

...THE HOQUIAM WA AIRPORT CLIMATE SUMMARY FOR NOVEMBER 22 2014...

CLIMATE NORMAL PERIOD 1981 TO 2010
CLIMATE RECORD PERIOD 1953 TO 2014


WEATHER ITEM   OBSERVED TIME   RECORD YEAR NORMAL DEPARTURE LAST
                VALUE   (LST)  VALUE       VALUE  FROM      YEAR
                                                  NORMAL
..................................................................
TEMPERATURE (F)
 YESTERDAY
  MAXIMUM         53    320 PM  61    1987  50      3       50
  MINIMUM         41    328 AM  20    1985  39      2       32
  AVERAGE         47                        44      3       41

PRECIPITATION (IN)
  YESTERDAY        0.38          2.68 2011   0.37   0.01     0.00
  MONTH TO DATE    6.05                      8.16  -2.11     5.19
  SINCE OCT 1     16.60                     14.69   1.91     7.45
  SINCE JAN 1     63.69                     54.58   9.11    49.32

DEGREE DAYS
 HEATING
  YESTERDAY       18                        21     -3       24
  MONTH TO DATE  407                       404      3      402
  SINCE SEP 1    721                       996   -275      962

 COOLING
  YESTERDAY        0                         0      0        0
  MONTH TO DATE    0                         0      0        0
  SINCE SEP 1     18                         7     11        7
  SINCE JAN 1     48                        23     25       20
..................................................................


WIND (MPH)
  RESULTANT WIND SPEED   5   RESULTANT WIND DIRECTION   W (250)
  HIGHEST WIND SPEED    26   HIGHEST WIND DIRECTION    SW (220)
  HIGHEST GUST SPEED    37   HIGHEST GUST DIRECTION    SW (230)
  AVERAGE WIND SPEED     6.6


SKY COVER
  AVERAGE SKY COVER 0.6


WEATHER CONDITIONS
 THE FOLLOWING WEATHER WAS RECORDED YESTERDAY.
  RAIN
  LIGHT RAIN
  FOG


RELATIVE HUMIDITY (PERCENT)
 HIGHEST   100           400 AM
 LOWEST     66           200 PM
 AVERAGE    83

..........................................................


THE HOQUIAM WA AIRPORT CLIMATE NORMALS FOR TODAY
                         NORMAL    RECORD    YEAR
 MAXIMUM TEMPERATURE (F)   50        58      1957
                                             1954
 MINIMUM TEMPERATURE (F)   39        18      1985


SUNRISE AND SUNSET
NOVEMBER 23 2014......SUNRISE   730 AM PST   SUNSET   434 PM PST
NOVEMBER 24 2014......SUNRISE   732 AM PST   SUNSET   433 PM PST


-  INDICATES NEGATIVE NUMBERS.
R  INDICATES RECORD WAS SET OR TIED.
MM INDICATES DATA IS MISSING.
T  INDICATES TRACE AMOUNT.




$$





U.S. Dept. of Commerce
NOAA National Weather Service
1325 East West Highway
Silver Spring, MD 20910
E-mail: w-nws.webmaster@noaa.gov
Page last modified: May 16, 2007
NATIONAL WEATHER SERVICE: for Safety, for Work, for Fun - FOR LIFE