623
CDUS46 KSEW 290830
CLIHQM


CLIMATE REPORT
NATIONAL WEATHER SERVICE SEATTLE WA
130 AM PDT FRI AUG 29 2014


...................................

...THE HOQUIAM WA AIRPORT CLIMATE SUMMARY FOR AUGUST 28 2014...

CLIMATE NORMAL PERIOD 1981 TO 2010
CLIMATE RECORD PERIOD 1953 TO 2014


WEATHER ITEM   OBSERVED TIME   RECORD YEAR NORMAL DEPARTURE LAST
                VALUE   (LST)  VALUE       VALUE  FROM      YEAR
                                                  NORMAL
..................................................................
TEMPERATURE (F)
 YESTERDAY
  MAXIMUM         68    407 PM  91    1967  68      0       69
  MINIMUM         57   1159 PM  45    2010  53      4       62
                                      1969
                                      1957
  AVERAGE         63                        61      2       66

PRECIPITATION (IN)
  YESTERDAY        0.00          1.32 1991   0.06  -0.06     0.23
  MONTH TO DATE    0.73                      1.12  -0.39     1.10
  SINCE OCT 1     54.50                     65.08 -10.58    47.27
  SINCE JAN 1     42.39                     37.42   4.97    33.66

DEGREE DAYS
 HEATING
  YESTERDAY        2                         4     -2        0
  MONTH TO DATE   71                       112    -41       99
  SINCE JUN 1    390                       522   -132      421

 COOLING
  YESTERDAY        0                         0      0        1
  MONTH TO DATE    7                         0      7        1
  SINCE JUN 1     15                         8      7        9
  SINCE JAN 1     30                         9     21       12
..................................................................


WIND (MPH)
  RESULTANT WIND SPEED   8   RESULTANT WIND DIRECTION  SW (220)
  HIGHEST WIND SPEED    16   HIGHEST WIND DIRECTION    SW (220)
  HIGHEST GUST SPEED    19   HIGHEST GUST DIRECTION    SW (210)
  AVERAGE WIND SPEED     8.7


SKY COVER
  AVERAGE SKY COVER 0.9


WEATHER CONDITIONS
 THE FOLLOWING WEATHER WAS RECORDED YESTERDAY.
  FOG


RELATIVE HUMIDITY (PERCENT)
 HIGHEST   100           100 AM
 LOWEST     81           300 PM
 AVERAGE    91

..........................................................


THE HOQUIAM WA AIRPORT CLIMATE NORMALS FOR TODAY
                         NORMAL    RECORD    YEAR
 MAXIMUM TEMPERATURE (F)   68        84      2007
 MINIMUM TEMPERATURE (F)   53        40      1969
                                             1965


SUNRISE AND SUNSET
AUGUST 29 2014........SUNRISE   631 AM PDT   SUNSET   801 PM PDT
AUGUST 30 2014........SUNRISE   633 AM PDT   SUNSET   759 PM PDT


-  INDICATES NEGATIVE NUMBERS.
R  INDICATES RECORD WAS SET OR TIED.
MM INDICATES DATA IS MISSING.
T  INDICATES TRACE AMOUNT.




$$





U.S. Dept. of Commerce
NOAA National Weather Service
1325 East West Highway
Silver Spring, MD 20910
E-mail: w-nws.webmaster@noaa.gov
Page last modified: May 16, 2007
NATIONAL WEATHER SERVICE: for Safety, for Work, for Fun - FOR LIFE