526
CDUS46 KSEW 260832
CLIHQM


CLIMATE REPORT
NATIONAL WEATHER SERVICE SEATTLE WA
131 AM PDT SUN OCT 26 2014


...................................

...THE HOQUIAM WA AIRPORT CLIMATE SUMMARY FOR OCTOBER 25 2014...

CLIMATE NORMAL PERIOD 1981 TO 2010
CLIMATE RECORD PERIOD 1953 TO 2014


WEATHER ITEM   OBSERVED TIME   RECORD YEAR NORMAL DEPARTURE LAST
                VALUE   (LST)  VALUE       VALUE  FROM      YEAR
                                                  NORMAL
..................................................................
TEMPERATURE (F)
 YESTERDAY
  MAXIMUM         59    332 PM  71    1965  56      3       58
  MINIMUM         51    701 AM  32    1954  44      7       50
  AVERAGE         55                        50      5       54

PRECIPITATION (IN)
  YESTERDAY        1.10          1.58 1971   0.27   0.83     0.00
  MONTH TO DATE    8.42                      4.76   3.66     1.72
  SINCE OCT 1      8.42                      4.76   3.66     1.72
  SINCE JAN 1     55.51                     44.65  10.86    43.59

DEGREE DAYS
 HEATING
  YESTERDAY       10                        15     -5       11
  MONTH TO DATE  152                       301   -149      323
  SINCE SEP 1    245                       497   -252      468

 COOLING
  YESTERDAY        0                         0      0        0
  MONTH TO DATE    0                         0      0        0
  SINCE SEP 1     18                         7     11        7
  SINCE JAN 1     48                        23     25       20
..................................................................


WIND (MPH)
  RESULTANT WIND SPEED   3   RESULTANT WIND DIRECTION   E (70)
  HIGHEST WIND SPEED    40   HIGHEST WIND DIRECTION    SE (150)
  HIGHEST GUST SPEED    59   HIGHEST GUST DIRECTION    SE (140)
  AVERAGE WIND SPEED    18.5


SKY COVER
  AVERAGE SKY COVER 0.9


WEATHER CONDITIONS
 THE FOLLOWING WEATHER WAS RECORDED YESTERDAY.
  HEAVY RAIN
  RAIN
  LIGHT RAIN
  FOG


RELATIVE HUMIDITY (PERCENT)
 HIGHEST   100           200 PM
 LOWEST     72           800 PM
 AVERAGE    86

..........................................................


THE HOQUIAM WA AIRPORT CLIMATE NORMALS FOR TODAY
                         NORMAL    RECORD    YEAR
 MAXIMUM TEMPERATURE (F)   56        72      2003
 MINIMUM TEMPERATURE (F)   44        31      1954


SUNRISE AND SUNSET
OCTOBER 26 2014.......SUNRISE   750 AM PDT   SUNSET   609 PM PDT
OCTOBER 27 2014.......SUNRISE   751 AM PDT   SUNSET   607 PM PDT


-  INDICATES NEGATIVE NUMBERS.
R  INDICATES RECORD WAS SET OR TIED.
MM INDICATES DATA IS MISSING.
T  INDICATES TRACE AMOUNT.




$$





U.S. Dept. of Commerce
NOAA National Weather Service
1325 East West Highway
Silver Spring, MD 20910
E-mail: w-nws.webmaster@noaa.gov
Page last modified: May 16, 2007
NATIONAL WEATHER SERVICE: for Safety, for Work, for Fun - FOR LIFE