998
CDUS44 KHGX 211316
CLIHOU

CLIMATE REPORT
NATIONAL WEATHER SERVICE HOUSTON/GALVESTON TX
816 AM CDT THU AUG 21 2014


...MORNING CLIMATE DATA...

                            MORNING LOW    PRECIP SINCE MIDNIGHT
HOUSTON INTERCONTINENTAL         76                0.00
GALVESTON SCHOLES FIELD          85                0.00
BRYAN/COLLEGE STATION            79                0.00
HOUSTON HOBBY                    79                0.00
...................................



...THE HOUSTON INTERCONTINENTAL CLIMATE SUMMARY FOR AUGUST 20 2014...

CLIMATE NORMAL PERIOD 1981 TO 2010
CLIMATE RECORD PERIOD 1892 TO 2014


WEATHER ITEM   OBSERVED TIME   RECORD YEAR NORMAL DEPARTURE LAST
                VALUE   (LST)  VALUE       VALUE  FROM      YEAR
                                                  NORMAL
..................................................................
TEMPERATURE (F)
 YESTERDAY
  MAXIMUM         96    115 PM 107    1909  95      1       90
  MINIMUM         74    553 AM  65    1976  75     -1       73
  AVERAGE         85                        85      0       82

PRECIPITATION (IN)
  YESTERDAY        0.01          1.80 1920   0.13  -0.12      T
  MONTH TO DATE    0.39                      2.22  -1.83     2.61
  SINCE JUN 1      7.97                     11.94  -3.97    11.16
  SINCE JAN 1     27.04                     30.33  -3.29    20.48

DEGREE DAYS
 COOLING
  YESTERDAY       20                        20      0       17
  MONTH TO DATE  394                       400     -6      421
  SINCE JUN 1   1515                      1521     -6     1608
  SINCE JAN 1   2056                      2173   -117     2178
..................................................................


WIND (MPH)
  HIGHEST WIND SPEED    20   HIGHEST WIND DIRECTION    SW (220)
  HIGHEST GUST SPEED    25   HIGHEST GUST DIRECTION    SW (230)




RELATIVE HUMIDITY (PERCENT)
 HIGHEST   100
 LOWEST     56
 AVERAGE    78

..........................................................


THE HOUSTON INTERCONTINENTAL CLIMATE NORMALS FOR TODAY
                         NORMAL    RECORD    YEAR
 MAXIMUM TEMPERATURE (F)   94       106      1909
 MINIMUM TEMPERATURE (F)   75        63      1940


SUNRISE AND SUNSET
AUGUST 21 2014........SUNRISE   652 AM CDT   SUNSET   756 PM CDT
AUGUST 22 2014........SUNRISE   653 AM CDT   SUNSET   755 PM CDT


-  INDICATES NEGATIVE NUMBERS.
R  INDICATES RECORD WAS SET OR TIED.
MM INDICATES DATA IS MISSING.
T  INDICATES TRACE AMOUNT.




...................................

...THE HOUSTON/HOBBY AIRPORT CLIMATE SUMMARY FOR AUGUST 20 2014...

CLIMATE NORMAL PERIOD 1981 TO 2010
CLIMATE RECORD PERIOD 1930 TO 2014


WEATHER ITEM   OBSERVED TIME   RECORD YEAR NORMAL DEPARTURE LAST
                VALUE   (LST)  VALUE       VALUE  FROM      YEAR
                                                  NORMAL
..................................................................
TEMPERATURE (F)
 YESTERDAY
  MAXIMUM         94   1238 PM 101    1999  93      1       87
                                      1930
  MINIMUM         77    104 PM  66    1940  76      1       75
  AVERAGE         86                        84      2       81

PRECIPITATION (IN)
  YESTERDAY        0.36          2.45 1966   0.18   0.18     0.00
  MONTH TO DATE    1.51                      2.93  -1.42     1.30
  SINCE JUN 1      5.75                     14.69  -8.94     4.24
  SINCE JAN 1     22.59                     32.97 -10.38    22.70

DEGREE DAYS
 COOLING
  YESTERDAY       21                        19      2       16
  MONTH TO DATE  408                       380     28      414
  SINCE JUN 1   1532                      1473     59     1637
  SINCE JAN 1   2083                      2127    -44     2207
..................................................................


WIND (MPH)
  HIGHEST WIND SPEED    40   HIGHEST WIND DIRECTION    SW (240)
  HIGHEST GUST SPEED    47   HIGHEST GUST DIRECTION    SW (230)




RELATIVE HUMIDITY (PERCENT)
 HIGHEST    91
 LOWEST     60
 AVERAGE    76

..........................................................


THE HOUSTON/HOBBY AIRPORT CLIMATE NORMALS FOR TODAY
                         NORMAL    RECORD    YEAR
 MAXIMUM TEMPERATURE (F)   93       101      1948
 MINIMUM TEMPERATURE (F)   76        60      1940


SUNRISE AND SUNSET
AUGUST 21 2014........SUNRISE   652 AM CDT   SUNSET   756 PM CDT
AUGUST 22 2014........SUNRISE   653 AM CDT   SUNSET   754 PM CDT


-  INDICATES NEGATIVE NUMBERS.
R  INDICATES RECORD WAS SET OR TIED.
MM INDICATES DATA IS MISSING.
T  INDICATES TRACE AMOUNT.


...MISCELLANEOUS CLIMATE DATA FOR YESTERDAY...

LOCATION                        HIGH    LOW     PRECIP

PEARLAND                         94      77      0.03
SUGAR LAND                       96      78      0.00
TOMBALL                          95      73       T
CONROE                           94      70      0.02
HUNTSVILLE                       96      75      0.12
ANGLETON/LAKE JACKSON            93      76      0.01
PALACIOS                         93      83      0.00
LEAGUE CITY (NWS)                95      76      0.00


THIS PRODUCT...ALONG WITH OTHER WEATHER...HYDROLOGIC...AND CLIMATE
PRODUCTS...IS AVAILABLE ON THE WEB AT HTTP://WWW.SRH.NOAA.GOV/HGX
OR AT HTTP://WEATHER.GOV


$$




U.S. Dept. of Commerce
NOAA National Weather Service
1325 East West Highway
Silver Spring, MD 20910
E-mail: w-nws.webmaster@noaa.gov
Page last modified: May 16, 2007
NATIONAL WEATHER SERVICE: for Safety, for Work, for Fun - FOR LIFE