027
CDUS44 KHGX 311322
CLIHOU

CLIMATE REPORT
NATIONAL WEATHER SERVICE HOUSTON/GALVESTON TX
820 AM CDT THU JUL 31 2014


...MORNING CLIMATE DATA...

                            MORNING LOW    PRECIP SINCE MIDNIGHT
HOUSTON INTERCONTINENTAL         78                0.00
GALVESTON SCHOLES FIELD          82                0.00
BRYAN/COLLEGE STATION            76                 T
HOUSTON HOBBY                    78                0.00

...................................


...THE HOUSTON INTERCONTINENTAL CLIMATE SUMMARY FOR JULY 30 2014...

CLIMATE NORMAL PERIOD 1981 TO 2010
CLIMATE RECORD PERIOD 1892 TO 2014


WEATHER ITEM   OBSERVED TIME   RECORD YEAR NORMAL DEPARTURE LAST
                VALUE   (LST)  VALUE       VALUE  FROM      YEAR
                                                  NORMAL
..................................................................
TEMPERATURE (F)
 YESTERDAY
  MAXIMUM         94    108 PM 102    1914  95     -1       96
  MINIMUM         72    557 AM  68    1994  75     -3       77
                                      1890
  AVERAGE         83                        85     -2       87

PRECIPITATION (IN)
  YESTERDAY        0.00          2.11 1954   0.09  -0.09     0.00
  MONTH TO DATE    1.49                      3.70  -2.21     4.09
  SINCE JUN 1      3.67                      9.63  -5.96     8.55
  SINCE JAN 1     22.74                     28.02  -5.28    17.87

DEGREE DAYS
 COOLING
  YESTERDAY       18                        20     -2       22
  MONTH TO DATE  569                       582    -13      575
  SINCE JUN 1   1102                      1102      0     1166
  SINCE JAN 1   1643                      1754   -111     1736
..................................................................


WIND (MPH)
  HIGHEST WIND SPEED    16   HIGHEST WIND DIRECTION    SE (140)
  HIGHEST GUST SPEED    20   HIGHEST GUST DIRECTION    SE (130)


RELATIVE HUMIDITY (PERCENT)
 HIGHEST   100
 LOWEST     49
 AVERAGE    75

..........................................................


THE HOUSTON INTERCONTINENTAL CLIMATE NORMALS FOR TODAY
                         NORMAL    RECORD    YEAR
 MAXIMUM TEMPERATURE (F)   95       103      1998
 MINIMUM TEMPERATURE (F)   75        67      1891


SUNRISE AND SUNSET
JULY 31 2014..........SUNRISE   640 AM CDT   SUNSET   815 PM CDT
AUGUST  1 2014........SUNRISE   641 AM CDT   SUNSET   815 PM CDT


-  INDICATES NEGATIVE NUMBERS.
R  INDICATES RECORD WAS SET OR TIED.
MM INDICATES DATA IS MISSING.
T  INDICATES TRACE AMOUNT.




...................................

...THE HOUSTON/HOBBY AIRPORT CLIMATE SUMMARY FOR JULY 30 2014...

CLIMATE NORMAL PERIOD 1981 TO 2010
CLIMATE RECORD PERIOD 1930 TO 2014


WEATHER ITEM   OBSERVED TIME   RECORD YEAR NORMAL DEPARTURE LAST
                VALUE   (LST)  VALUE       VALUE  FROM      YEAR
                                                  NORMAL
..................................................................
TEMPERATURE (F)
 YESTERDAY
  MAXIMUM         93    126 PM  99    1986  93      0       96
                                      1957
                                      1948
  MINIMUM         75    612 AM  69    1994  76     -1       75
  AVERAGE         84                        84      0       86

PRECIPITATION (IN)
  YESTERDAY        0.00          2.28 1954   0.12  -0.12     0.00
  MONTH TO DATE    1.23                      4.54  -3.31     1.58
  SINCE JUN 1      4.21                     11.64  -7.43     2.94
  SINCE JAN 1     21.05                     29.92  -8.87    21.40

DEGREE DAYS
 COOLING
  YESTERDAY       19                        19      0       21
  MONTH TO DATE  574                       564     10      600
  SINCE JUN 1   1103                      1074     29     1202
  SINCE JAN 1   1654                      1728    -74     1772
..................................................................


WIND (MPH)
  HIGHEST WIND SPEED    15   HIGHEST WIND DIRECTION    SE (120)
  HIGHEST GUST SPEED    20   HIGHEST GUST DIRECTION     E (80)


RELATIVE HUMIDITY (PERCENT)
 HIGHEST    94
 LOWEST     52
 AVERAGE    73

..........................................................


THE HOUSTON/HOBBY AIRPORT CLIMATE NORMALS FOR TODAY
                         NORMAL    RECORD    YEAR
 MAXIMUM TEMPERATURE (F)   93       101      1948
 MINIMUM TEMPERATURE (F)   76        67      1936


SUNRISE AND SUNSET
JULY 31 2014..........SUNRISE   640 AM CDT   SUNSET   814 PM CDT
AUGUST  1 2014........SUNRISE   641 AM CDT   SUNSET   814 PM CDT


-  INDICATES NEGATIVE NUMBERS.
R  INDICATES RECORD WAS SET OR TIED.
MM INDICATES DATA IS MISSING.
T  INDICATES TRACE AMOUNT.

..........................................................

...MISCELLANEOUS CLIMATE DATA FOR YESTERDAY...

LOCATION                        HIGH    LOW     PRECIP

PEARLAND                         92      75      0.00
SUGAR LAND                       94      74      0.00
TOMBALL                          92      73      0.00
CONROE                           91      68      0.00
HUNTSVILLE                       93      73      0.00
ANGLETON/LAKE JACKSON            90      73      0.00
PALACIOS                         91      77      0.00
LEAGUE CITY (NWS)                91      74      0.00


THIS PRODUCT...ALONG WITH OTHER WEATHER...HYDROLOGIC...AND CLIMATE
PRODUCTS...IS AVAILABLE ON THE WEB AT HTTP://WWW.SRH.NOAA.GOV/HGX
OR AT HTTP://WEATHER.GOV

$$




U.S. Dept. of Commerce
NOAA National Weather Service
1325 East West Highway
Silver Spring, MD 20910
E-mail: w-nws.webmaster@noaa.gov
Page last modified: May 16, 2007
NATIONAL WEATHER SERVICE: for Safety, for Work, for Fun - FOR LIFE