472
CDUS44 KHGX 171341
CLIHOU

CLIMATE REPORT
NATIONAL WEATHER SERVICE HOUSTON/GALVESTON TX
840 AM CDT WED SEP 17 2014


...MORNING CLIMATE DATA...

                            MORNING LOW    PRECIP SINCE MIDNIGHT

HOUSTON INTERCONTINENTAL         76                0.00
GALVESTON SCHOLES FIELD          78                0.00
BRYAN/COLLEGE STATION            75                0.00
HOUSTON HOBBY                    76                 T

...................................


...THE HOUSTON INTERCONTINENTAL CLIMATE SUMMARY FOR SEPTEMBER 16 2014...

CLIMATE NORMAL PERIOD 1981 TO 2010
CLIMATE RECORD PERIOD 1892 TO 2014


WEATHER ITEM   OBSERVED TIME   RECORD YEAR NORMAL DEPARTURE LAST
                VALUE   (LST)  VALUE       VALUE  FROM      YEAR
                                                  NORMAL
..................................................................
TEMPERATURE (F)
 YESTERDAY
  MAXIMUM         91    155 PM  98    1995  90      1       93
                                      1906
  MINIMUM         75    401 AM  53    1979  70      5       73
  AVERAGE         83                        80      3       83

PRECIPITATION (IN)
  YESTERDAY        0.12          1.72 1941   0.13  -0.01     0.00
  MONTH TO DATE    1.12                      2.33  -1.21     0.56
  SINCE SEP 1      1.12                      2.33  -1.21     0.56
  SINCE JAN 1     29.01                     34.20  -5.19    21.76

DEGREE DAYS
 HEATING
  YESTERDAY        0                         0      0        0
  MONTH TO DATE    0                         0      0        0
  SINCE SEP 1      0                         0      0        0
  SINCE JUL 1      0                         0      0        0

 COOLING
  YESTERDAY       18                        15      3       18
  MONTH TO DATE  280                       266     14      310
  SINCE SEP 1    280                       266     14      310
  SINCE JAN 1   2556                      2648    -92     2703
..................................................................


WIND (MPH)
  HIGHEST WIND SPEED    24   HIGHEST WIND DIRECTION    SE (140)
  HIGHEST GUST SPEED    28   HIGHEST GUST DIRECTION    SE (140)


RELATIVE HUMIDITY (PERCENT)
 HIGHEST   100
 LOWEST     64
 AVERAGE    82

..........................................................


THE HOUSTON INTERCONTINENTAL CLIMATE NORMALS FOR TODAY
                         NORMAL    RECORD    YEAR
 MAXIMUM TEMPERATURE (F)   89       100      1995
 MINIMUM TEMPERATURE (F)   70        55      2000
                                             1903

SUNRISE AND SUNSET
SEPTEMBER 17 2014.....SUNRISE   707 AM CDT   SUNSET   724 PM CDT
SEPTEMBER 18 2014.....SUNRISE   708 AM CDT   SUNSET   723 PM CDT


-  INDICATES NEGATIVE NUMBERS.
R  INDICATES RECORD WAS SET OR TIED.
MM INDICATES DATA IS MISSING.
T  INDICATES TRACE AMOUNT.




...................................

...THE HOUSTON/HOBBY AIRPORT CLIMATE SUMMARY FOR SEPTEMBER 16 2014...

CLIMATE NORMAL PERIOD 1981 TO 2010
CLIMATE RECORD PERIOD 1930 TO 2014


WEATHER ITEM   OBSERVED TIME   RECORD YEAR NORMAL DEPARTURE LAST
                VALUE   (LST)  VALUE       VALUE  FROM      YEAR
                                                  NORMAL
..................................................................
TEMPERATURE (F)
 YESTERDAY
  MAXIMUM         89    200 PM  96    2004  88      1       93
                                      1995
                                      1962
  MINIMUM         76   1044 AM  59    1934  72      4       79
  AVERAGE         83                        80      3       86

PRECIPITATION (IN)
  YESTERDAY        1.42          2.22 1941   0.17   1.25     0.00
  MONTH TO DATE    1.73                      3.10  -1.37     1.35
  SINCE SEP 1      1.73                      3.10  -1.37     1.35
  SINCE JAN 1     26.26                     38.20 -11.94    24.22

DEGREE DAYS
 HEATING
  YESTERDAY        0                         0      0        0
  MONTH TO DATE    0                         0      0        0
  SINCE SEP 1      0                         0      0        0
  SINCE JUL 1      0                         0      0        0

 COOLING
  YESTERDAY       18                        15      3       21
  MONTH TO DATE  288                       267     21      318
  SINCE SEP 1    288                       267     21      318
  SINCE JAN 1   2592                      2608    -16     2744
..................................................................


WIND (MPH)
  HIGHEST WIND SPEED    15   HIGHEST WIND DIRECTION    SE (140)
  HIGHEST GUST SPEED    21   HIGHEST GUST DIRECTION    SE (150)


RELATIVE HUMIDITY (PERCENT)
 HIGHEST    97
 LOWEST     68
 AVERAGE    83

..........................................................


THE HOUSTON/HOBBY AIRPORT CLIMATE NORMALS FOR TODAY
                         NORMAL    RECORD    YEAR
 MAXIMUM TEMPERATURE (F)   88        97      2004
                                             1995
 MINIMUM TEMPERATURE (F)   72        58      1934


SUNRISE AND SUNSET
SEPTEMBER 17 2014.....SUNRISE   707 AM CDT   SUNSET   724 PM CDT
SEPTEMBER 18 2014.....SUNRISE   707 AM CDT   SUNSET   723 PM CDT


-  INDICATES NEGATIVE NUMBERS.
R  INDICATES RECORD WAS SET OR TIED.
MM INDICATES DATA IS MISSING.
T  INDICATES TRACE AMOUNT.

..........................................................

...MISCELLANEOUS CLIMATE DATA FOR YESTERDAY...

LOCATION                        HIGH    LOW     PRECIP

PEARLAND                         88      76      0.30
SUGAR LAND                       89      78      0.27
TOMBALL                          92      75      0.03
CONROE                           93      74      0.05
HUNTSVILLE                       94      74      0.08
ANGLETON/LAKE JACKSON            87      76      1.24
PALACIOS                         87      77      0.09
LEAGUE CITY (NWS)                85      76      1.97


THIS PRODUCT...ALONG WITH OTHER WEATHER...HYDROLOGIC...AND CLIMATE
PRODUCTS...IS AVAILABLE ON THE WEB AT HTTP://WWW.SRH.NOAA.GOV/HGX
OR AT HTTP://WEATHER.GOV

$$




U.S. Dept. of Commerce
NOAA National Weather Service
1325 East West Highway
Silver Spring, MD 20910
E-mail: w-nws.webmaster@noaa.gov
Page last modified: May 16, 2007
NATIONAL WEATHER SERVICE: for Safety, for Work, for Fun - FOR LIFE