483
CDUS44 KHGX 231006
CLIHOU

CLIMATE REPORT
NATIONAL WEATHER SERVICE HOUSTON/GALVESTON TX
235 AM CST SUN NOV 23 2014


...................................

...THE HOUSTON INTERCONTINENTAL CLIMATE SUMMARY FOR NOVEMBER 22 2014...

CLIMATE NORMAL PERIOD 1981 TO 2010
CLIMATE RECORD PERIOD 1892 TO 2014


WEATHER ITEM   OBSERVED TIME   RECORD YEAR NORMAL DEPARTURE LAST
                VALUE   (LST)  VALUE       VALUE  FROM      YEAR
                                                  NORMAL
..................................................................
TEMPERATURE (F)
 YESTERDAY
  MAXIMUM         68    138 PM  87    1973  70     -2       73
  MINIMUM         58    409 AM  30    1975  50      8       43
  AVERAGE         63                        60      3       58

PRECIPITATION (IN)
  YESTERDAY        0.11          3.09 2004   0.13  -0.02     1.40
  MONTH TO DATE    3.17                      3.21  -0.04     1.67
  SINCE SEP 1     10.00                     13.03  -3.03    13.84
  SINCE JAN 1     37.89                     44.90  -7.01    35.04

SNOWFALL (IN)
  YESTERDAY        0.0           0.0  2002
                                      2001
  MONTH TO DATE    0.0
  SINCE SEP 1      0.0
  SINCE JUL 1      0.0

DEGREE DAYS
 HEATING
  YESTERDAY        2                         6     -4        7
  MONTH TO DATE  201                        93    108       87
  SINCE SEP 1    201                       123     78       95
  SINCE JUL 1    201                       123     78       95
..................................................................


WIND (MPH)
  HIGHEST WIND SPEED    23   HIGHEST WIND DIRECTION    SE (130)
  HIGHEST GUST SPEED    28   HIGHEST GUST DIRECTION    SE (130)




RELATIVE HUMIDITY (PERCENT)
 HIGHEST   100
 LOWEST     81
 AVERAGE    91

..........................................................


THE HOUSTON INTERCONTINENTAL CLIMATE NORMALS FOR TODAY
                         NORMAL    RECORD    YEAR
 MAXIMUM TEMPERATURE (F)   70        85      2010
                                             1973
 MINIMUM TEMPERATURE (F)   50        24      1975


SUNRISE AND SUNSET
NOVEMBER 23 2014......SUNRISE   653 AM CST   SUNSET   522 PM CST
NOVEMBER 24 2014......SUNRISE   654 AM CST   SUNSET   522 PM CST


-  INDICATES NEGATIVE NUMBERS.
R  INDICATES RECORD WAS SET OR TIED.
MM INDICATES DATA IS MISSING.
T  INDICATES TRACE AMOUNT.


&&

...................................

...THE HOUSTON/HOBBY AIRPORT CLIMATE SUMMARY FOR NOVEMBER 22 2014...

CLIMATE NORMAL PERIOD 1981 TO 2010
CLIMATE RECORD PERIOD 1930 TO 2014


WEATHER ITEM   OBSERVED TIME   RECORD YEAR NORMAL DEPARTURE LAST
                VALUE   (LST)  VALUE       VALUE  FROM      YEAR
                                                  NORMAL
..................................................................
TEMPERATURE (F)
 YESTERDAY
  MAXIMUM         67    948 PM  86    1973  70     -3       74
  MINIMUM         62    804 AM  28    1937  52     10       45
  AVERAGE         65                        61      4       60

PRECIPITATION (IN)
  YESTERDAY        1.69R         1.28 1947   0.14   1.55     0.89
  MONTH TO DATE    4.13                      3.22   0.91     1.23
  SINCE SEP 1     11.68                     14.42  -2.74    16.97
  SINCE JAN 1     36.21                     49.52 -13.31    39.84

SNOWFALL (IN)
  YESTERDAY        0.0          MM      MM
  MONTH TO DATE    0.0
  SINCE SEP 1      0.0
  SINCE JUL 1      0.0

DEGREE DAYS
 HEATING
  YESTERDAY        0                         6     -6        5
  MONTH TO DATE  175                        81     94       67
  SINCE SEP 1    175                       102     73       70
  SINCE JUL 1    175                       102     73       70
..................................................................


WIND (MPH)
  HIGHEST WIND SPEED    17   HIGHEST WIND DIRECTION     E (110)
  HIGHEST GUST SPEED    25   HIGHEST GUST DIRECTION     E (100)




RELATIVE HUMIDITY (PERCENT)
 HIGHEST   100
 LOWEST     87
 AVERAGE    94

..........................................................


THE HOUSTON/HOBBY AIRPORT CLIMATE NORMALS FOR TODAY
                         NORMAL    RECORD    YEAR
 MAXIMUM TEMPERATURE (F)   70        84      1973
                                             1967
 MINIMUM TEMPERATURE (F)   52        30      1975


SUNRISE AND SUNSET
NOVEMBER 23 2014......SUNRISE   652 AM CST   SUNSET   523 PM CST
NOVEMBER 24 2014......SUNRISE   653 AM CST   SUNSET   523 PM CST


-  INDICATES NEGATIVE NUMBERS.
R  INDICATES RECORD WAS SET OR TIED.
MM INDICATES DATA IS MISSING.
T  INDICATES TRACE AMOUNT.

&&


$$




U.S. Dept. of Commerce
NOAA National Weather Service
1325 East West Highway
Silver Spring, MD 20910
E-mail: w-nws.webmaster@noaa.gov
Page last modified: May 16, 2007
NATIONAL WEATHER SERVICE: for Safety, for Work, for Fun - FOR LIFE