131
CDUS43 KFSD 310647
CLIHON


CLIMATE REPORT
NATIONAL WEATHER SERVICE SIOUX FALLS SD
147 AM CDT FRI OCT 31 2014


...................................

...THE HURON SD CLIMATE SUMMARY FOR OCTOBER 30 2014...

CLIMATE NORMAL PERIOD 1981 TO 2010
CLIMATE RECORD PERIOD 1881 TO 2014


WEATHER ITEM   OBSERVED TIME   RECORD YEAR NORMAL DEPARTURE LAST
                VALUE   (LST)  VALUE       VALUE  FROM      YEAR
                                                  NORMAL
..................................................................
TEMPERATURE (F)
 YESTERDAY
  MAXIMUM         45    259 PM  86    1950  53     -8       37
  MINIMUM         18   1136 PM   6    1925  30    -12       34
  AVERAGE         32                        42    -10       36

PRECIPITATION (IN)
  YESTERDAY        0.00          0.62 1943   0.05  -0.05      T
  MONTH TO DATE    0.28                      1.75  -1.47     5.41
  SINCE SEP 1      1.38                      4.21  -2.83     6.82
  SINCE JAN 1     14.94                     21.47  -6.53    24.02

SNOWFALL (IN)
  YESTERDAY        0.0           5.8  1896   0.1   -0.1      0.0
  MONTH TO DATE    0.0                       1.0   -1.0      0.9
  SINCE SEP 1      0.0                       1.0   -1.0      0.9
  SINCE JUL 1      0.0                       1.0   -1.0      0.9
  SNOW DEPTH       0

DEGREE DAYS
 HEATING
  YESTERDAY       33                        23     10       29
  MONTH TO DATE  434                       510    -76      542
  SINCE SEP 1    573                       677   -104      595
  SINCE JUL 1    606                       706   -100      617

 COOLING
  YESTERDAY        0                         0      0        0
  MONTH TO DATE    0                         0      0        0
  SINCE SEP 1     74                        69      5      160
  SINCE JAN 1    597                       738   -141      848
..................................................................


WIND (MPH)
  HIGHEST WIND SPEED    24   HIGHEST WIND DIRECTION     N (360)
  HIGHEST GUST SPEED    31   HIGHEST GUST DIRECTION     N (350)
  AVERAGE WIND SPEED    14.4


SKY COVER
  POSSIBLE SUNSHINE  MM
  AVERAGE SKY COVER 0.5


WEATHER CONDITIONS
 THE FOLLOWING WEATHER WAS RECORDED YESTERDAY.
  FOG
  HAZE


RELATIVE HUMIDITY (PERCENT)
 HIGHEST    89           600 AM
 LOWEST     60          1200 AM
 AVERAGE    75

..........................................................


THE HURON SD CLIMATE NORMALS FOR TODAY
                         NORMAL    RECORD    YEAR
 MAXIMUM TEMPERATURE (F)   53        80      1933
 MINIMUM TEMPERATURE (F)   30         8      2002


SUNRISE AND SUNSET
OCTOBER 31 2014.......SUNRISE   809 AM CDT   SUNSET   624 PM CDT
NOVEMBER  1 2014......SUNRISE   810 AM CDT   SUNSET   622 PM CDT


-  INDICATES NEGATIVE NUMBERS.
R  INDICATES RECORD WAS SET OR TIED.
MM INDICATES DATA IS MISSING.
T  INDICATES TRACE AMOUNT.




$$






U.S. Dept. of Commerce
NOAA National Weather Service
1325 East West Highway
Silver Spring, MD 20910
E-mail: w-nws.webmaster@noaa.gov
Page last modified: May 16, 2007
NATIONAL WEATHER SERVICE: for Safety, for Work, for Fun - FOR LIFE