939
CDUS43 KFSD 240628
CLIHON


CLIMATE REPORT
NATIONAL WEATHER SERVICE SIOUX FALLS SD
125 AM CDT FRI OCT 24 2014


...................................

...THE HURON SD CLIMATE SUMMARY FOR OCTOBER 23 2014...

CLIMATE NORMAL PERIOD 1981 TO 2010
CLIMATE RECORD PERIOD 1881 TO 2014


WEATHER ITEM   OBSERVED TIME   RECORD YEAR NORMAL DEPARTURE LAST
                VALUE   (LST)  VALUE       VALUE  FROM      YEAR
                                                  NORMAL
..................................................................
TEMPERATURE (F)
 YESTERDAY
  MAXIMUM         73    335 PM  83    1927  57     16       40
  MINIMUM         34    652 AM   6    1917  33      1       29
  AVERAGE         54                        45      9       35

PRECIPITATION (IN)
  YESTERDAY        0.00          0.94 1995   0.05  -0.05     0.02
  MONTH TO DATE    0.14                      1.42  -1.28     5.24
  SINCE SEP 1      1.24                      3.88  -2.64     6.65
  SINCE JAN 1     14.80                     21.14  -6.34    23.85

SNOWFALL (IN)
  YESTERDAY        0.0           8.6  1995   0.0    0.0       T
  MONTH TO DATE    0.0                       0.5   -0.5      0.6
  SINCE SEP 1      0.0                       0.5   -0.5      0.6
  SINCE JUL 1      0.0                       0.5   -0.5      0.6
  SNOW DEPTH       0

DEGREE DAYS
 HEATING
  YESTERDAY       11                        20     -9       30
  MONTH TO DATE  311                       357    -46      360
  SINCE SEP 1    450                       524    -74      413
  SINCE JUL 1    483                       553    -70      435

 COOLING
  YESTERDAY        0                         0      0        0
  MONTH TO DATE    0                         0      0        0
  SINCE SEP 1     74                        69      5      160
  SINCE JAN 1    597                       738   -141      848
..................................................................


WIND (MPH)
  HIGHEST WIND SPEED    16   HIGHEST WIND DIRECTION     S (180)
  HIGHEST GUST SPEED    23   HIGHEST GUST DIRECTION     S (170)
  AVERAGE WIND SPEED     6.5


SKY COVER
  POSSIBLE SUNSHINE  MM
  AVERAGE SKY COVER 0.0


WEATHER CONDITIONS
 THE FOLLOWING WEATHER WAS RECORDED YESTERDAY.
  NO SIGNIFICANT WEATHER WAS OBSERVED.


RELATIVE HUMIDITY (PERCENT)
 HIGHEST   100           200 AM
 LOWEST     35           300 PM
 AVERAGE    68

..........................................................


THE HURON SD CLIMATE NORMALS FOR TODAY
                         NORMAL    RECORD    YEAR
 MAXIMUM TEMPERATURE (F)   57        84      1989
 MINIMUM TEMPERATURE (F)   32         8      1887


SUNRISE AND SUNSET
OCTOBER 24 2014.......SUNRISE   759 AM CDT   SUNSET   634 PM CDT
OCTOBER 25 2014.......SUNRISE   801 AM CDT   SUNSET   632 PM CDT


-  INDICATES NEGATIVE NUMBERS.
R  INDICATES RECORD WAS SET OR TIED.
MM INDICATES DATA IS MISSING.
T  INDICATES TRACE AMOUNT.




$$






U.S. Dept. of Commerce
NOAA National Weather Service
1325 East West Highway
Silver Spring, MD 20910
E-mail: w-nws.webmaster@noaa.gov
Page last modified: May 16, 2007
NATIONAL WEATHER SERVICE: for Safety, for Work, for Fun - FOR LIFE