023
CDUS43 KFSD 280029
CLIHON

CLIMATE REPORT
NATIONAL WEATHER SERVICE SIOUX FALLS SD
724 PM CDT WED AUG 27 2014


...................................

...THE HURON SD CLIMATE SUMMARY FOR AUGUST 27 2014...
VALID AS OF 0700 PM LOCAL TIME.

CLIMATE NORMAL PERIOD 1981 TO 2010
CLIMATE RECORD PERIOD 1881 TO 2014


WEATHER ITEM   OBSERVED TIME   RECORD YEAR NORMAL DEPARTURE LAST
                VALUE   (LST)  VALUE       VALUE  FROM      YEAR
                                                  NORMAL
..................................................................
TEMPERATURE (F)
 TODAY
  MAXIMUM         80    214 PM 102    1973  82     -2       97
  MINIMUM         59    609 AM  40    1911  57      2       70
                                      1896
  AVERAGE         70                        70      0       84

PRECIPITATION (IN)
  TODAY            0.00          1.52 1936   0.06  -0.06     0.00
  MONTH TO DATE    2.36                      2.15   0.21     1.22
  SINCE JUN 1      8.40                      9.00  -0.60     6.61
  SINCE JAN 1     12.89                     16.98  -4.09    17.20

SNOWFALL (IN)
  TODAY            0.0           0.0    MM   0.0    0.0      0.0
  MONTH TO DATE    0.0                       0.0    0.0      0.0
  SINCE JUN 1      0.0                       0.0    0.0      0.0
  SINCE JUL 1      0.0                       0.0    0.0      0.0
  SNOW DEPTH       0

DEGREE DAYS
 HEATING
  TODAY            0                         1     -1        0
  MONTH TO DATE   10                        11     -1        1
  SINCE JUN 1     73                        70      3       88
  SINCE JUL 1     33                        19     14       22

 COOLING
  TODAY            5                         6     -1       19
  MONTH TO DATE  161                       205    -44      198
  SINCE JUN 1    441                       615   -174      588
  SINCE JAN 1    503                       648   -145      626
..................................................................


WIND (MPH)
  HIGHEST WIND SPEED    15   HIGHEST WIND DIRECTION     S (170)
  HIGHEST GUST SPEED    22   HIGHEST GUST DIRECTION     S (190)
  AVERAGE WIND SPEED     7.6


SKY COVER
  POSSIBLE SUNSHINE  MM
  AVERAGE SKY COVER 0.7


WEATHER CONDITIONS
 THE FOLLOWING WEATHER WAS RECORDED TODAY.
  NO SIGNIFICANT WEATHER WAS OBSERVED.


RELATIVE HUMIDITY (PERCENT)
 HIGHEST    93           200 AM
 LOWEST     62           200 PM
 AVERAGE    78

..........................................................


THE HURON SD CLIMATE NORMALS FOR TOMORROW
                         NORMAL    RECORD    YEAR
 MAXIMUM TEMPERATURE (F)   82       101      1937
 MINIMUM TEMPERATURE (F)   57        34      1893


SUNRISE AND SUNSET
AUGUST 27 2014........SUNRISE   650 AM CDT   SUNSET   818 PM CDT
AUGUST 28 2014........SUNRISE   651 AM CDT   SUNSET   816 PM CDT


-  INDICATES NEGATIVE NUMBERS.
R  INDICATES RECORD WAS SET OR TIED.
MM INDICATES DATA IS MISSING.
T  INDICATES TRACE AMOUNT.




$$




U.S. Dept. of Commerce
NOAA National Weather Service
1325 East West Highway
Silver Spring, MD 20910
E-mail: w-nws.webmaster@noaa.gov
Page last modified: May 16, 2007
NATIONAL WEATHER SERVICE: for Safety, for Work, for Fun - FOR LIFE