683
CDHW40 PHFO 251245
CLIHNL


CLIMATE REPORT
NATIONAL WEATHER SERVICE HONOLULU HI
245 AM HST TUE NOV 25 2014


...................................

...THE HONOLULU HI CLIMATE SUMMARY FOR NOVEMBER 24 2014...

CLIMATE NORMAL PERIOD 1981 TO 2010
CLIMATE RECORD PERIOD 1946 TO 2014


WEATHER ITEM   OBSERVED TIME   RECORD YEAR NORMAL DEPARTURE LAST
                VALUE   (LST)  VALUE       VALUE  FROM      YEAR
                                                  NORMAL
..................................................................
TEMPERATURE (F)
 YESTERDAY
  MAXIMUM         78    213 PM  87    1987  83     -5       83
                                      1983
                                      1968
  MINIMUM         71    756 AM  59    1990  71      0       63
                                      1958
                                      1897
  AVERAGE         75                        77     -2       73

PRECIPITATION (IN)
  YESTERDAY        0.14          1.36 1975   0.08   0.06     0.00
  MONTH TO DATE    1.43                      1.95  -0.52     1.43
  SINCE SEP 1      7.52                      4.49   3.03     2.94
  SINCE JAN 1     19.75                     13.39   6.36    12.02

SNOWFALL (IN)
  YESTERDAY        0.0
  MONTH TO DATE    0.0
  SINCE SEP 1      0.0
  SINCE JUL 1      0.0
  SNOW DEPTH       0

DEGREE DAYS
 HEATING
  YESTERDAY        0                         0      0        0
  MONTH TO DATE    0                         0      0        0
  SINCE SEP 1      0                         0      0        0
  SINCE JUL 1      0                         0      0        0

 COOLING
  YESTERDAY       10                        12     -2        8
  MONTH TO DATE  332                       311     21      288
  SINCE SEP 1   1394                      1273    121     1203
  SINCE JAN 1   4552                      4257    295     4063
..................................................................


WIND (MPH)
  HIGHEST WIND SPEED    22   HIGHEST WIND DIRECTION     N (350)
  HIGHEST GUST SPEED    28   HIGHEST GUST DIRECTION     N (350)
  AVERAGE WIND SPEED    11.3


SKY COVER
  POSSIBLE SUNSHINE  MM
  AVERAGE SKY COVER 0.7


WEATHER CONDITIONS
 THE FOLLOWING WEATHER WAS RECORDED YESTERDAY.
  LIGHT RAIN
  FOG


RELATIVE HUMIDITY (PERCENT)
 HIGHEST    93           700 AM
 LOWEST     58           500 PM
 AVERAGE    76

..........................................................


THE HONOLULU HI CLIMATE NORMALS FOR TODAY
                         NORMAL    RECORD    YEAR
 MAXIMUM TEMPERATURE (F)   83        87      1983
                                             1968
 MINIMUM TEMPERATURE (F)   71        57      1990


SUNRISE AND SUNSET
NOVEMBER 25 2014......SUNRISE   649 AM HST   SUNSET   548 PM HST
NOVEMBER 26 2014......SUNRISE   650 AM HST   SUNSET   548 PM HST


-  INDICATES NEGATIVE NUMBERS.
R  INDICATES RECORD WAS SET OR TIED.
MM INDICATES DATA IS MISSING.
T  INDICATES TRACE AMOUNT.




$$





U.S. Dept. of Commerce
NOAA National Weather Service
1325 East West Highway
Silver Spring, MD 20910
E-mail: w-nws.webmaster@noaa.gov
Page last modified: May 16, 2007
NATIONAL WEATHER SERVICE: for Safety, for Work, for Fun - FOR LIFE