329
CDHW40 PHFO 240232
CLIHNL


CLIMATE REPORT
NATIONAL WEATHER SERVICE HONOLULU HI
432 PM HST THU OCT 23 2014


...................................

...THE HONOLULU HI CLIMATE SUMMARY FOR OCTOBER 23 2014...
VALID TODAY AS OF 0400 PM LOCAL TIME.

CLIMATE NORMAL PERIOD 1981 TO 2010
CLIMATE RECORD PERIOD 1946 TO 2014


WEATHER ITEM   OBSERVED TIME   RECORD YEAR NORMAL DEPARTURE LAST
                VALUE   (LST)  VALUE       VALUE  FROM      YEAR
                                                  NORMAL
..................................................................
TEMPERATURE (F)
 TODAY
  MAXIMUM         87    303 PM  89    2013  86      1       89
                                      2010
                                      1995
  MINIMUM         74    638 AM  65    1890  73      1       69
  AVERAGE         81                        80      1       79

PRECIPITATION (IN)
  TODAY            T             3.94 1939   0.08  -0.08     0.00
  MONTH TO DATE    5.47                      1.24   4.23     0.18
  SINCE SEP 1      6.05                      1.94   4.11     1.51
  SINCE JAN 1     18.28                     10.84   7.44    10.59

SNOWFALL (IN)
  TODAY            0.0
  MONTH TO DATE    0.0
  SINCE SEP 1      0.0
  SINCE JUL 1      0.0
  SNOW DEPTH       0

DEGREE DAYS
 HEATING
  TODAY            0                         0      0        0
  MONTH TO DATE    0                         0      0        0
  SINCE SEP 1      0                         0      0        0
  SINCE JUL 1      0                         0      0        0

 COOLING
  TODAY           16                        15      1       14
  MONTH TO DATE  391                       354     37      316
  SINCE SEP 1    936                       849     87      793
  SINCE JAN 1   4094                      3833    261     3653
..................................................................


WIND (MPH)
  HIGHEST WIND SPEED    18   HIGHEST WIND DIRECTION     E (70)
  HIGHEST GUST SPEED    24   HIGHEST GUST DIRECTION     E (70)
  AVERAGE WIND SPEED     6.8


SKY COVER
  POSSIBLE SUNSHINE  MM
  AVERAGE SKY COVER 0.5


WEATHER CONDITIONS
 THE FOLLOWING WEATHER WAS RECORDED TODAY.
  FOG


RELATIVE HUMIDITY (PERCENT)
 HIGHEST    94           200 AM
 LOWEST     50           100 PM
 AVERAGE    72

..........................................................


THE HONOLULU HI CLIMATE NORMALS FOR TOMORROW
                         NORMAL    RECORD    YEAR
 MAXIMUM TEMPERATURE (F)   86        90      1995
                                             1967
 MINIMUM TEMPERATURE (F)   73        65      1965


SUNRISE AND SUNSET
OCTOBER 23 2014.......SUNRISE   631 AM HST   SUNSET   601 PM HST
OCTOBER 24 2014.......SUNRISE   631 AM HST   SUNSET   600 PM HST


-  INDICATES NEGATIVE NUMBERS.
R  INDICATES RECORD WAS SET OR TIED.
MM INDICATES DATA IS MISSING.
T  INDICATES TRACE AMOUNT.




$$





U.S. Dept. of Commerce
NOAA National Weather Service
1325 East West Highway
Silver Spring, MD 20910
E-mail: w-nws.webmaster@noaa.gov
Page last modified: May 16, 2007
NATIONAL WEATHER SERVICE: for Safety, for Work, for Fun - FOR LIFE