565
CDUS45 KTFX 272342
CLIHLN


CLIMATE REPORT
NATIONAL WEATHER SERVICE GREAT FALLS MT
441 PM MST THU NOV 27 2014


...................................

...THE HELENA MT CLIMATE SUMMARY FOR NOVEMBER 27 2014...
VALID TODAY AS OF 0400 PM LOCAL TIME.

CLIMATE NORMAL PERIOD 1981 TO 2010
CLIMATE RECORD PERIOD 1866 TO 2014


WEATHER ITEM   OBSERVED TIME   RECORD YEAR NORMAL DEPARTURE LAST
                VALUE   (LST)  VALUE       VALUE  FROM      YEAR
                                                  NORMAL
..................................................................
TEMPERATURE (F)
 TODAY
  MAXIMUM         58R   340 PM  58    1949  37     21       44
                                      1945
  MINIMUM         19    820 AM -22    1896  17      2       24
  AVERAGE         39                        27     12       34

PRECIPITATION (IN)
  TODAY            0.00          0.55 1991   0.02  -0.02     0.00
  MONTH TO DATE    0.77                      0.44   0.33     0.15
  SINCE OCT 1      1.17                      1.12   0.05     0.71
  SINCE JAN 1     11.13                     10.77   0.36    10.29

SNOWFALL (IN)
  TODAY            0.0           9.3  1954   0.2   -0.2      0.0
  MONTH TO DATE    4.7                       4.1    0.6      1.5
  SINCE SEP 1      4.7                       7.8   -3.1      3.5
  SINCE JUL 1      4.7                       8.1   -3.4      3.5
  SNOW DEPTH      MM

DEGREE DAYS
 HEATING
  TODAY           26                        38    -12       31
  MONTH TO DATE  939                       859     80      845
  SINCE SEP 1   1516                      1698   -182     1694
  SINCE JUL 1   1563                      1767   -204     1697

 COOLING
  TODAY            0                         0      0        0
  MONTH TO DATE    0                         0      0        0
  SINCE SEP 1     21                        23     -2       80
  SINCE JAN 1    469                       406     63      589
..................................................................


WIND (MPH)
  HIGHEST WIND SPEED    16   HIGHEST WIND DIRECTION    SW (230)
  HIGHEST GUST SPEED    22   HIGHEST GUST DIRECTION     W (250)
  AVERAGE WIND SPEED     3.8


SKY COVER
  AVERAGE SKY COVER 0.5


WEATHER CONDITIONS
 THE FOLLOWING WEATHER WAS RECORDED TODAY.
  FOG
  FOG W/VISIBILITY <= 1/4 MILE


RELATIVE HUMIDITY (PERCENT)
 HIGHEST   100           100 AM
 LOWEST     38           400 PM
 AVERAGE    69

..........................................................


THE HELENA MT CLIMATE NORMALS FOR TOMORROW
                         NORMAL    RECORD    YEAR
 MAXIMUM TEMPERATURE (F)   36        53      1935
                                             1932
                                             1899
 MINIMUM TEMPERATURE (F)   17       -20      1896


SUNRISE AND SUNSET
NOVEMBER 27 2014......SUNRISE   747 AM MST   SUNSET   444 PM MST
NOVEMBER 28 2014......SUNRISE   748 AM MST   SUNSET   444 PM MST


-  INDICATES NEGATIVE NUMBERS.
R  INDICATES RECORD WAS SET OR TIED.
MM INDICATES DATA IS MISSING.
T  INDICATES TRACE AMOUNT.




$$





U.S. Dept. of Commerce
NOAA National Weather Service
1325 East West Highway
Silver Spring, MD 20910
E-mail: w-nws.webmaster@noaa.gov
Page last modified: May 16, 2007
NATIONAL WEATHER SERVICE: for Safety, for Work, for Fun - FOR LIFE