339
CDUS45 KTFX 231005
CLIHLN


CLIMATE REPORT
NATIONAL WEATHER SERVICE GREAT FALLS MT
404 AM MDT WED APR 23 2014


...................................

...THE HELENA MT CLIMATE SUMMARY FOR APRIL 22 2014...

CLIMATE NORMAL PERIOD 1981 TO 2010
CLIMATE RECORD PERIOD 1866 TO 2014


WEATHER ITEM   OBSERVED TIME   RECORD YEAR NORMAL DEPARTURE LAST
                VALUE   (LST)  VALUE       VALUE  FROM      YEAR
                                                  NORMAL
..................................................................
TEMPERATURE (F)
 YESTERDAY
  MAXIMUM         73   1220 PM  83    1906  60     13       40
  MINIMUM         41   1159 PM  17    1968  34      7       21
                                      1967
                                      1951
  AVERAGE         57                        47     10       31

PRECIPITATION (IN)
  YESTERDAY        0.21          0.87 1886   0.03   0.18      T
  MONTH TO DATE    0.25                      0.68  -0.43     0.77
  SINCE OCT 1      4.58                      3.50   1.08     4.83
  SINCE JAN 1      3.58                      1.93   1.65     1.53

SNOWFALL (IN)
  YESTERDAY        0.0           5.8  1960   0.1   -0.1       T
  MONTH TO DATE    T                         2.9   -2.9      3.6
  SINCE MAR 1      3.8                       9.1   -5.3      4.0
  SINCE JUL 1     41.8                      36.4    5.4     39.7
  SNOW DEPTH       0

DEGREE DAYS
 HEATING
  YESTERDAY        8                        18    -10       34
  MONTH TO DATE  414                       466    -52      570
  SINCE MAR 1   1342                      1357    -15     1431
  SINCE JUL 1   6858                      6918    -60     6550

 COOLING
  YESTERDAY        0                         0      0        0
  MONTH TO DATE    0                         0      0        0
  SINCE MAR 1      0                         0      0        0
  SINCE JAN 1      0                         0      0        0
..................................................................


WIND (MPH)
  HIGHEST WIND SPEED    30   HIGHEST WIND DIRECTION     W (260)
  HIGHEST GUST SPEED    37   HIGHEST GUST DIRECTION     W (250)
  AVERAGE WIND SPEED     8.2


SKY COVER
  AVERAGE SKY COVER 0.4


WEATHER CONDITIONS
 THE FOLLOWING WEATHER WAS RECORDED YESTERDAY.
  THUNDERSTORM
  LIGHT RAIN


RELATIVE HUMIDITY (PERCENT)
 HIGHEST    76           900 PM
 LOWEST     25          1200 PM
 AVERAGE    51

..........................................................


THE HELENA MT CLIMATE NORMALS FOR TODAY
                         NORMAL    RECORD    YEAR
 MAXIMUM TEMPERATURE (F)   60        83      2012
 MINIMUM TEMPERATURE (F)   34        14      1931


SUNRISE AND SUNSET
APRIL 23 2014.........SUNRISE   627 AM MDT   SUNSET   827 PM MDT
APRIL 24 2014.........SUNRISE   625 AM MDT   SUNSET   828 PM MDT


-  INDICATES NEGATIVE NUMBERS.
R  INDICATES RECORD WAS SET OR TIED.
MM INDICATES DATA IS MISSING.
T  INDICATES TRACE AMOUNT.




$$





U.S. Dept. of Commerce
NOAA National Weather Service
1325 East West Highway
Silver Spring, MD 20910
E-mail: w-nws.webmaster@noaa.gov
Page last modified: May 16, 2007
NATIONAL WEATHER SERVICE: for Safety, for Work, for Fun - FOR LIFE