726
CDUS45 KTFX 232225
CLIHLN


CLIMATE REPORT
NATIONAL WEATHER SERVICE GREAT FALLS MT
425 PM MDT TUE SEP 23 2014


...................................

...THE HELENA MT CLIMATE SUMMARY FOR SEPTEMBER 23 2014...
VALID TODAY AS OF 0400 PM LOCAL TIME.

CLIMATE NORMAL PERIOD 1981 TO 2010
CLIMATE RECORD PERIOD 1866 TO 2014


WEATHER ITEM   OBSERVED TIME   RECORD YEAR NORMAL DEPARTURE LAST
                VALUE   (LST)  VALUE       VALUE  FROM      YEAR
                                                  NORMAL
..................................................................
TEMPERATURE (F)
 TODAY
  MAXIMUM         80    207 PM  90    1966  69     11       64
  MINIMUM         50    626 AM  16    1926  41      9       42
  AVERAGE         65                        55     10       53

PRECIPITATION (IN)
  TODAY            0.26          0.56 2007   0.04   0.22     0.00
  MONTH TO DATE    0.45                      0.88  -0.43     0.38
  SINCE OCT 1     10.31                     11.00  -0.69    11.80
  SINCE JAN 1      9.31                      9.43  -0.12     8.50

SNOWFALL (IN)
  TODAY            0.0           5.5  1926   0.1   -0.1      0.0
  MONTH TO DATE    T                         0.9   -0.9      0.0
  SINCE SEP 1      T                         0.9   -0.9      0.0
  SINCE JUL 1      T                         1.2   -1.2      0.0
  SNOW DEPTH       0

DEGREE DAYS
 HEATING
  TODAY            0                        10    -10       12
  MONTH TO DATE  150                       155     -5       53
  SINCE SEP 1    150                       155     -5       53
  SINCE JUL 1    197                       224    -27       56

 COOLING
  TODAY            0                         0      0        0
  MONTH TO DATE    4                        22    -18       80
  SINCE SEP 1      4                        22    -18       80
  SINCE JAN 1    452                       405     47      589
..................................................................


WIND (MPH)
  HIGHEST WIND SPEED    30   HIGHEST WIND DIRECTION     W (250)
  HIGHEST GUST SPEED    44   HIGHEST GUST DIRECTION     W (270)
  AVERAGE WIND SPEED     2.4


SKY COVER
  AVERAGE SKY COVER 0.0


WEATHER CONDITIONS
 THE FOLLOWING WEATHER WAS RECORDED TODAY.
  THUNDERSTORM
  HEAVY RAIN
  RAIN
  LIGHT RAIN


RELATIVE HUMIDITY (PERCENT)
 HIGHEST    89           400 AM
 LOWEST     28           200 PM
 AVERAGE    59

..........................................................


THE HELENA MT CLIMATE NORMALS FOR TOMORROW
                         NORMAL    RECORD    YEAR
 MAXIMUM TEMPERATURE (F)   69        88      2009
 MINIMUM TEMPERATURE (F)   40         6      1926


SUNRISE AND SUNSET
SEPTEMBER 23 2014.....SUNRISE   716 AM MDT   SUNSET   723 PM MDT
SEPTEMBER 24 2014.....SUNRISE   718 AM MDT   SUNSET   721 PM MDT


-  INDICATES NEGATIVE NUMBERS.
R  INDICATES RECORD WAS SET OR TIED.
MM INDICATES DATA IS MISSING.
T  INDICATES TRACE AMOUNT.




$$





U.S. Dept. of Commerce
NOAA National Weather Service
1325 East West Highway
Silver Spring, MD 20910
E-mail: w-nws.webmaster@noaa.gov
Page last modified: May 16, 2007
NATIONAL WEATHER SERVICE: for Safety, for Work, for Fun - FOR LIFE