411
CDUS45 KTFX 202230
CLIHLN


CLIMATE REPORT
NATIONAL WEATHER SERVICE GREAT FALLS MT
429 PM MDT SUN APR 20 2014


...................................

...THE HELENA MT CLIMATE SUMMARY FOR APRIL 20 2014...
VALID TODAY AS OF 0400 PM LOCAL TIME.

CLIMATE NORMAL PERIOD 1981 TO 2010
CLIMATE RECORD PERIOD 1866 TO 2014


WEATHER ITEM   OBSERVED TIME   RECORD YEAR NORMAL DEPARTURE LAST
                VALUE   (LST)  VALUE       VALUE  FROM      YEAR
                                                  NORMAL
..................................................................
TEMPERATURE (F)
 TODAY
  MAXIMUM         61    259 PM  85    1980  59      2       58
  MINIMUM         40    600 AM   3    1927  33      7       36
  AVERAGE         51                        46      5       47

PRECIPITATION (IN)
  TODAY            0.00          0.54 1988   0.03  -0.03      T
  MONTH TO DATE    0.04                      0.61  -0.57     0.54
  SINCE OCT 1      4.37                      3.43   0.94     4.60
  SINCE JAN 1      3.37                      1.86   1.51     1.30

SNOWFALL (IN)
  TODAY            0.0           2.2  1932   0.1   -0.1      0.0
  MONTH TO DATE    T                         2.7   -2.7      1.6
  SINCE MAR 1      3.8                       8.9   -5.1      2.0
  SINCE JUL 1     41.8                      36.2    5.6     37.7
  SNOW DEPTH       0

DEGREE DAYS
 HEATING
  TODAY           14                        19     -5       18
  MONTH TO DATE  393                       429    -36      500
  SINCE MAR 1   1321                      1320      1     1361
  SINCE JUL 1   6837                      6881    -44     6480

 COOLING
  TODAY            0                         0      0        0
  MONTH TO DATE    0                         0      0        0
  SINCE MAR 1      0                         0      0        0
  SINCE JAN 1      0                         0      0        0
..................................................................


WIND (MPH)
  HIGHEST WIND SPEED    31   HIGHEST WIND DIRECTION     W (280)
  HIGHEST GUST SPEED    40   HIGHEST GUST DIRECTION     W (280)
  AVERAGE WIND SPEED    14.7


SKY COVER
  AVERAGE SKY COVER 0.3


WEATHER CONDITIONS
 THE FOLLOWING WEATHER WAS RECORDED TODAY.
  NO SIGNIFICANT WEATHER WAS OBSERVED.


RELATIVE HUMIDITY (PERCENT)
 HIGHEST    55           600 AM
 LOWEST     15           300 PM
 AVERAGE    35

..........................................................


THE HELENA MT CLIMATE NORMALS FOR TOMORROW
                         NORMAL    RECORD    YEAR
 MAXIMUM TEMPERATURE (F)   59        82      1942
                                             1906
 MINIMUM TEMPERATURE (F)   33         6      2008


SUNRISE AND SUNSET
APRIL 20 2014.........SUNRISE   632 AM MDT   SUNSET   823 PM MDT
APRIL 21 2014.........SUNRISE   630 AM MDT   SUNSET   824 PM MDT


-  INDICATES NEGATIVE NUMBERS.
R  INDICATES RECORD WAS SET OR TIED.
MM INDICATES DATA IS MISSING.
T  INDICATES TRACE AMOUNT.




$$





U.S. Dept. of Commerce
NOAA National Weather Service
1325 East West Highway
Silver Spring, MD 20910
E-mail: w-nws.webmaster@noaa.gov
Page last modified: May 16, 2007
NATIONAL WEATHER SERVICE: for Safety, for Work, for Fun - FOR LIFE