239
CDUS45 KTFX 301018
CLIHLN


CLIMATE REPORT
NATIONAL WEATHER SERVICE GREAT FALLS MT
315 AM MST FRI JAN 30 2015


...................................

...THE HELENA MT CLIMATE SUMMARY FOR JANUARY 29 2015...

CLIMATE NORMAL PERIOD 1981 TO 2010
CLIMATE RECORD PERIOD 1866 TO 2015


WEATHER ITEM   OBSERVED TIME   RECORD YEAR NORMAL DEPARTURE LAST
                VALUE   (LST)  VALUE       VALUE  FROM      YEAR
                                                  NORMAL
..................................................................
TEMPERATURE (F)
 YESTERDAY
  MAXIMUM         45    304 PM  56    1962  35     10       41
                                      1931
  MINIMUM         22    747 AM -32    1916  15      7       25
  AVERAGE         34                        25      9       33

PRECIPITATION (IN)
  YESTERDAY        0.00          0.39 1887   0.01  -0.01     0.04
  MONTH TO DATE    0.63                      0.34   0.29     0.47
  SINCE OCT 1      2.91                      1.91   1.00     1.47
  SINCE JAN 1      0.63                      0.34   0.29     0.47

SNOWFALL (IN)
  YESTERDAY        0.0           6.0  1887   0.2   -0.2      0.5
  MONTH TO DATE    7.4                       5.8    1.6      5.5
  SINCE DEC 1     11.8                      13.1   -1.3      6.7
  SINCE JUL 1     22.6                      21.9    0.7     10.2
  SNOW DEPTH       0

DEGREE DAYS
 HEATING
  YESTERDAY       31                        40     -9       32
  MONTH TO DATE 1176                      1217    -41     1008
  SINCE DEC 1   2374                      2556   -182     2275
  SINCE JUL 1   4086                      4438   -352     4066

 COOLING
  YESTERDAY        0                         0      0        0
  MONTH TO DATE    0                         0      0        0
  SINCE DEC 1      0                         0      0        0
  SINCE JAN 1      0                         0      0        0
..................................................................


WIND (MPH)
  HIGHEST WIND SPEED     9   HIGHEST WIND DIRECTION     N (20)
  HIGHEST GUST SPEED    13   HIGHEST GUST DIRECTION    NE (30)
  AVERAGE WIND SPEED     2.3


SKY COVER
  AVERAGE SKY COVER 0.0


WEATHER CONDITIONS
 THE FOLLOWING WEATHER WAS RECORDED YESTERDAY.
  NO SIGNIFICANT WEATHER WAS OBSERVED.


RELATIVE HUMIDITY (PERCENT)
 HIGHEST    88           500 AM
 LOWEST     49           300 PM
 AVERAGE    69

..........................................................


THE HELENA MT CLIMATE NORMALS FOR TODAY
                         NORMAL    RECORD    YEAR
 MAXIMUM TEMPERATURE (F)   35        58      1989
 MINIMUM TEMPERATURE (F)   15       -37      1996


SUNRISE AND SUNSET
JANUARY 30 2015.......SUNRISE   754 AM MST   SUNSET   529 PM MST
JANUARY 31 2015.......SUNRISE   753 AM MST   SUNSET   530 PM MST


-  INDICATES NEGATIVE NUMBERS.
R  INDICATES RECORD WAS SET OR TIED.
MM INDICATES DATA IS MISSING.
T  INDICATES TRACE AMOUNT.




$$





U.S. Dept. of Commerce
NOAA National Weather Service
1325 East West Highway
Silver Spring, MD 20910
E-mail: w-nws.webmaster@noaa.gov
Page last modified: May 16, 2007
NATIONAL WEATHER SERVICE: for Safety, for Work, for Fun - FOR LIFE