460
CDUS43 KGLD 200752
CLIHLC

CLIMATE REPORT
NATIONAL WEATHER SERVICE GOODLAND
149 AM MDT WED AUG 20 2014


...................................

...THE HILL CITY KS CLIMATE SUMMARY FOR AUGUST 19 2014...

CLIMATE NORMAL PERIOD 1981 TO 2010
CLIMATE RECORD PERIOD 1896 TO 2014


WEATHER ITEM   OBSERVED TIME   RECORD YEAR NORMAL DEPARTURE LAST
                VALUE   (LST)  VALUE       VALUE  FROM      YEAR
                                                  NORMAL
..................................................................
TEMPERATURE (F)
 YESTERDAY
  MAXIMUM         98    448 PM 107    1938  90      8       89
  MINIMUM         62    606 AM  46    1927  63     -1       65
  AVERAGE         80                        76      4       77

PRECIPITATION (IN)
  YESTERDAY        0.00                      0.09  -0.09     0.00
  MONTH TO DATE    1.58                      1.79  -0.21     0.71
  SINCE JUN 1     10.31                      8.26   2.05     8.55
  SINCE JAN 1     15.25                     16.76  -1.51    12.89

..................................................................


THE HILL CITY KS CLIMATE NORMALS FOR TODAY
                         NORMAL    RECORD    YEAR
 MAXIMUM TEMPERATURE (F)   90       109      1911
 MINIMUM TEMPERATURE (F)   63        49      2012



-  INDICATES NEGATIVE NUMBERS.
R  INDICATES RECORD WAS SET OR TIED.
MM INDICATES DATA IS MISSING.
T  INDICATES TRACE AMOUNT.

$$




U.S. Dept. of Commerce
NOAA National Weather Service
1325 East West Highway
Silver Spring, MD 20910
E-mail: w-nws.webmaster@noaa.gov
Page last modified: May 16, 2007
NATIONAL WEATHER SERVICE: for Safety, for Work, for Fun - FOR LIFE