677
CDUS43 KGLD 250747
CLIHLC

WRKCLIHLC 000
TTAA00 KGLD 250745


CLIMATE REPORT
NATIONAL WEATHER SERVICE GOODLAND
145 AM MDT SAT OCT 25 2014


...................................

...THE HILL CITY KS CLIMATE SUMMARY FOR OCTOBER 24 2014...

CLIMATE NORMAL PERIOD 1981 TO 2010
CLIMATE RECORD PERIOD 1896 TO 2014


WEATHER ITEM   OBSERVED TIME   RECORD YEAR NORMAL DEPARTURE LAST
                VALUE   (LST)  VALUE       VALUE  FROM      YEAR
                                                  NORMAL
..................................................................
TEMPERATURE (F)
 YESTERDAY
  MAXIMUM         89R   357 PM  89    1921  65     24       52
  MINIMUM         49   1159 PM  20    1972  37     12       30
  AVERAGE         69                        51     18       41

PRECIPITATION (IN)
  YESTERDAY        0.00                      0.05  -0.05     0.00
  MONTH TO DATE    0.83                      1.27  -0.44     0.91
  SINCE SEP 1      1.61                      3.15  -1.54     3.78
  SINCE JAN 1     21.43                     21.03   0.40    16.72

..................................................................







THE HILL CITY KS CLIMATE NORMALS FOR TODAY
                         NORMAL    RECORD    YEAR
 MAXIMUM TEMPERATURE (F)   64        92      1959
 MINIMUM TEMPERATURE (F)   36        18      1975



-  INDICATES NEGATIVE NUMBERS.
R  INDICATES RECORD WAS SET OR TIED.
MM INDICATES DATA IS MISSING.
T  INDICATES TRACE AMOUNT.




$$




U.S. Dept. of Commerce
NOAA National Weather Service
1325 East West Highway
Silver Spring, MD 20910
E-mail: w-nws.webmaster@noaa.gov
Page last modified: May 16, 2007
NATIONAL WEATHER SERVICE: for Safety, for Work, for Fun - FOR LIFE