013
CDUS43 KGLD 290745
CLIHLC

CLIMATE REPORT
NATIONAL WEATHER SERVICE GOODLAND
142 AM MDT TUE JUL 29 2014

...................................

...THE HILL CITY KS CLIMATE SUMMARY FOR JULY 28 2014...

CLIMATE NORMAL PERIOD 1981 TO 2010
CLIMATE RECORD PERIOD 1896 TO 2014

WEATHER ITEM   OBSERVED TIME   RECORD YEAR NORMAL DEPARTURE LAST
                VALUE   (LST)  VALUE       VALUE  FROM      YEAR
                                                  NORMAL
..................................................................
TEMPERATURE (F)
 YESTERDAY
  MAXIMUM         91    426 PM 110    1940  92     -1       63
  MINIMUM         60    620 AM  54    1923  66     -6       55
                                      1969
  AVERAGE         76                        79     -3       59

PRECIPITATION (IN)
  YESTERDAY        0.00                      0.12  -0.12     0.44
  MONTH TO DATE    1.80                      3.33  -1.53     5.10
  SINCE JUN 1      8.73                      6.09   2.64     7.78
  SINCE JAN 1     13.67                     14.59  -0.92    12.12

..................................................................

THE HILL CITY KS CLIMATE NORMALS FOR TODAY
                         NORMAL    RECORD    YEAR
 MAXIMUM TEMPERATURE (F)   92       108      1917
 MINIMUM TEMPERATURE (F)   66        51      1965

-  INDICATES NEGATIVE NUMBERS.
R  INDICATES RECORD WAS SET OR TIED.
MM INDICATES DATA IS MISSING.
T  INDICATES TRACE AMOUNT.

$$








U.S. Dept. of Commerce
NOAA National Weather Service
1325 East West Highway
Silver Spring, MD 20910
E-mail: w-nws.webmaster@noaa.gov
Page last modified: May 16, 2007
NATIONAL WEATHER SERVICE: for Safety, for Work, for Fun - FOR LIFE