256
CDUS43 KGLD 180747
CLIHLC

CLIMATE REPORT
NATIONAL WEATHER SERVICE GOODLAND
143 AM MDT FRI APR 18 2014

...................................

...THE HILL CITY KS CLIMATE SUMMARY FOR APRIL 17 2014...

CLIMATE NORMAL PERIOD 1981 TO 2010
CLIMATE RECORD PERIOD 1896 TO 2014


WEATHER ITEM   OBSERVED TIME   RECORD YEAR NORMAL DEPARTURE LAST
                VALUE   (LST)  VALUE       VALUE  FROM      YEAR
                                                  NORMAL
..................................................................
TEMPERATURE (F)
 YESTERDAY
  MAXIMUM         58    605 PM  94    1948  66     -8       41
  MINIMUM         32    627 AM  21    1956  38     -6       30
  AVERAGE         45                        52     -7       36

PRECIPITATION (IN)
  YESTERDAY        0.00                      0.07  -0.07     0.09
  MONTH TO DATE    0.35                      1.04  -0.69     0.13
  SINCE MAR 1      0.54                      2.67  -2.13     0.92
  SINCE JAN 1      1.00                      3.64  -2.64     2.11

..................................................................

THE HILL CITY KS CLIMATE NORMALS FOR TODAY
                         NORMAL    RECORD    YEAR
 MAXIMUM TEMPERATURE (F)   66        97      1948
 MINIMUM TEMPERATURE (F)   39        21      1953



-  INDICATES NEGATIVE NUMBERS.
R  INDICATES RECORD WAS SET OR TIED.
MM INDICATES DATA IS MISSING.
T  INDICATES TRACE AMOUNT.




$$








U.S. Dept. of Commerce
NOAA National Weather Service
1325 East West Highway
Silver Spring, MD 20910
E-mail: w-nws.webmaster@noaa.gov
Page last modified: May 16, 2007
NATIONAL WEATHER SERVICE: for Safety, for Work, for Fun - FOR LIFE