684
CDUS46 KHNX 240826
CLIHJO


CLIMATE REPORT
NATIONAL WEATHER SERVICE SAN JOAQUIN VALLEY, CA
125 AM PDT THU APR 24 2014


...................................

...THE HANFORD CA CLIMATE SUMMARY FOR APRIL 23 2014...

CLIMATE NORMAL PERIOD 1981 TO 2010
CLIMATE RECORD PERIOD 1998 TO 2014


WEATHER ITEM   OBSERVED TIME   RECORD YEAR NORMAL DEPARTURE
                VALUE   (LST)  VALUE       VALUE  FROM
                                                  NORMAL
...............................................................
TEMPERATURE (F)
 YESTERDAY
  MAXIMUM         74    449 PM  88    2002  77     -3
  MINIMUM         47    540 AM  39    2010  48     -1
  AVERAGE         61                        63     -2

PRECIPITATION (IN)
  YESTERDAY        0.00          0.54 2006   0.03  -0.03
  MONTH TO DATE    T                         0.61  -0.61
  SINCE JUL 1      2.62                      9.35  -6.73
  SINCE JAN 1      2.23                      6.01  -3.78

SNOWFALL (IN)
  YESTERDAY        0.0
  MONTH TO DATE    0.0
  SINCE MAR 1      0.0
  SINCE JUL 1      0.0
  SNOW DEPTH       0

DEGREE DAYS
 HEATING
  YESTERDAY        4
  MONTH TO DATE   67
  SINCE MAR 1    242
  SINCE JUL 1   2019

 COOLING
  YESTERDAY        0
  MONTH TO DATE   63
  SINCE MAR 1     63
  SINCE JAN 1     63
...............................................................


WIND (MPH)
  HIGHEST WIND SPEED    18   HIGHEST WIND DIRECTION    NW (300)
  HIGHEST GUST SPEED    24   HIGHEST GUST DIRECTION    NW (300)
  AVERAGE WIND SPEED    10.4




RELATIVE HUMIDITY (PERCENT)
 HIGHEST    66
 LOWEST     19
 AVERAGE    43

..........................................................


THE HANFORD CA CLIMATE NORMALS FOR TODAY
                         NORMAL    RECORD    YEAR
 MAXIMUM TEMPERATURE (F)   78        90      2013
 MINIMUM TEMPERATURE (F)   48        42      2008


SUNRISE AND SUNSET
APRIL 24 2014.........SUNRISE   613 AM PDT   SUNSET   740 PM PDT
APRIL 25 2014.........SUNRISE   612 AM PDT   SUNSET   741 PM PDT


-  INDICATES NEGATIVE NUMBERS.
R  INDICATES RECORD WAS SET OR TIED.
MM INDICATES DATA IS MISSING.
T  INDICATES TRACE AMOUNT.




$$





U.S. Dept. of Commerce
NOAA National Weather Service
1325 East West Highway
Silver Spring, MD 20910
E-mail: w-nws.webmaster@noaa.gov
Page last modified: May 16, 2007
NATIONAL WEATHER SERVICE: for Safety, for Work, for Fun - FOR LIFE