558
CDUS46 KHNX 270021
CLIHJO


CLIMATE REPORT
NATIONAL WEATHER SERVICE SAN JOAQUIN VALLEY, CA
420 PM PST WED NOV 26 2014


...................................

...THE HANFORD CA CLIMATE SUMMARY FOR NOVEMBER 26 2014...
VALID AS OF 0400 PM LOCAL TIME.

CLIMATE NORMAL PERIOD 1981 TO 2010
CLIMATE RECORD PERIOD 1998 TO 2014


WEATHER ITEM   OBSERVED TIME   RECORD YEAR NORMAL DEPARTURE LAST
                VALUE   (LST)  VALUE       VALUE  FROM      YEAR
                                                  NORMAL
..................................................................
TEMPERATURE (F)
 TODAY
  MAXIMUM         69    329 PM  72    2009  60      9       65
  MINIMUM         36    713 AM  26    2010  36      0       35
                                      2003
  AVERAGE         53                        48      5       50

PRECIPITATION (IN)
  TODAY            0.00          0.58 2008   0.01  -0.01     0.00
  MONTH TO DATE    0.22                      0.92  -0.70     0.26
  SINCE JUL 1      0.81                      1.63  -0.82     0.27
  SINCE JAN 1      3.24                      8.39  -5.15     1.87

SNOWFALL (IN)
  TODAY            0.0
  MONTH TO DATE    0.0
  SINCE SEP 1      0.0
  SINCE JUL 1      0.0
  SNOW DEPTH       0

DEGREE DAYS
 HEATING
  TODAY           12                                        15
  MONTH TO DATE  244                                       250
  SINCE SEP 1    269                                       336
  SINCE JUL 1    269                                       336

 COOLING
  TODAY            0                                         0
  MONTH TO DATE    0                                         0
  SINCE SEP 1    517                                       334
  SINCE JAN 1   2274                                      2057
..................................................................


WIND (MPH)
  HIGHEST WIND SPEED     5   HIGHEST WIND DIRECTION    NW (300)
  HIGHEST GUST SPEED     9   HIGHEST GUST DIRECTION    SW (230)
  AVERAGE WIND SPEED     1.2




RELATIVE HUMIDITY (PERCENT)
 HIGHEST   100
 LOWEST     45
 AVERAGE    73

..........................................................


THE HANFORD CA CLIMATE NORMALS FOR TOMORROW
                         NORMAL    RECORD    YEAR
 MAXIMUM TEMPERATURE (F)   60        71      2013
 MINIMUM TEMPERATURE (F)   36        24      2005


SUNRISE AND SUNSET
NOVEMBER 26 2014......SUNRISE   647 AM PST   SUNSET   445 PM PST
NOVEMBER 27 2014......SUNRISE   648 AM PST   SUNSET   444 PM PST


-  INDICATES NEGATIVE NUMBERS.
R  INDICATES RECORD WAS SET OR TIED.
MM INDICATES DATA IS MISSING.
T  INDICATES TRACE AMOUNT.




$$





U.S. Dept. of Commerce
NOAA National Weather Service
1325 East West Highway
Silver Spring, MD 20910
E-mail: w-nws.webmaster@noaa.gov
Page last modified: May 16, 2007
NATIONAL WEATHER SERVICE: for Safety, for Work, for Fun - FOR LIFE