763
CDUS46 KPQR 151150
CLIHIO


CLIMATE REPORT
NATIONAL WEATHER SERVICE PORTLAND OREGON
449 AM PDT MON SEP 15 2014


...................................

...THE HILLSBORO OR CLIMATE SUMMARY FOR SEPTEMBER 14 2014...

CLIMATE NORMAL PERIOD 1981 TO 2010
CLIMATE RECORD PERIOD 1929 TO 2014


WEATHER ITEM   OBSERVED TIME   RECORD YEAR NORMAL DEPARTURE LAST
                VALUE   (LST)  VALUE       VALUE  FROM      YEAR
                                                  NORMAL
..................................................................
TEMPERATURE (F)
 YESTERDAY
  MAXIMUM         89    507 PM  97    1937  76     13       80
  MINIMUM         42    538 AM  35    1970  47     -5       59
  AVERAGE         66                        61      5       70

PRECIPITATION (IN)
  YESTERDAY        0.00          1.30 1935   0.03  -0.03
  MONTH TO DATE    0.00                      0.43  -0.43
  SINCE OCT 1     24.92                     38.89 -13.97
  SINCE JAN 1     20.24                     22.50  -2.26

SNOWFALL (IN)
  YESTERDAY        0.0
  MONTH TO DATE    0.0
  SINCE SEP 1      0.0
  SINCE JUL 1      0.0
  SNOW DEPTH       0

DEGREE DAYS
 HEATING
  YESTERDAY        0                         4     -4
  MONTH TO DATE   12                        48    -36
  SINCE JUL 1     21                       155   -134

 COOLING
  YESTERDAY        1                         1      0
  MONTH TO DATE   23                        16      7
  SINCE JAN 1    373                       194    179
..................................................................


WIND (MPH)
  HIGHEST WIND SPEED     8   HIGHEST WIND DIRECTION    SE (120)
  HIGHEST GUST SPEED    10   HIGHEST GUST DIRECTION     E (100)
  AVERAGE WIND SPEED     1.7


SKY COVER
  POSSIBLE SUNSHINE  MM
  AVERAGE SKY COVER 0.1


WEATHER CONDITIONS
 THE FOLLOWING WEATHER WAS RECORDED YESTERDAY.
  HAZE


RELATIVE HUMIDITY (PERCENT)
 HIGHEST    83           500 AM
 LOWEST     16           400 PM
 AVERAGE    50

..........................................................


THE HILLSBORO OR CLIMATE NORMALS FOR TODAY
                         NORMAL    RECORD    YEAR
 MAXIMUM TEMPERATURE (F)   75        98      1981
 MINIMUM TEMPERATURE (F)   47        35      1970


SUNRISE AND SUNSET
SEPTEMBER 15 2014.....SUNRISE   650 AM PDT   SUNSET   723 PM PDT
SEPTEMBER 16 2014.....SUNRISE   652 AM PDT   SUNSET   721 PM PDT


-  INDICATES NEGATIVE NUMBERS.
R  INDICATES RECORD WAS SET OR TIED.
MM INDICATES DATA IS MISSING.
T  INDICATES TRACE AMOUNT.




$$





U.S. Dept. of Commerce
NOAA National Weather Service
1325 East West Highway
Silver Spring, MD 20910
E-mail: w-nws.webmaster@noaa.gov
Page last modified: May 16, 2007
NATIONAL WEATHER SERVICE: for Safety, for Work, for Fun - FOR LIFE