814
CDUS46 KPQR 251142
CLIHIO


CLIMATE REPORT
NATIONAL WEATHER SERVICE PORTLAND OREGON
442 AM PDT SAT OCT 25 2014


...................................

...THE HILLSBORO OR CLIMATE SUMMARY FOR OCTOBER 24 2014...

CLIMATE NORMAL PERIOD 1981 TO 2010
CLIMATE RECORD PERIOD 1929 TO 2014


WEATHER ITEM   OBSERVED TIME   RECORD YEAR NORMAL DEPARTURE LAST
                VALUE   (LST)  VALUE       VALUE  FROM      YEAR
                                                  NORMAL
..................................................................
TEMPERATURE (F)
 YESTERDAY
  MAXIMUM         55    225 PM  74    1965  60     -5       70
  MINIMUM         47    729 AM  29    1954  39      8       39
  AVERAGE         51                        49      2       55

PRECIPITATION (IN)
  YESTERDAY        0.16          2.27 1943   0.13   0.03
  MONTH TO DATE    3.69                      2.27   1.42
  SINCE OCT 1      3.69                      2.27   1.42
  SINCE JAN 1     25.03                     25.78  -0.75

SNOWFALL (IN)
  YESTERDAY       MM
  MONTH TO DATE    0.0
  SINCE SEP 1      0.0
  SINCE JUL 1      0.0
  SNOW DEPTH       0

DEGREE DAYS
 HEATING
  YESTERDAY       14                        16     -2
  MONTH TO DATE  144                       303   -159
  SINCE JUL 1    199                       565   -366

 COOLING
  YESTERDAY        0                         0      0
  MONTH TO DATE   10                         0     10
  SINCE JAN 1    405                       197    208
..................................................................


WIND (MPH)
  HIGHEST WIND SPEED     8   HIGHEST WIND DIRECTION    NW (300)
  HIGHEST GUST SPEED    10   HIGHEST GUST DIRECTION     E (110)
  AVERAGE WIND SPEED     2.9


SKY COVER
  POSSIBLE SUNSHINE  MM
  AVERAGE SKY COVER 0.5


WEATHER CONDITIONS
 THE FOLLOWING WEATHER WAS RECORDED YESTERDAY.
  LIGHT RAIN
  FOG
  FOG W/VISIBILITY <= 1/4 MILE


RELATIVE HUMIDITY (PERCENT)
 HIGHEST   100          1200 AM
 LOWEST     86           200 PM
 AVERAGE    93

..........................................................


THE HILLSBORO OR CLIMATE NORMALS FOR TODAY
                         NORMAL    RECORD    YEAR
 MAXIMUM TEMPERATURE (F)   59        70      1958
 MINIMUM TEMPERATURE (F)   39        26      2002
                                             1939


SUNRISE AND SUNSET
OCTOBER 25 2014.......SUNRISE   742 AM PDT   SUNSET   609 PM PDT
OCTOBER 26 2014.......SUNRISE   743 AM PDT   SUNSET   608 PM PDT


-  INDICATES NEGATIVE NUMBERS.
R  INDICATES RECORD WAS SET OR TIED.
MM INDICATES DATA IS MISSING.
T  INDICATES TRACE AMOUNT.




$$





U.S. Dept. of Commerce
NOAA National Weather Service
1325 East West Highway
Silver Spring, MD 20910
E-mail: w-nws.webmaster@noaa.gov
Page last modified: May 16, 2007
NATIONAL WEATHER SERVICE: for Safety, for Work, for Fun - FOR LIFE