860
CDUS46 KPQR 231147
CLIHIO


CLIMATE REPORT
NATIONAL WEATHER SERVICE PORTLAND OREGON
447 AM PDT THU OCT 23 2014


...................................

...THE HILLSBORO OR CLIMATE SUMMARY FOR OCTOBER 22 2014...

CLIMATE NORMAL PERIOD 1981 TO 2010
CLIMATE RECORD PERIOD 1929 TO 2014


WEATHER ITEM   OBSERVED TIME   RECORD YEAR NORMAL DEPARTURE LAST
                VALUE   (LST)  VALUE       VALUE  FROM      YEAR
                                                  NORMAL
..................................................................
TEMPERATURE (F)
 YESTERDAY
  MAXIMUM         58    437 AM  78    2013  60     -2       78
  MINIMUM         52   1053 PM  30    2008  39     13       39
                                      1980
  AVERAGE         55                        50      5       59

PRECIPITATION (IN)
  YESTERDAY        1.22R         1.08 1931   0.13   1.09
  MONTH TO DATE    3.10                      2.02   1.08
  SINCE OCT 1      3.10                      2.02   1.08
  SINCE JAN 1     24.44                     25.53  -1.09

SNOWFALL (IN)
  YESTERDAY        0.0
  MONTH TO DATE    0.0
  SINCE SEP 1      0.0
  SINCE JUL 1      0.0
  SNOW DEPTH       0

DEGREE DAYS
 HEATING
  YESTERDAY       10                        15     -5
  MONTH TO DATE  120                       271   -151
  SINCE JUL 1    175                       533   -358

 COOLING
  YESTERDAY        0                         0      0
  MONTH TO DATE   10                         0     10
  SINCE JAN 1    405                       197    208
..................................................................


WIND (MPH)
  HIGHEST WIND SPEED    23   HIGHEST WIND DIRECTION     S (170)
  HIGHEST GUST SPEED    32   HIGHEST GUST DIRECTION     S (170)
  AVERAGE WIND SPEED    10.8


SKY COVER
  POSSIBLE SUNSHINE  MM
  AVERAGE SKY COVER 0.8


WEATHER CONDITIONS
 THE FOLLOWING WEATHER WAS RECORDED YESTERDAY.
  RAIN
  LIGHT RAIN
  FOG


RELATIVE HUMIDITY (PERCENT)
 HIGHEST   100          1100 AM
 LOWEST     80           400 AM
 AVERAGE    90

..........................................................


THE HILLSBORO OR CLIMATE NORMALS FOR TODAY
                         NORMAL    RECORD    YEAR
 MAXIMUM TEMPERATURE (F)   60        77      1965
 MINIMUM TEMPERATURE (F)   39        28      1945


SUNRISE AND SUNSET
OCTOBER 23 2014.......SUNRISE   739 AM PDT   SUNSET   612 PM PDT
OCTOBER 24 2014.......SUNRISE   740 AM PDT   SUNSET   611 PM PDT


-  INDICATES NEGATIVE NUMBERS.
R  INDICATES RECORD WAS SET OR TIED.
MM INDICATES DATA IS MISSING.
T  INDICATES TRACE AMOUNT.




$$





U.S. Dept. of Commerce
NOAA National Weather Service
1325 East West Highway
Silver Spring, MD 20910
E-mail: w-nws.webmaster@noaa.gov
Page last modified: May 16, 2007
NATIONAL WEATHER SERVICE: for Safety, for Work, for Fun - FOR LIFE