837
CDUS41 KLWX 162122
CLIHGR


CLIMATE REPORT
NATIONAL WEATHER SERVICE BALTIMORE MD/WASHINGTON DC
522 PM EDT WED APR 16 2014


...................................

...THE HAGERSTOWN MD CLIMATE SUMMARY FOR APRIL 16 2014...
VALID TODAY AS OF 0500 PM LOCAL TIME.

CLIMATE NORMAL PERIOD 1981 TO 2010
CLIMATE RECORD PERIOD 9999 TO 9999


WEATHER ITEM   OBSERVED TIME   RECORD YEAR NORMAL DEPARTURE LAST
                VALUE   (LST)  VALUE       VALUE  FROM      YEAR
                                                  NORMAL
..................................................................
TEMPERATURE (F)
 TODAY
  MAXIMUM         46    349 PM  MM      MM  63    -17       74
  MINIMUM         27    610 AM  MM      MM  43    -16       55
  AVERAGE         37                        53    -16       65

PRECIPITATION (IN)
  TODAY            0.00         MM      MM   0.12  -0.12     0.08
  MONTH TO DATE    1.09                      1.99  -0.90     0.71
  SINCE MAR 1      2.76                      5.37  -2.61     2.29
  SINCE JAN 1      6.54                     10.60  -4.06     6.52

DEGREE DAYS
 HEATING
  TODAY           28                        12     16        0
  MONTH TO DATE  206                       239    -33      193
  SINCE MAR 1   1065                       968     97      998
  SINCE JUL 1   5080                      4871    209     4636

 COOLING
  TODAY            0                         0      0        0
  MONTH TO DATE   10                         0     10       24
  SINCE MAR 1     10                         1      9       24
  SINCE JAN 1     10                         1      9       24
..................................................................


WIND (MPH)
  HIGHEST WIND SPEED    25   HIGHEST WIND DIRECTION    NW (330)
  HIGHEST GUST SPEED    32   HIGHEST GUST DIRECTION    NW (320)
  AVERAGE WIND SPEED    11.6


SKY COVER
  POSSIBLE SUNSHINE  MM
  AVERAGE SKY COVER 0.1


WEATHER CONDITIONS
 THE FOLLOWING WEATHER WAS RECORDED TODAY.
  NO SIGNIFICANT WEATHER WAS OBSERVED.


RELATIVE HUMIDITY (PERCENT)
 HIGHEST    57           500 AM
 LOWEST     27           300 PM
 AVERAGE    42

..........................................................


THE HAGERSTOWN MD CLIMATE NORMALS FOR TOMORROW
                         NORMAL    RECORD    YEAR
 MAXIMUM TEMPERATURE (F)   64        MM        MM
 MINIMUM TEMPERATURE (F)   43        MM        MM


SUNRISE AND SUNSET
APRIL 16 2014.........SUNRISE   632 AM EDT   SUNSET   750 PM EDT
APRIL 17 2014.........SUNRISE   631 AM EDT   SUNSET   751 PM EDT


-  INDICATES NEGATIVE NUMBERS.
R  INDICATES RECORD WAS SET OR TIED.
MM INDICATES DATA IS MISSING.
T  INDICATES TRACE AMOUNT.




$$





U.S. Dept. of Commerce
NOAA National Weather Service
1325 East West Highway
Silver Spring, MD 20910
E-mail: w-nws.webmaster@noaa.gov
Page last modified: May 16, 2007
NATIONAL WEATHER SERVICE: for Safety, for Work, for Fun - FOR LIFE