131
CDUS44 KJAN 230639
CLIHBG


CLIMATE REPORT
NATIONAL WEATHER SERVICE JACKSON MS
135 AM CDT THU OCT 23 2014


...................................

...THE HATTIESBURG CLIMATE SUMMARY FOR OCTOBER 22 2014...

CLIMATE NORMAL PERIOD 1981 TO 2010
CLIMATE RECORD PERIOD 1948 TO 2014


WEATHER ITEM   OBSERVED TIME   RECORD YEAR NORMAL DEPARTURE LAST
                VALUE   (LST)  VALUE       VALUE  FROM      YEAR
                                                  NORMAL
..................................................................
TEMPERATURE (F)
 YESTERDAY
  MAXIMUM         78    202 PM  90    2003  78      0       79
  MINIMUM         49   1159 PM  27    1952  52     -3       55
  AVERAGE         64                        65     -1       67

PRECIPITATION (IN)
  YESTERDAY        0.00          4.01 2007   0.13  -0.13     0.00
  MONTH TO DATE    1.50                      2.72  -1.22     0.71
  SINCE SEP 1      7.15                      6.80   0.35     5.75
  SINCE JAN 1     44.43                     48.96  -4.53    57.92

SNOWFALL (IN)
  YESTERDAY        0.0

DEGREE DAYS
 HEATING
  YESTERDAY        1                         3     -2        0
  MONTH TO DATE   20                        36    -16       12
  SINCE SEP 1     20                        38    -18       12
  SINCE JUL 1     20                        38    -18       12

 COOLING
  YESTERDAY        0                         3     -3        2
  MONTH TO DATE  140                       110     30      160
  SINCE SEP 1    565                       466     99      590
  SINCE JAN 1   2444                      2337    107     2369
..................................................................


WIND (MPH)
  HIGHEST WIND SPEED    14   HIGHEST WIND DIRECTION     N (360)
  HIGHEST GUST SPEED    19   HIGHEST GUST DIRECTION     N (10)
  AVERAGE WIND SPEED     3.6


SKY COVER
  POSSIBLE SUNSHINE  MM
  AVERAGE SKY COVER 0.0


WEATHER CONDITIONS
 THE FOLLOWING WEATHER WAS RECORDED YESTERDAY.
  FOG


RELATIVE HUMIDITY (PERCENT)
 HIGHEST   100           200 AM
 LOWEST     36           200 PM
 AVERAGE    68

..........................................................


THE HATTIESBURG CLIMATE NORMALS FOR TODAY
                         NORMAL    RECORD    YEAR
 MAXIMUM TEMPERATURE (F)   78        92      1953
 MINIMUM TEMPERATURE (F)   52        34      1996
                                             1952


SUNRISE AND SUNSET
OCTOBER 23 2014.......SUNRISE   706 AM CDT   SUNSET   617 PM CDT
OCTOBER 24 2014.......SUNRISE   706 AM CDT   SUNSET   616 PM CDT


-  INDICATES NEGATIVE NUMBERS.
R  INDICATES RECORD WAS SET OR TIED.
MM INDICATES DATA IS MISSING.
T  INDICATES TRACE AMOUNT.




$$





U.S. Dept. of Commerce
NOAA National Weather Service
1325 East West Highway
Silver Spring, MD 20910
E-mail: w-nws.webmaster@noaa.gov
Page last modified: May 16, 2007
NATIONAL WEATHER SERVICE: for Safety, for Work, for Fun - FOR LIFE