818
CDUS44 KJAN 010746
CLIHBG


CLIMATE REPORT
NATIONAL WEATHER SERVICE JACKSON MS
241 AM CDT FRI AUG 1 2014


...................................

...THE HATTIESBURG CLIMATE SUMMARY FOR JULY 31 2014...

CLIMATE NORMAL PERIOD 1981 TO 2010
CLIMATE RECORD PERIOD 1948 TO 2014


WEATHER ITEM   OBSERVED TIME   RECORD YEAR NORMAL DEPARTURE LAST
                VALUE   (LST)  VALUE       VALUE  FROM      YEAR
                                                  NORMAL
..................................................................
TEMPERATURE (F)
 YESTERDAY
  MAXIMUM         84    436 PM 102    1987  93     -9       92
  MINIMUM         64R   419 AM  65    1951  72     -8       77
  AVERAGE         74                        82     -8       85

PRECIPITATION (IN)
  YESTERDAY        T             2.42 2001   0.15  -0.15      T
  MONTH TO DATE    2.26                      5.39  -3.13     5.85
  SINCE JUN 1      7.20                     10.89  -3.69    10.93
  SINCE JAN 1     35.68                     37.43  -1.75    48.14

SNOWFALL (IN)
  YESTERDAY        0.0

DEGREE DAYS
 HEATING
  YESTERDAY        0                         0      0        0
  MONTH TO DATE    0                         0      0        0
  SINCE JUN 1      0                         0      0        0
  SINCE JUL 1      0                         0      0        0

 COOLING
  YESTERDAY        9                        17     -8       20
  MONTH TO DATE  479                       522    -43      468
  SINCE JUN 1    946                       945      1      938
  SINCE JAN 1   1322                      1360    -38     1280
..................................................................


WIND (MPH)
  HIGHEST WIND SPEED     9   HIGHEST WIND DIRECTION    NW (330)
  HIGHEST GUST SPEED    20   HIGHEST GUST DIRECTION    SE (120)
  AVERAGE WIND SPEED     2.2


SKY COVER
  POSSIBLE SUNSHINE  MM
  AVERAGE SKY COVER 0.2


WEATHER CONDITIONS
 THE FOLLOWING WEATHER WAS RECORDED YESTERDAY.
  LIGHT RAIN


RELATIVE HUMIDITY (PERCENT)
 HIGHEST    93           300 AM
 LOWEST     51          1100 AM
 AVERAGE    72

..........................................................


THE HATTIESBURG CLIMATE NORMALS FOR TODAY
                         NORMAL    RECORD    YEAR
 MAXIMUM TEMPERATURE (F)   93       101      1986
 MINIMUM TEMPERATURE (F)   72        66      1974


SUNRISE AND SUNSET
AUGUST  1 2014........SUNRISE   614 AM CDT   SUNSET   753 PM CDT
AUGUST  2 2014........SUNRISE   614 AM CDT   SUNSET   752 PM CDT


-  INDICATES NEGATIVE NUMBERS.
R  INDICATES RECORD WAS SET OR TIED.
MM INDICATES DATA IS MISSING.
T  INDICATES TRACE AMOUNT.




$$





U.S. Dept. of Commerce
NOAA National Weather Service
1325 East West Highway
Silver Spring, MD 20910
E-mail: w-nws.webmaster@noaa.gov
Page last modified: May 16, 2007
NATIONAL WEATHER SERVICE: for Safety, for Work, for Fun - FOR LIFE