011
CDUS44 KJAN 180818
CLIHBG


CLIMATE REPORT
NATIONAL WEATHER SERVICE JACKSON MS
214 AM CST THU DEC 18 2014


...................................

...THE HATTIESBURG CLIMATE SUMMARY FOR DECEMBER 17 2014...

CLIMATE NORMAL PERIOD 1981 TO 2010
CLIMATE RECORD PERIOD 1948 TO 2014


WEATHER ITEM   OBSERVED TIME   RECORD YEAR NORMAL DEPARTURE LAST
                VALUE   (LST)  VALUE       VALUE  FROM      YEAR
                                                  NORMAL
..................................................................
TEMPERATURE (F)
 YESTERDAY
  MAXIMUM         59    358 PM  82    1971  61     -2       65
  MINIMUM         31    611 AM  18    1960  39     -8       30
  AVERAGE         45                        50     -5       48

PRECIPITATION (IN)
  YESTERDAY        0.00          1.78 1961   0.16  -0.16     0.00
  MONTH TO DATE    0.12                      2.72  -2.60     1.74
  SINCE DEC 1      0.12                      2.72  -2.60     1.74
  SINCE JAN 1     46.23                     56.98 -10.75    63.82

SNOWFALL (IN)
  YESTERDAY        0.0

DEGREE DAYS
 HEATING
  YESTERDAY       20                        15      5       17
  MONTH TO DATE  163                       237    -74      239
  SINCE DEC 1    163                       237    -74      239
  SINCE JUL 1    579                       565     14      606

 COOLING
  YESTERDAY        0                         0      0        0
  MONTH TO DATE    5                        12     -7       22
  SINCE DEC 1      5                        12     -7       22
  SINCE JAN 1   2469                      2402     67     2430
..................................................................


WIND (MPH)
  HIGHEST WIND SPEED     8   HIGHEST WIND DIRECTION     N (350)
  HIGHEST GUST SPEED    10   HIGHEST GUST DIRECTION     N (20)
  AVERAGE WIND SPEED     0.9


SKY COVER
  POSSIBLE SUNSHINE  MM
  AVERAGE SKY COVER 0.0


WEATHER CONDITIONS
 THE FOLLOWING WEATHER WAS RECORDED YESTERDAY.
  NO SIGNIFICANT WEATHER WAS OBSERVED.


RELATIVE HUMIDITY (PERCENT)
 HIGHEST   100           200 AM
 LOWEST     47           400 PM
 AVERAGE    74

..........................................................


THE HATTIESBURG CLIMATE NORMALS FOR TODAY
                         NORMAL    RECORD    YEAR
 MAXIMUM TEMPERATURE (F)   61        78      1995
                                             1984
 MINIMUM TEMPERATURE (F)   39        22      2000


SUNRISE AND SUNSET
DECEMBER 18 2014......SUNRISE   650 AM CST   SUNSET   457 PM CST
DECEMBER 19 2014......SUNRISE   651 AM CST   SUNSET   458 PM CST


-  INDICATES NEGATIVE NUMBERS.
R  INDICATES RECORD WAS SET OR TIED.
MM INDICATES DATA IS MISSING.
T  INDICATES TRACE AMOUNT.




$$





U.S. Dept. of Commerce
NOAA National Weather Service
1325 East West Highway
Silver Spring, MD 20910
E-mail: w-nws.webmaster@noaa.gov
Page last modified: May 16, 2007
NATIONAL WEATHER SERVICE: for Safety, for Work, for Fun - FOR LIFE