171
CDUS44 KJAN 312108
CLIHBG


CLIMATE REPORT
NATIONAL WEATHER SERVICE JACKSON MS
407 PM CDT FRI OCT 31 2014


...................................

...THE HATTIESBURG CLIMATE SUMMARY FOR OCTOBER 31 2014...
VALID TODAY AS OF 0400 PM LOCAL TIME.

CLIMATE NORMAL PERIOD 1981 TO 2010
CLIMATE RECORD PERIOD 1948 TO 2014


WEATHER ITEM   OBSERVED TIME   RECORD YEAR NORMAL DEPARTURE LAST
                VALUE   (LST)  VALUE       VALUE  FROM      YEAR
                                                  NORMAL
..................................................................
TEMPERATURE (F)
 TODAY
  MAXIMUM         73    157 PM  89    1998  75     -2       79
  MINIMUM         43    646 AM  31    1955  49     -6       68
  AVERAGE         58                        62     -4       74

PRECIPITATION (IN)
  TODAY            0.00          3.73 1960   0.10  -0.10     0.58
  MONTH TO DATE    1.50                      3.75  -2.25     1.29
  SINCE SEP 1      7.15                      7.83  -0.68     6.33
  SINCE JAN 1     44.43                     49.99  -5.56    58.50

SNOWFALL (IN)
  TODAY            0.0

DEGREE DAYS
 HEATING
  TODAY            7                         5      2        0
  MONTH TO DATE   45                        75    -30       45
  SINCE SEP 1     45                        75    -30       45
  SINCE JUL 1     45                        75    -30       45

 COOLING
  TODAY            0                         2     -2        9
  MONTH TO DATE  158                       135     23      181
  SINCE SEP 1    583                       491     92      611
  SINCE JAN 1   2462                      2362    100     2390
..................................................................


WIND (MPH)
  HIGHEST WIND SPEED    20   HIGHEST WIND DIRECTION    NW (300)
  HIGHEST GUST SPEED    28   HIGHEST GUST DIRECTION     N (340)
  AVERAGE WIND SPEED     4.2


SKY COVER
  POSSIBLE SUNSHINE  MM
  AVERAGE SKY COVER 0.1


WEATHER CONDITIONS
 THE FOLLOWING WEATHER WAS RECORDED TODAY.
  NO SIGNIFICANT WEATHER WAS OBSERVED.


RELATIVE HUMIDITY (PERCENT)
 HIGHEST    96           500 AM
 LOWEST     38           100 PM
 AVERAGE    67

..........................................................


THE HATTIESBURG CLIMATE NORMALS FOR TOMORROW
                         NORMAL    RECORD    YEAR
 MAXIMUM TEMPERATURE (F)   75        90      1998
 MINIMUM TEMPERATURE (F)   49        28      1993


SUNRISE AND SUNSET
OCTOBER 31 2014.......SUNRISE   712 AM CDT   SUNSET   609 PM CDT
NOVEMBER  1 2014......SUNRISE   713 AM CDT   SUNSET   608 PM CDT


-  INDICATES NEGATIVE NUMBERS.
R  INDICATES RECORD WAS SET OR TIED.
MM INDICATES DATA IS MISSING.
T  INDICATES TRACE AMOUNT.




$$





U.S. Dept. of Commerce
NOAA National Weather Service
1325 East West Highway
Silver Spring, MD 20910
E-mail: w-nws.webmaster@noaa.gov
Page last modified: May 16, 2007
NATIONAL WEATHER SERVICE: for Safety, for Work, for Fun - FOR LIFE