348
CDUS44 KJAN 230807
CLIHBG


CLIMATE REPORT
NATIONAL WEATHER SERVICE JACKSON MS
302 AM CDT SAT AUG 23 2014


...................................

...THE HATTIESBURG CLIMATE SUMMARY FOR AUGUST 22 2014...

CLIMATE NORMAL PERIOD 1981 TO 2010
CLIMATE RECORD PERIOD 1948 TO 2014


WEATHER ITEM   OBSERVED TIME   RECORD YEAR NORMAL DEPARTURE LAST
                VALUE   (LST)  VALUE       VALUE  FROM      YEAR
                                                  NORMAL
..................................................................
TEMPERATURE (F)
 YESTERDAY
  MAXIMUM         98    423 PM 100    2007  92      6       92
                                      2000
  MINIMUM         73    602 AM  56    1956  71      2       71
  AVERAGE         86                        81      5       82

PRECIPITATION (IN)
  YESTERDAY        0.00          2.56 1969   0.16  -0.16     0.00
  MONTH TO DATE    1.03                      3.33  -2.30     3.80
  SINCE JUN 1      8.23                     14.22  -5.99    14.73
  SINCE JAN 1     36.71                     40.76  -4.05    51.94

SNOWFALL (IN)
  YESTERDAY        0.0

DEGREE DAYS
 HEATING
  YESTERDAY        0                         0      0        0
  MONTH TO DATE    0                         0      0        0
  SINCE JUN 1      0                         0      0        0
  SINCE JUL 1      0                         0      0        0

 COOLING
  YESTERDAY       21                        16      5       17
  MONTH TO DATE  390                       370     20      371
  SINCE JUN 1   1336                      1315     21     1309
  SINCE JAN 1   1712                      1730    -18     1651
..................................................................


WIND (MPH)
  HIGHEST WIND SPEED    10   HIGHEST WIND DIRECTION     N (360)
  HIGHEST GUST SPEED    18   HIGHEST GUST DIRECTION    NW (330)
  AVERAGE WIND SPEED     2.3


SKY COVER
  POSSIBLE SUNSHINE  MM
  AVERAGE SKY COVER 0.0


WEATHER CONDITIONS
 THE FOLLOWING WEATHER WAS RECORDED YESTERDAY.
  FOG
  FOG W/VISIBILITY <= 1/4 MILE
  HAZE


RELATIVE HUMIDITY (PERCENT)
 HIGHEST    94           100 AM
 LOWEST     43           200 PM
 AVERAGE    69

..........................................................


THE HATTIESBURG CLIMATE NORMALS FOR TODAY
                         NORMAL    RECORD    YEAR
 MAXIMUM TEMPERATURE (F)   92       101      2007
 MINIMUM TEMPERATURE (F)   71        58      1956


SUNRISE AND SUNSET
AUGUST 23 2014........SUNRISE   628 AM CDT   SUNSET   731 PM CDT
AUGUST 24 2014........SUNRISE   628 AM CDT   SUNSET   730 PM CDT


-  INDICATES NEGATIVE NUMBERS.
R  INDICATES RECORD WAS SET OR TIED.
MM INDICATES DATA IS MISSING.
T  INDICATES TRACE AMOUNT.




$$





U.S. Dept. of Commerce
NOAA National Weather Service
1325 East West Highway
Silver Spring, MD 20910
E-mail: w-nws.webmaster@noaa.gov
Page last modified: May 16, 2007
NATIONAL WEATHER SERVICE: for Safety, for Work, for Fun - FOR LIFE