645
CDUS44 KJAN 190656
CLIHBG


CLIMATE REPORT
NATIONAL WEATHER SERVICE JACKSON MS
152 AM CDT SAT APR 19 2014


...................................

...THE HATTIESBURG CLIMATE SUMMARY FOR APRIL 18 2014...

CLIMATE NORMAL PERIOD 1981 TO 2010
CLIMATE RECORD PERIOD 1948 TO 2014


WEATHER ITEM   OBSERVED TIME   RECORD YEAR NORMAL DEPARTURE LAST
                VALUE   (LST)  VALUE       VALUE  FROM      YEAR
                                                  NORMAL
..................................................................
TEMPERATURE (F)
 YESTERDAY
  MAXIMUM         65    441 PM  93    2006  79    -14       82
  MINIMUM         54   1159 PM  35    1997  53      1       64
  AVERAGE         60                        66     -6       73

PRECIPITATION (IN)
  YESTERDAY        0.54          1.46 1973   0.15   0.39      T
  MONTH TO DATE    4.52                      3.14   1.38     5.91
  SINCE MAR 1     10.89                      8.64   2.25     8.06
  SINCE JAN 1     20.79                     19.77   1.02    26.49

SNOWFALL (IN)
  YESTERDAY        0.0

DEGREE DAYS
 HEATING
  YESTERDAY        5                         2      3        0
  MONTH TO DATE   70                        67      3       51
  SINCE MAR 1    342                       284     58      400
  SINCE JUL 1   2265                      1962    303     1793

 COOLING
  YESTERDAY        0                         3     -3        8
  MONTH TO DATE   30                        44    -14       64
  SINCE MAR 1     39                        77    -38       73
  SINCE JAN 1     56                        92    -36      101
..................................................................


WIND (MPH)
  HIGHEST WIND SPEED    16   HIGHEST WIND DIRECTION     N (20)
  HIGHEST GUST SPEED    23   HIGHEST GUST DIRECTION     N (10)
  AVERAGE WIND SPEED     8.0


SKY COVER
  POSSIBLE SUNSHINE  MM
  AVERAGE SKY COVER 0.8


WEATHER CONDITIONS
 THE FOLLOWING WEATHER WAS RECORDED YESTERDAY.
  HEAVY RAIN
  RAIN
  LIGHT RAIN
  FOG


RELATIVE HUMIDITY (PERCENT)
 HIGHEST    93           200 AM
 LOWEST     73           500 PM
 AVERAGE    83

..........................................................


THE HATTIESBURG CLIMATE NORMALS FOR TODAY
                         NORMAL    RECORD    YEAR
 MAXIMUM TEMPERATURE (F)   79        91      2006
 MINIMUM TEMPERATURE (F)   53        37      2001


SUNRISE AND SUNSET
APRIL 19 2014.........SUNRISE   624 AM CDT   SUNSET   728 PM CDT
APRIL 20 2014.........SUNRISE   623 AM CDT   SUNSET   729 PM CDT


-  INDICATES NEGATIVE NUMBERS.
R  INDICATES RECORD WAS SET OR TIED.
MM INDICATES DATA IS MISSING.
T  INDICATES TRACE AMOUNT.




$$





U.S. Dept. of Commerce
NOAA National Weather Service
1325 East West Highway
Silver Spring, MD 20910
E-mail: w-nws.webmaster@noaa.gov
Page last modified: May 16, 2007
NATIONAL WEATHER SERVICE: for Safety, for Work, for Fun - FOR LIFE