477
CDUS41 KGYX 250806
CLIGYX


CLIMATE REPORT
NATIONAL WEATHER SERVICE GRAY ME
405 AM EDT SAT OCT 25 2014


...................................

...THE GRAY ME CLIMATE SUMMARY FOR OCTOBER 24 2014...

CLIMATE NORMAL PERIOD 1981 TO 2010
CLIMATE RECORD PERIOD 1995 TO 2014


WEATHER ITEM   OBSERVED NORMAL DEPARTURE LAST
                VALUE   VALUE  FROM      YEAR
                               NORMAL
...............................................
TEMPERATURE (F)
 YESTERDAY
  MAXIMUM         50     55     -5       50
  MINIMUM         44     38      6       35
  AVERAGE         47     46      1       43

PRECIPITATION (IN)
  YESTERDAY        0.19   0.17   0.02      T
  MONTH TO DATE    6.40   4.07   2.33     1.28
  SINCE SEP 1      7.46   8.26  -0.80     8.68
  SINCE JAN 1     42.87  39.74   3.13    35.97

SNOWFALL (IN)
  YESTERDAY        0.0    0.0    0.0      0.0
  MONTH TO DATE    0.0    0.0    0.0      0.0
  SINCE SEP 1      0.0    0.0    0.0      0.0
  SINCE JUL 1      0.0    0.0    0.0      0.0
  SNOW DEPTH       0

DEGREE DAYS
 HEATING
  YESTERDAY       18     19     -1       22
  MONTH TO DATE  276    356    -80      250
  SINCE SEP 1    458    524    -66      437
  SINCE JUL 1    472    560    -88      449

 COOLING
  YESTERDAY        0      0      0        0
  MONTH TO DATE    2      0      2        2
  SINCE SEP 1     57     28     29       38
  SINCE JAN 1    369    387    -18      486
...............................................





WEATHER CONDITIONS
 THE FOLLOWING WEATHER WAS RECORDED YESTERDAY.
  NO SIGNIFICANT WEATHER WAS OBSERVED.


..........................................................


THE GRAY ME CLIMATE NORMALS FOR TODAY
                         NORMAL
 MAXIMUM TEMPERATURE (F)   55
 MINIMUM TEMPERATURE (F)   38


SUNRISE AND SUNSET
OCTOBER 25 2014.......SUNRISE   708 AM EDT   SUNSET   541 PM EDT
OCTOBER 26 2014.......SUNRISE   709 AM EDT   SUNSET   540 PM EDT


-  INDICATES NEGATIVE NUMBERS.
R  INDICATES RECORD WAS SET OR TIED.
MM INDICATES DATA IS MISSING.
T  INDICATES TRACE AMOUNT.




$$





U.S. Dept. of Commerce
NOAA National Weather Service
1325 East West Highway
Silver Spring, MD 20910
E-mail: w-nws.webmaster@noaa.gov
Page last modified: May 16, 2007
NATIONAL WEATHER SERVICE: for Safety, for Work, for Fun - FOR LIFE