878
CDUS41 KGYX 150808
CLIGYX


CLIMATE REPORT
NATIONAL WEATHER SERVICE GRAY ME
408 AM EDT TUE APR 15 2014


...................................

...THE GRAY ME CLIMATE SUMMARY FOR APRIL 14 2014...

CLIMATE NORMAL PERIOD 1981 TO 2010
CLIMATE RECORD PERIOD 1995 TO 2014


WEATHER ITEM   OBSERVED NORMAL DEPARTURE LAST
                VALUE   VALUE  FROM      YEAR
                               NORMAL
...............................................
TEMPERATURE (F)
 YESTERDAY
  MAXIMUM         69     53     16       51
  MINIMUM         34     34      0       35
  AVERAGE         52     44      8       43

PRECIPITATION (IN)
  YESTERDAY        0.00   0.15  -0.15      T
  MONTH TO DATE    1.82   2.09  -0.27     1.48
  SINCE MAR 1      5.70   6.26  -0.56     3.58
  SINCE JAN 1     12.69  13.10  -0.41     8.88

SNOWFALL (IN)
  YESTERDAY        0.0    0.2   -0.2      0.0
  MONTH TO DATE    T      3.3   -3.3      0.6
  SINCE MAR 1      7.7   23.2  -15.5     13.1
  SINCE JUL 1     81.8   82.3   -0.5     92.9
  SNOW DEPTH       0

DEGREE DAYS
 HEATING
  YESTERDAY       13     21     -8       22
  MONTH TO DATE  311    337    -26      351
  SINCE MAR 1   1537   1330    207     1306
  SINCE JUL 1   6947   6488    459     6227

 COOLING
  YESTERDAY        0      0      0        0
  MONTH TO DATE    0      0      0        0
  SINCE MAR 1      0      0      0        0
  SINCE JAN 1      0      0      0        0
...............................................





WEATHER CONDITIONS
 THE FOLLOWING WEATHER WAS RECORDED YESTERDAY.
  NO SIGNIFICANT WEATHER WAS OBSERVED.


..........................................................


THE GRAY ME CLIMATE NORMALS FOR TODAY
                         NORMAL
 MAXIMUM TEMPERATURE (F)   53
 MINIMUM TEMPERATURE (F)   35


SUNRISE AND SUNSET
APRIL 15 2014.........SUNRISE   558 AM EDT   SUNSET   725 PM EDT
APRIL 16 2014.........SUNRISE   556 AM EDT   SUNSET   726 PM EDT


-  INDICATES NEGATIVE NUMBERS.
R  INDICATES RECORD WAS SET OR TIED.
MM INDICATES DATA IS MISSING.
T  INDICATES TRACE AMOUNT.




$$





U.S. Dept. of Commerce
NOAA National Weather Service
1325 East West Highway
Silver Spring, MD 20910
E-mail: w-nws.webmaster@noaa.gov
Page last modified: May 16, 2007
NATIONAL WEATHER SERVICE: for Safety, for Work, for Fun - FOR LIFE