036
CDUS41 KGYX 240829
CLIGYX


CLIMATE REPORT
NATIONAL WEATHER SERVICE GRAY ME
429 AM EDT THU JUL 24 2014


...................................

...THE GRAY ME CLIMATE SUMMARY FOR JULY 23 2014...

CLIMATE NORMAL PERIOD 1981 TO 2010
CLIMATE RECORD PERIOD 1995 TO 2014


WEATHER ITEM   OBSERVED NORMAL DEPARTURE LAST
                VALUE   VALUE  FROM      YEAR
                               NORMAL
...............................................
TEMPERATURE (F)
 YESTERDAY
  MAXIMUM         89     80      9       68
  MINIMUM         68     60      8       60
  AVERAGE         79     70      9       64

PRECIPITATION (IN)
  YESTERDAY        0.38   0.13   0.25     0.95
  MONTH TO DATE    4.54   3.29   1.25     2.92
  SINCE JUN 1      7.54   7.59  -0.05     8.92
  SINCE JAN 1     25.89  26.88  -0.99    23.21

SNOWFALL (IN)
  YESTERDAY        0.0    0.0    0.0      0.0
  MONTH TO DATE    0.0    0.0    0.0      0.0
  SINCE JUN 1      0.0    0.0    0.0      0.0
  SINCE JUL 1      0.0    0.0    0.0      0.0
  SNOW DEPTH       0

DEGREE DAYS
 HEATING
  YESTERDAY        0      0      0        1
  MONTH TO DATE    0      7     -7        6
  SINCE JUN 1     74    101    -27       77
  SINCE JUL 1      0      7     -7        6

 COOLING
  YESTERDAY       14      5      9        0
  MONTH TO DATE  146    108     38      193
  SINCE JUN 1    211    173     38      288
  SINCE JAN 1    212    184     28      305
...............................................





WEATHER CONDITIONS
 THE FOLLOWING WEATHER WAS RECORDED YESTERDAY.
  THUNDERSTORM
  RAIN
  LIGHT RAIN


..........................................................


THE GRAY ME CLIMATE NORMALS FOR TODAY
                         NORMAL
 MAXIMUM TEMPERATURE (F)   80
 MINIMUM TEMPERATURE (F)   60


SUNRISE AND SUNSET
JULY 24 2014..........SUNRISE   521 AM EDT   SUNSET   813 PM EDT
JULY 25 2014..........SUNRISE   522 AM EDT   SUNSET   812 PM EDT


-  INDICATES NEGATIVE NUMBERS.
R  INDICATES RECORD WAS SET OR TIED.
MM INDICATES DATA IS MISSING.
T  INDICATES TRACE AMOUNT.




$$





U.S. Dept. of Commerce
NOAA National Weather Service
1325 East West Highway
Silver Spring, MD 20910
E-mail: w-nws.webmaster@noaa.gov
Page last modified: May 16, 2007
NATIONAL WEATHER SERVICE: for Safety, for Work, for Fun - FOR LIFE