798
CDUS41 KGYX 180811
CLIGYX


CLIMATE REPORT
NATIONAL WEATHER SERVICE GRAY ME
410 AM EDT THU SEP 18 2014


...................................

...THE GRAY ME CLIMATE SUMMARY FOR SEPTEMBER 17 2014...

CLIMATE NORMAL PERIOD 1981 TO 2010
CLIMATE RECORD PERIOD 1995 TO 2014


WEATHER ITEM   OBSERVED NORMAL DEPARTURE LAST
                VALUE   VALUE  FROM      YEAR
                               NORMAL
...............................................
TEMPERATURE (F)
 YESTERDAY
  MAXIMUM         65     70     -5       64
  MINIMUM         48     50     -2       39
  AVERAGE         57     60     -3       52

PRECIPITATION (IN)
  YESTERDAY        0.00   0.15  -0.15     0.00
  MONTH TO DATE    0.69   2.25  -1.56     7.07
  SINCE SEP 1      0.69   2.25  -1.56     7.07
  SINCE JAN 1     36.10  33.73   2.37    34.36

SNOWFALL (IN)
  YESTERDAY        0.0    0.0    0.0      0.0
  MONTH TO DATE    0.0    0.0    0.0      0.0
  SINCE SEP 1      0.0    0.0    0.0      0.0
  SINCE JUL 1      0.0    0.0    0.0      0.0
  SNOW DEPTH      MM

DEGREE DAYS
 HEATING
  YESTERDAY        8      6      2       13
  MONTH TO DATE   45     60    -15       83
  SINCE SEP 1     45     60    -15       83
  SINCE JUL 1     59     96    -37       95

 COOLING
  YESTERDAY        0      0      0        0
  MONTH TO DATE   45     25     20       36
  SINCE SEP 1     45     25     20       36
  SINCE JAN 1    357    384    -27      484
...............................................





WEATHER CONDITIONS
 THE FOLLOWING WEATHER WAS RECORDED YESTERDAY.
  NO SIGNIFICANT WEATHER WAS OBSERVED.


..........................................................


THE GRAY ME CLIMATE NORMALS FOR TODAY
                         NORMAL
 MAXIMUM TEMPERATURE (F)   69
 MINIMUM TEMPERATURE (F)   50


SUNRISE AND SUNSET
SEPTEMBER 18 2014.....SUNRISE   624 AM EDT   SUNSET   646 PM EDT
SEPTEMBER 19 2014.....SUNRISE   625 AM EDT   SUNSET   644 PM EDT


-  INDICATES NEGATIVE NUMBERS.
R  INDICATES RECORD WAS SET OR TIED.
MM INDICATES DATA IS MISSING.
T  INDICATES TRACE AMOUNT.




$$





U.S. Dept. of Commerce
NOAA National Weather Service
1325 East West Highway
Silver Spring, MD 20910
E-mail: w-nws.webmaster@noaa.gov
Page last modified: May 16, 2007
NATIONAL WEATHER SERVICE: for Safety, for Work, for Fun - FOR LIFE