202
CDUS41 KGYX 240801
CLIGYX


CLIMATE REPORT
NATIONAL WEATHER SERVICE GRAY ME
401 AM EDT THU APR 24 2014


...................................

...THE GRAY ME CLIMATE SUMMARY FOR APRIL 23 2014...

CLIMATE NORMAL PERIOD 1981 TO 2010
CLIMATE RECORD PERIOD 1995 TO 2014


WEATHER ITEM   OBSERVED NORMAL DEPARTURE LAST
                VALUE   VALUE  FROM      YEAR
                               NORMAL
...............................................
TEMPERATURE (F)
 YESTERDAY
  MAXIMUM         55     57     -2       43
  MINIMUM         43     38      5       29
  AVERAGE         49     47      2       36

PRECIPITATION (IN)
  YESTERDAY        0.03   0.14  -0.11      T
  MONTH TO DATE    2.59   3.36  -0.77     1.72
  SINCE MAR 1      6.47   7.53  -1.06     3.82
  SINCE JAN 1     13.46  14.37  -0.91     9.12

SNOWFALL (IN)
  YESTERDAY        0.0    0.1   -0.1      0.0
  MONTH TO DATE    1.1    4.5   -3.4      0.6
  SINCE MAR 1      8.8   24.4  -15.6     13.1
  SINCE JUL 1     82.9   83.5   -0.6     92.9
  SNOW DEPTH       0

DEGREE DAYS
 HEATING
  YESTERDAY       16     18     -2       29
  MONTH TO DATE  499    510    -11      527
  SINCE MAR 1   1725   1503    222     1482
  SINCE JUL 1   7135   6661    474     6403

 COOLING
  YESTERDAY        0      0      0        0
  MONTH TO DATE    0      0      0        0
  SINCE MAR 1      0      0      0        0
  SINCE JAN 1      0      0      0        0
...............................................





WEATHER CONDITIONS
 THE FOLLOWING WEATHER WAS RECORDED YESTERDAY.
  NO SIGNIFICANT WEATHER WAS OBSERVED.


..........................................................


THE GRAY ME CLIMATE NORMALS FOR TODAY
                         NORMAL
 MAXIMUM TEMPERATURE (F)   57
 MINIMUM TEMPERATURE (F)   38


SUNRISE AND SUNSET
APRIL 24 2014.........SUNRISE   543 AM EDT   SUNSET   736 PM EDT
APRIL 25 2014.........SUNRISE   542 AM EDT   SUNSET   737 PM EDT


-  INDICATES NEGATIVE NUMBERS.
R  INDICATES RECORD WAS SET OR TIED.
MM INDICATES DATA IS MISSING.
T  INDICATES TRACE AMOUNT.




$$





U.S. Dept. of Commerce
NOAA National Weather Service
1325 East West Highway
Silver Spring, MD 20910
E-mail: w-nws.webmaster@noaa.gov
Page last modified: May 16, 2007
NATIONAL WEATHER SERVICE: for Safety, for Work, for Fun - FOR LIFE