546
CDUS41 KGYX 300803
CLIGYX


CLIMATE REPORT
NATIONAL WEATHER SERVICE GRAY ME
403 AM EDT THU OCT 30 2014


...................................

...THE GRAY ME CLIMATE SUMMARY FOR OCTOBER 29 2014...

CLIMATE NORMAL PERIOD 1981 TO 2010
CLIMATE RECORD PERIOD 1995 TO 2014


WEATHER ITEM   OBSERVED NORMAL DEPARTURE LAST
                VALUE   VALUE  FROM      YEAR
                               NORMAL
...............................................
TEMPERATURE (F)
 YESTERDAY
  MAXIMUM         60     53      7       46
  MINIMUM         46     37      9       27
  AVERAGE         53     45      8       37

PRECIPITATION (IN)
  YESTERDAY        0.07   0.15  -0.08     0.00
  MONTH TO DATE    6.30   4.85   1.45     1.29
  SINCE SEP 1      7.36   9.04  -1.68     8.69
  SINCE JAN 1     42.77  40.52   2.25    35.98

SNOWFALL (IN)
  YESTERDAY        0.0    0.0    0.0      0.0
  MONTH TO DATE    0.0    0.1   -0.1      0.0
  SINCE SEP 1      0.0    0.1   -0.1      0.0
  SINCE JUL 1      0.0    0.1   -0.1      0.0
  SNOW DEPTH       0

DEGREE DAYS
 HEATING
  YESTERDAY       12     20     -8       28
  MONTH TO DATE  351    453   -102      369
  SINCE SEP 1    533    621    -88      556
  SINCE JUL 1    547    657   -110      568

 COOLING
  YESTERDAY        0      0      0        0
  MONTH TO DATE    2      0      2        2
  SINCE SEP 1     57     28     29       38
  SINCE JAN 1    369    387    -18      486
...............................................





WEATHER CONDITIONS
 THE FOLLOWING WEATHER WAS RECORDED YESTERDAY.
  NO SIGNIFICANT WEATHER WAS OBSERVED.


..........................................................


THE GRAY ME CLIMATE NORMALS FOR TODAY
                         NORMAL
 MAXIMUM TEMPERATURE (F)   53
 MINIMUM TEMPERATURE (F)   36


SUNRISE AND SUNSET
OCTOBER 30 2014.......SUNRISE   715 AM EDT   SUNSET   534 PM EDT
OCTOBER 31 2014.......SUNRISE   716 AM EDT   SUNSET   533 PM EDT


-  INDICATES NEGATIVE NUMBERS.
R  INDICATES RECORD WAS SET OR TIED.
MM INDICATES DATA IS MISSING.
T  INDICATES TRACE AMOUNT.




$$





U.S. Dept. of Commerce
NOAA National Weather Service
1325 East West Highway
Silver Spring, MD 20910
E-mail: w-nws.webmaster@noaa.gov
Page last modified: May 16, 2007
NATIONAL WEATHER SERVICE: for Safety, for Work, for Fun - FOR LIFE