332
CDUS41 KGYX 290803
CLIGYX


CLIMATE REPORT
NATIONAL WEATHER SERVICE GRAY ME
403 AM EDT TUE JUL 29 2014


...................................

...THE GRAY ME CLIMATE SUMMARY FOR JULY 28 2014...

CLIMATE NORMAL PERIOD 1981 TO 2010
CLIMATE RECORD PERIOD 1995 TO 2014


WEATHER ITEM   OBSERVED NORMAL DEPARTURE LAST
                VALUE   VALUE  FROM      YEAR
                               NORMAL
...............................................
TEMPERATURE (F)
 YESTERDAY
  MAXIMUM         70     80    -10       71
  MINIMUM         60     60      0       59
  AVERAGE         65     70     -5       65

PRECIPITATION (IN)
  YESTERDAY        1.16   0.12   1.04     0.06
  MONTH TO DATE    6.95   3.92   3.03     3.16
  SINCE JUN 1      9.95   8.22   1.73     9.16
  SINCE JAN 1     28.30  27.51   0.79    23.45

SNOWFALL (IN)
  YESTERDAY        0.0    0.0    0.0      0.0
  MONTH TO DATE    0.0    0.0    0.0      0.0
  SINCE JUN 1      0.0    0.0    0.0      0.0
  SINCE JUL 1      0.0    0.0    0.0      0.0
  SNOW DEPTH       0

DEGREE DAYS
 HEATING
  YESTERDAY        0      0      0        0
  MONTH TO DATE    0      7     -7        9
  SINCE JUN 1     74    101    -27       80
  SINCE JUL 1      0      7     -7        9

 COOLING
  YESTERDAY        0      5     -5        0
  MONTH TO DATE  162    133     29      206
  SINCE JUN 1    227    198     29      301
  SINCE JAN 1    228    209     19      318
...............................................





WEATHER CONDITIONS
 THE FOLLOWING WEATHER WAS RECORDED YESTERDAY.
  THUNDERSTORM
  HEAVY RAIN
  RAIN
  LIGHT RAIN


..........................................................


THE GRAY ME CLIMATE NORMALS FOR TODAY
                         NORMAL
 MAXIMUM TEMPERATURE (F)   80
 MINIMUM TEMPERATURE (F)   60


SUNRISE AND SUNSET
JULY 29 2014..........SUNRISE   526 AM EDT   SUNSET   808 PM EDT
JULY 30 2014..........SUNRISE   527 AM EDT   SUNSET   807 PM EDT


-  INDICATES NEGATIVE NUMBERS.
R  INDICATES RECORD WAS SET OR TIED.
MM INDICATES DATA IS MISSING.
T  INDICATES TRACE AMOUNT.




$$





U.S. Dept. of Commerce
NOAA National Weather Service
1325 East West Highway
Silver Spring, MD 20910
E-mail: w-nws.webmaster@noaa.gov
Page last modified: May 16, 2007
NATIONAL WEATHER SERVICE: for Safety, for Work, for Fun - FOR LIFE