900
CDUS41 KGYX 200911
CLIGYX


CLIMATE REPORT
NATIONAL WEATHER SERVICE GRAY ME
410 AM EST SAT DEC 20 2014


...................................

...THE GRAY ME CLIMATE SUMMARY FOR DECEMBER 19 2014...

CLIMATE NORMAL PERIOD 1981 TO 2010
CLIMATE RECORD PERIOD 1995 TO 2014


WEATHER ITEM   OBSERVED TIME   RECORD YEAR NORMAL DEPARTURE LAST
                VALUE   (LST)  VALUE       VALUE  FROM      YEAR
                                                  NORMAL
..................................................................
TEMPERATURE (F)
 YESTERDAY
  MAXIMUM         34        MM  MM      MM  34      0       31
  MINIMUM         24        MM  MM      MM  19      5       19
  AVERAGE         29                        26      3       25

PRECIPITATION (IN)
  YESTERDAY        0.00         MM      MM   0.12  -0.12     0.00
  MONTH TO DATE    4.50                      2.61   1.89     2.07
  SINCE DEC 1      4.50                      2.61   1.89     2.07
  SINCE JAN 1     51.13                     48.77   2.36    42.65

SNOWFALL (IN)
  YESTERDAY        0.0          MM      MM   0.7   -0.7      0.0
  MONTH TO DATE    5.7                      10.0   -4.3     19.8
  SINCE DEC 1      5.7                      10.0   -4.3     19.8
  SINCE JUL 1     20.7                      13.1    7.6     20.9
  SNOW DEPTH       1

DEGREE DAYS
 HEATING
  YESTERDAY       36                        39     -3       40
  MONTH TO DATE  675                       682     -7      816
  SINCE DEC 1    675                       682     -7      816
  SINCE JUL 1   2125                      2179    -54     2287

 COOLING
  YESTERDAY        0                         0      0        0
  MONTH TO DATE    0                         0      0        0
  SINCE DEC 1      0                         0      0        0
  SINCE JAN 1    369                       389    -20      486
..................................................................







THE GRAY ME CLIMATE NORMALS FOR TODAY
                         NORMAL
 MAXIMUM TEMPERATURE (F)   34
 MINIMUM TEMPERATURE (F)   18


SUNRISE AND SUNSET
DECEMBER 20 2014......SUNRISE   712 AM EST   SUNSET   406 PM EST
DECEMBER 21 2014......SUNRISE   712 AM EST   SUNSET   406 PM EST


-  INDICATES NEGATIVE NUMBERS.
R  INDICATES RECORD WAS SET OR TIED.
MM INDICATES DATA IS MISSING.
T  INDICATES TRACE AMOUNT.




$$





U.S. Dept. of Commerce
NOAA National Weather Service
1325 East West Highway
Silver Spring, MD 20910
E-mail: w-nws.webmaster@noaa.gov
Page last modified: May 16, 2007
NATIONAL WEATHER SERVICE: for Safety, for Work, for Fun - FOR LIFE