245
CDUS41 KGYX 210801
CLIGYX


CLIMATE REPORT
NATIONAL WEATHER SERVICE GRAY ME
400 AM EDT TUE OCT 21 2014


...................................

...THE GRAY ME CLIMATE SUMMARY FOR OCTOBER 20 2014...

CLIMATE NORMAL PERIOD 1981 TO 2010
CLIMATE RECORD PERIOD 1995 TO 2014


WEATHER ITEM   OBSERVED NORMAL DEPARTURE LAST
                VALUE   VALUE  FROM      YEAR
                               NORMAL
...............................................
TEMPERATURE (F)
 YESTERDAY
  MAXIMUM         54     57     -3       61
  MINIMUM         34     39     -5       43
  AVERAGE         44     48     -4       52

PRECIPITATION (IN)
  YESTERDAY        0.00   0.18  -0.18     0.05
  MONTH TO DATE    3.42   3.36   0.06     1.25
  SINCE SEP 1      4.48   7.55  -3.07     8.65
  SINCE JAN 1     39.89  39.03   0.86    35.94

SNOWFALL (IN)
  YESTERDAY        0.0    0.0    0.0      0.0
  MONTH TO DATE    0.0    0.0    0.0      0.0
  SINCE SEP 1      0.0    0.0    0.0      0.0
  SINCE JUL 1      0.0    0.0    0.0      0.0
  SNOW DEPTH       0

DEGREE DAYS
 HEATING
  YESTERDAY       21     17      4       13
  MONTH TO DATE  201    283    -82      180
  SINCE SEP 1    383    451    -68      367
  SINCE JUL 1    397    487    -90      379

 COOLING
  YESTERDAY        0      0      0        0
  MONTH TO DATE    2      0      2        2
  SINCE SEP 1     57     28     29       38
  SINCE JAN 1    369    387    -18      486
...............................................





WEATHER CONDITIONS
 THE FOLLOWING WEATHER WAS RECORDED YESTERDAY.
  NO SIGNIFICANT WEATHER WAS OBSERVED.


..........................................................


THE GRAY ME CLIMATE NORMALS FOR TODAY
                         NORMAL
 MAXIMUM TEMPERATURE (F)   56
 MINIMUM TEMPERATURE (F)   39


SUNRISE AND SUNSET
OCTOBER 21 2014.......SUNRISE   703 AM EDT   SUNSET   548 PM EDT
OCTOBER 22 2014.......SUNRISE   704 AM EDT   SUNSET   546 PM EDT


-  INDICATES NEGATIVE NUMBERS.
R  INDICATES RECORD WAS SET OR TIED.
MM INDICATES DATA IS MISSING.
T  INDICATES TRACE AMOUNT.




$$





U.S. Dept. of Commerce
NOAA National Weather Service
1325 East West Highway
Silver Spring, MD 20910
E-mail: w-nws.webmaster@noaa.gov
Page last modified: May 16, 2007
NATIONAL WEATHER SERVICE: for Safety, for Work, for Fun - FOR LIFE